{"id":52,"date":"2018-05-13T17:03:49","date_gmt":"2018-05-13T17:03:49","guid":{"rendered":"https:\/\/clubdepoesia.com\/yudimiclingonzalez\/?page_id=52"},"modified":"2018-05-13T17:18:40","modified_gmt":"2018-05-13T17:18:40","slug":"poesia","status":"publish","type":"page","link":"https:\/\/clubdepoesia.com\/yudimiclingonzalez\/poesia\/","title":{"rendered":"Poes\u00eda"},"content":{"rendered":"<div class=\"wpb-content-wrapper\">[vc_row][vc_column extend=&#8221;false&#8221;][vc_column_text css=&#8221;.vc_custom_1526231243351{margin-top: -30000px !important;}&#8221;]\n<h1><strong><em><u>Poes\u00eda del libro DE LA SOLEDAD AL VERSO de YUDI MICL\u00cdN GONZ\u00c1LEZ. La escritora nos da una muestra tras publicar un libro.<\/u><\/em><\/strong><\/h1>\n<h2><strong><em><u>Poes\u00eda del libro DE LA SOLEDAD AL VERSO de YUDI MICL\u00cdN GONZ\u00c1LEZ. El poeta nos da una muestra tras publicar un libro.<\/u><\/em><\/strong><\/h2>\n<h3><strong><em><u>Poes\u00eda del libro DE LA SOLEDAD AL VERSO de YUDI MICL\u00cdN GONZ\u00c1LEZ. El autor nos da una muestra tras publicar un libro.<\/u><\/em><\/strong><\/h3>\n<h4><strong><em><u><img fetchpriority=\"high\" decoding=\"async\" class=\"aligncenter size-full wp-image-31\" src=\"https:\/\/clubdepoesia.com\/yudimiclingonzalez\/files\/2018\/05\/book4delasoledadalverso.png\" alt=\"\" width=\"839\" height=\"794\" srcset=\"https:\/\/clubdepoesia.com\/yudimiclingonzalez\/files\/2018\/05\/book4delasoledadalverso.png 839w, https:\/\/clubdepoesia.com\/yudimiclingonzalez\/files\/2018\/05\/book4delasoledadalverso-300x284.png 300w, https:\/\/clubdepoesia.com\/yudimiclingonzalez\/files\/2018\/05\/book4delasoledadalverso-768x727.png 768w\" sizes=\"(max-width: 839px) 100vw, 839px\" \/>Poes\u00eda del libro DE LA SOLEDAD AL VERSO de YUDI MICL\u00cdN GONZ\u00c1LEZ. El autor nos da una muestra tras publicar un libro.<\/u><\/em><\/strong><\/h4>\n<h5><strong><em><u>Poes\u00eda del libro DE LA SOLEDAD AL VERSO de YUDI MICL\u00cdN GONZ\u00c1LEZ. El autor nos da una muestra tras publicar un libro.<\/u><\/em><\/strong><\/h5>\n[\/vc_column_text][\/vc_column][\/vc_row][vc_row][vc_column extend=&#8221;false&#8221;]<div class='gambit_parallax_row' data-bg-align='' data-direction='fixed' data-opacity='100' data-velocity='-0.3' data-mobile-enabled='' data-bg-height='768' data-bg-width='1152' data-bg-image='https:\/\/clubdepoesia.com\/yudimiclingonzalez\/files\/2018\/05\/Fotolia_201184969_L-1152768.jpg' data-bg-repeat='false' data-id='' style='display: none'><\/div><div class=\"gambit_fullheight_row\" data-content-location=\"center\" style=\"display: none\"><\/div>[\/vc_column][\/vc_row][vc_row][vc_column extend=&#8221;false&#8221;][vc_column_text]\n<h1><a name=\"_Toc512503027\"><\/a><\/h1>\n<h1><a name=\"_Toc512786004\"><\/a><strong>Miedo<\/strong><\/h1>\n<p>&nbsp;<\/p>\n<p>Tengo miedo de ti, de tenerte y a la vez de perderte,<\/p>\n<p>temor de deambular por tus fotos en mi mente,<\/p>\n<p>de perderme en tu mar o en tu cielo abierto,<\/p>\n<p>gritando en las penumbras de mi habitaci\u00f3n tu nombre,<\/p>\n<p>ese nombre que a diario acaricio en mis pensamientos.<\/p>\n<p>El sonido de tus pasos por mi mundo,<\/p>\n<p>ha encendido la hoguera de deseos<\/p>\n<p>hasta\u00a0 hoy guardados en el volc\u00e1n de mis sue\u00f1os<\/p>\n<p>donde me habitas cada noche, alimentando<\/p>\n<p>como la furia de un hurac\u00e1n mis miedos,<\/p>\n<p>no de tu fantasma o de tu \u00e1ngel encarnado en mi delirio<\/p>\n<p>sino ese miedo de perderme en tu abismo<\/p>\n<p>sin poder encontrarme otra vez en este lugar donde te amo<\/p>\n<p>cada noche, el \u00fanico sitio donde eres m\u00edo sin preguntas,<\/p>\n<p>sin por qu\u00e9, sin ma\u00f1anas.<\/p>\n<p>&nbsp;<\/p>\n<p>&nbsp;<\/p>\n<p>&nbsp;<\/p>\n<span class='bctt-click-to-tweet'><span class='bctt-ctt-text'><a href='https:\/\/x.com\/intent\/tweet?url=https%3A%2F%2Fclubdepoesia.com%2Fyudimiclingonzalez%2Fpoesia%2F&#038;text=MIEDO%20del%20libro%20DE%20LA%20SOLEDAD%20AL%20VERSO%20de%20YUDI%20MICL%C3%8DN%20GONZ%C3%81LEZ&#038;via=poesiaerestu&#038;related=poesiaerestu' target='_blank'rel=\"noopener noreferrer\">MIEDO del libro DE LA SOLEDAD AL VERSO de YUDI MICL\u00cdN GONZ\u00c1LEZ <\/a><\/span><a href='https:\/\/x.com\/intent\/tweet?url=https%3A%2F%2Fclubdepoesia.com%2Fyudimiclingonzalez%2Fpoesia%2F&#038;text=MIEDO%20del%20libro%20DE%20LA%20SOLEDAD%20AL%20VERSO%20de%20YUDI%20MICL%C3%8DN%20GONZ%C3%81LEZ&#038;via=poesiaerestu&#038;related=poesiaerestu' target='_blank' class='bctt-ctt-btn'rel=\"noopener noreferrer\">Compartir en X<\/a><\/span>[\/vc_column_text][\/vc_column][\/vc_row][vc_row][vc_column extend=&#8221;false&#8221;]<div class='gambit_parallax_row' data-bg-align='' data-direction='fixed' data-opacity='100' data-velocity='-0.3' data-mobile-enabled='' data-bg-height='480' data-bg-width='720' data-bg-image='https:\/\/clubdepoesia.com\/yudimiclingonzalez\/files\/2018\/05\/034-5x8-Wine-Bottle-Glass-Drama-Mockup-COVERVAULT-720480.jpg' data-bg-repeat='false' data-id='' style='display: none'><\/div><div class=\"gambit_fullheight_row\" data-content-location=\"center\" style=\"display: none\"><\/div>[\/vc_column][\/vc_row][vc_row][vc_column extend=&#8221;false&#8221;][vc_column_text]\n<h1><a name=\"_Toc512503036\"><\/a><\/h1>\n<h1><a name=\"_Toc512786009\"><\/a><strong>A ti, mi peque\u00f1a<\/strong><\/h1>\n<p>&nbsp;<\/p>\n<p>Cuando pienso en ti me llegan recuerdos<\/p>\n<p>de nuestra ni\u00f1ez,<\/p>\n<p>la visible diferencia de dos seres que ni aun<\/p>\n<p>unidos por la hermandad se asemejan;<\/p>\n<p>yo como la luz, tu como la sombra,<\/p>\n<p>sin darnos cuenta que a veces la similitud<\/p>\n<p>se acomoda en el alma.<\/p>\n<p>Yo encerrada en mis libros, t\u00fa estruendosa,<\/p>\n<p>enmarcada en tu af\u00e1n de dominar el mundo,<\/p>\n<p>yo queriendo parecerme a ti,<\/p>\n<p>t\u00fa queriendo ser igual que yo, sin saber a plenitud<\/p>\n<p>cuanto de com\u00fan nos une.<\/p>\n<p>&nbsp;<\/p>\n<p>Cuando pienso en ti, llegas a mi mente peque\u00f1a<\/p>\n<p>pero fuerte como un roble, ocultando detr\u00e1s de tu furia<\/p>\n<p>esa dulzura que solo yo conozco despu\u00e9s<\/p>\n<p>de tantas veces que observando las nubes<\/p>\n<p>no coincid\u00edamos con la misma figura,<\/p>\n<p>junto con nuestras carcajadas me di cuenta<\/p>\n<p>que es el amor lo que nos une y nos asemeja.<\/p>\n<p>&nbsp;<\/p>\n<p>Cuando pienso en ti, recuerdo aquel mundo de cristal,<\/p>\n<p>producto de mi fantas\u00eda, historias guardadas en tus ojos<\/p>\n<p>y en tu mente de ni\u00f1a, quisiera contarte un cuento,<\/p>\n<p>pero s\u00e9 que ya no habr\u00e1 asombro en tu mirada;<\/p>\n<p>aunque muy pronto volveremos a estar cerca,<\/p>\n<p>se me hace urgente que sepas,<\/p>\n<p>que no hay nada m\u00e1s hermoso en este universo,<\/p>\n<p>que saberme tu hermana y tu mejor amiga.<\/p>\n<h1><strong>\u00a0<\/strong><\/h1>\n<p>&nbsp;<\/p>\n<span class='bctt-click-to-tweet'><span class='bctt-ctt-text'><a href='https:\/\/x.com\/intent\/tweet?url=https%3A%2F%2Fclubdepoesia.com%2Fyudimiclingonzalez%2Fpoesia%2F&#038;text=A%20ti%2C%20mi%20peque%C3%B1a%20del%20libro%20DE%20LA%20SOLEDAD%20AL%20VERSO%20de%20YUDI%20MICL%C3%8DN%20GONZ%C3%81LEZ&#038;via=poesiaerestu&#038;related=poesiaerestu' target='_blank'rel=\"noopener noreferrer\">A ti, mi peque\u00f1a del libro DE LA SOLEDAD AL VERSO de YUDI MICL\u00cdN GONZ\u00c1LEZ <\/a><\/span><a href='https:\/\/x.com\/intent\/tweet?url=https%3A%2F%2Fclubdepoesia.com%2Fyudimiclingonzalez%2Fpoesia%2F&#038;text=A%20ti%2C%20mi%20peque%C3%B1a%20del%20libro%20DE%20LA%20SOLEDAD%20AL%20VERSO%20de%20YUDI%20MICL%C3%8DN%20GONZ%C3%81LEZ&#038;via=poesiaerestu&#038;related=poesiaerestu' target='_blank' class='bctt-ctt-btn'rel=\"noopener noreferrer\">Compartir en X<\/a><\/span>[\/vc_column_text][\/vc_column][\/vc_row][vc_row][vc_column extend=&#8221;false&#8221;]<div class='gambit_parallax_row' data-bg-align='' data-direction='fixed' data-opacity='100' data-velocity='-0.3' data-mobile-enabled='' data-bg-height='480' data-bg-width='720' data-bg-image='https:\/\/clubdepoesia.com\/yudimiclingonzalez\/files\/2018\/05\/078-5x8-Book-Romantic-Stone-Steps-COVERVAULT-720480.jpg' data-bg-repeat='false' data-id='' style='display: none'><\/div><div class=\"gambit_fullheight_row\" data-content-location=\"center\" style=\"display: none\"><\/div>[\/vc_column][\/vc_row][vc_row][vc_column extend=&#8221;false&#8221;][vc_column_text]\n<h1><a name=\"_Toc512503044\"><\/a><\/h1>\n<h1><a name=\"_Toc512786036\"><\/a><strong>En tu nombre<\/strong><\/h1>\n<p>&nbsp;<\/p>\n<p>Dicen que llorar limpia el alma,<\/p>\n<p>es por eso que creo que la m\u00eda debe<\/p>\n<p>de estar tan clara como una ma\u00f1ana de abril,<\/p>\n<p>y a pesar de todo lloro, lloro y me deshago<\/p>\n<p>ante tu presencia.<\/p>\n<p>&nbsp;<\/p>\n<p>Yo ando absorta en el deseo de olvidar lo pasado,<\/p>\n<p>intentando liberarte de esos fantasmas<\/p>\n<p>que se alimentan de tus pensamientos,<\/p>\n<p>pero ah\u00ed est\u00e1s t\u00fa, abrazando los demonios<\/p>\n<p>de tu propio furor.<\/p>\n<p>&nbsp;<\/p>\n<p>D\u00e9jame decirte que no se es culpable<\/p>\n<p>si no existimos en el segundo de la culpa,<\/p>\n<p>ni en el minuto del perd\u00f3n, los errores persisten,<\/p>\n<p>pero las heridas, quedar\u00e1n cicatrizadas<\/p>\n<p>en el momento en que expire el dolor.<\/p>\n<p>&nbsp;<\/p>\n<p>Yo s\u00e9 que el futuro nos traer\u00e1 la respuesta<\/p>\n<p>que calmar\u00e1 todas nuestras penas,<\/p>\n<p>para que t\u00fa y yo juntos bajo el cielo azul<\/p>\n<p>sellemos este cap\u00edtulo con la mejor sonrisa<\/p>\n<p>dejando todo lo pasado olvidado en el ayer,<\/p>\n<p>&nbsp;<\/p>\n<p>lloremos pues de alegr\u00eda infinita<\/p>\n<p>porque nuestras l\u00e1grimas no ser\u00e1n<\/p>\n<p>el desgarro de nuestras conciencias<\/p>\n<p>sino el triunfo hecho amor en nuestros corazones.<\/p>\n<h1><strong>\u00a0<\/strong><\/h1>\n<p>&nbsp;<\/p>\n<span class='bctt-click-to-tweet'><span class='bctt-ctt-text'><a href='https:\/\/x.com\/intent\/tweet?url=https%3A%2F%2Fclubdepoesia.com%2Fyudimiclingonzalez%2Fpoesia%2F&#038;text=En%20tu%20nombre%20del%20libro%20DE%20LA%20SOLEDAD%20AL%20VERSO%20de%20YUDI%20MICL%C3%8DN%20GONZ%C3%81LEZ&#038;via=poesiaerestu&#038;related=poesiaerestu' target='_blank'rel=\"noopener noreferrer\">En tu nombre del libro DE LA SOLEDAD AL VERSO de YUDI MICL\u00cdN GONZ\u00c1LEZ <\/a><\/span><a href='https:\/\/x.com\/intent\/tweet?url=https%3A%2F%2Fclubdepoesia.com%2Fyudimiclingonzalez%2Fpoesia%2F&#038;text=En%20tu%20nombre%20del%20libro%20DE%20LA%20SOLEDAD%20AL%20VERSO%20de%20YUDI%20MICL%C3%8DN%20GONZ%C3%81LEZ&#038;via=poesiaerestu&#038;related=poesiaerestu' target='_blank' class='bctt-ctt-btn'rel=\"noopener noreferrer\">Compartir en X<\/a><\/span>[\/vc_column_text][\/vc_column][\/vc_row][vc_row][vc_column extend=&#8221;false&#8221;]<div class='gambit_parallax_row' data-bg-align='' data-direction='fixed' data-opacity='100' data-velocity='-0.3' data-mobile-enabled='' data-bg-height='480' data-bg-width='720' data-bg-image='https:\/\/clubdepoesia.com\/yudimiclingonzalez\/files\/2018\/05\/arteffis-book-library-mockup-720480.jpg' data-bg-repeat='false' data-id='' style='display: none'><\/div><div class=\"gambit_fullheight_row\" data-content-location=\"center\" style=\"display: none\"><\/div>[\/vc_column][\/vc_row][vc_row][vc_column extend=&#8221;false&#8221;][vc_column_text]\n<h1><a name=\"_Toc507948196\"><\/a><\/h1>\n<h1><a name=\"_Toc509157648\"><\/a><\/h1>\n<h1><a name=\"_Toc512503067\"><\/a><\/h1>\n<h1><a name=\"_Toc512786045\"><\/a><strong>Mirada en colores<\/strong><\/h1>\n<p>&nbsp;<\/p>\n<p>M\u00edrame con tu mirada azul y reg\u00e1lame<\/p>\n<p>el cielo escondido detr\u00e1s de tus pupilas<\/p>\n<p>llenas de regocijo y de dudas,<\/p>\n<p>en ese color magn\u00edfico que consuela<\/p>\n<p>y nos devuelve la paz.<\/p>\n<p>&nbsp;<\/p>\n<p>M\u00edrame con tus miradas marrones y reg\u00e1lame<\/p>\n<p>la tierra de donde brotan los reto\u00f1os, f\u00e9rtil y<\/p>\n<p>virgen, llena de deseos de ver sus frutos crecer<\/p>\n<p>para convertirse en el alimento de los tr\u00f3picos.<\/p>\n<p>&nbsp;<\/p>\n<p>No hay manera de apartar esas miradas de mis sue\u00f1os,<\/p>\n<p>calladas y tiernas en una perfecta constelaci\u00f3n<\/p>\n<p>de colores, dos maneras exacta de iluminar mi vida;<\/p>\n<p>mi luna, mi sol, agua bendita; del carmelita al verde<\/p>\n<p>junto con el amarillo y el rojo, anunciando la llegada<\/p>\n<p>de la primavera ,en el para\u00edso devastado de mi soledad.<\/p>\n<h1><strong>\u00a0<\/strong><\/h1>\n<h1><\/h1>\n<span class='bctt-click-to-tweet'><span class='bctt-ctt-text'><a href='https:\/\/x.com\/intent\/tweet?url=https%3A%2F%2Fclubdepoesia.com%2Fyudimiclingonzalez%2Fpoesia%2F&#038;text=Mirada%20de%20colores%20del%20libro%20DE%20LA%20SOLEDAD%20AL%20VERSO%20de%20YUDI%20MICL%C3%8DN%20GONZ%C3%81LEZ&#038;via=poesiaerestu&#038;related=poesiaerestu' target='_blank'rel=\"noopener noreferrer\">Mirada de colores del libro DE LA SOLEDAD AL VERSO de YUDI MICL\u00cdN GONZ\u00c1LEZ <\/a><\/span><a href='https:\/\/x.com\/intent\/tweet?url=https%3A%2F%2Fclubdepoesia.com%2Fyudimiclingonzalez%2Fpoesia%2F&#038;text=Mirada%20de%20colores%20del%20libro%20DE%20LA%20SOLEDAD%20AL%20VERSO%20de%20YUDI%20MICL%C3%8DN%20GONZ%C3%81LEZ&#038;via=poesiaerestu&#038;related=poesiaerestu' target='_blank' class='bctt-ctt-btn'rel=\"noopener noreferrer\">Compartir en X<\/a><\/span>[\/vc_column_text][\/vc_column][\/vc_row][vc_row][vc_column extend=&#8221;false&#8221;]<div class='gambit_parallax_row' data-bg-align='' data-direction='fixed' data-opacity='100' data-velocity='-0.3' data-mobile-enabled='' data-bg-height='480' data-bg-width='663' data-bg-image='https:\/\/clubdepoesia.com\/yudimiclingonzalez\/files\/2018\/05\/Indoor-Advertising-Poster-MockUp-663480.jpg' data-bg-repeat='false' data-id='' style='display: none'><\/div><div class=\"gambit_fullheight_row\" data-content-location=\"center\" style=\"display: none\"><\/div>[\/vc_column][\/vc_row][vc_row][vc_column extend=&#8221;false&#8221;][vc_column_text css=&#8221;.vc_custom_1526231243351{margin-top: -30000px !important;}&#8221;]\n<h1><strong><em><u>Poes\u00eda del libro DE LA SOLEDAD AL VERSO de YUDI MICL\u00cdN GONZ\u00c1LEZ. La escritora nos da una muestra tras publicar un libro.<\/u><\/em><\/strong><\/h1>\n<h2><strong><em><u>Poes\u00eda del libro DE LA SOLEDAD AL VERSO de YUDI MICL\u00cdN GONZ\u00c1LEZ. El poeta nos da una muestra tras publicar un libro.<\/u><\/em><\/strong><\/h2>\n<h3><strong><em><u>Poes\u00eda del libro DE LA SOLEDAD AL VERSO de YUDI MICL\u00cdN GONZ\u00c1LEZ. El autor nos da una muestra tras publicar un libro.<\/u><\/em><\/strong><\/h3>\n<h4><strong><em><u><img fetchpriority=\"high\" decoding=\"async\" class=\"aligncenter size-full wp-image-31\" src=\"https:\/\/clubdepoesia.com\/yudimiclingonzalez\/files\/2018\/05\/book4delasoledadalverso.png\" alt=\"\" width=\"839\" height=\"794\" srcset=\"https:\/\/clubdepoesia.com\/yudimiclingonzalez\/files\/2018\/05\/book4delasoledadalverso.png 839w, https:\/\/clubdepoesia.com\/yudimiclingonzalez\/files\/2018\/05\/book4delasoledadalverso-300x284.png 300w, https:\/\/clubdepoesia.com\/yudimiclingonzalez\/files\/2018\/05\/book4delasoledadalverso-768x727.png 768w\" sizes=\"(max-width: 839px) 100vw, 839px\" \/>Poes\u00eda del libro DE LA SOLEDAD AL VERSO de YUDI MICL\u00cdN GONZ\u00c1LEZ. El autor nos da una muestra tras publicar un libro.<\/u><\/em><\/strong><\/h4>\n<h5><strong><em><u>Poes\u00eda del libro DE LA SOLEDAD AL VERSO de YUDI MICL\u00cdN GONZ\u00c1LEZ. El autor nos da una muestra tras publicar un libro.<\/u><\/em><\/strong><\/h5>\n[\/vc_column_text][\/vc_column][\/vc_row]\n<\/div>","protected":false},"excerpt":{"rendered":"<p>[vc_row][vc_column extend=&#8221;false&#8221;][vc_column_text css=&#8221;.vc_custom_1526231243351{margin-top: -30000px !important;}&#8221;] Poes\u00eda del libro DE LA SOLEDAD AL VERSO de YUDI MICL\u00cdN GONZ\u00c1LEZ. La escritora nos da una muestra tras publicar un libro. Poes\u00eda del libro DE LA SOLEDAD AL VERSO de YUDI MICL\u00cdN GONZ\u00c1LEZ. El poeta nos da una muestra tras publicar un libro. Poes\u00eda del libro DE LA SOLEDAD [&hellip;]<\/p>\n","protected":false},"author":24,"featured_media":0,"parent":0,"menu_order":3,"comment_status":"closed","ping_status":"closed","template":"","meta":{"footnotes":"","_links_to":"","_links_to_target":""},"class_list":["post-52","page","type-page","status-publish","hentry"],"_links":{"self":[{"href":"https:\/\/clubdepoesia.com\/yudimiclingonzalez\/wp-json\/wp\/v2\/pages\/52","targetHints":{"allow":["GET"]}}],"collection":[{"href":"https:\/\/clubdepoesia.com\/yudimiclingonzalez\/wp-json\/wp\/v2\/pages"}],"about":[{"href":"https:\/\/clubdepoesia.com\/yudimiclingonzalez\/wp-json\/wp\/v2\/types\/page"}],"author":[{"embeddable":true,"href":"https:\/\/clubdepoesia.com\/yudimiclingonzalez\/wp-json\/wp\/v2\/users\/24"}],"replies":[{"embeddable":true,"href":"https:\/\/clubdepoesia.com\/yudimiclingonzalez\/wp-json\/wp\/v2\/comments?post=52"}],"version-history":[{"count":0,"href":"https:\/\/clubdepoesia.com\/yudimiclingonzalez\/wp-json\/wp\/v2\/pages\/52\/revisions"}],"wp:attachment":[{"href":"https:\/\/clubdepoesia.com\/yudimiclingonzalez\/wp-json\/wp\/v2\/media?parent=52"}],"curies":[{"name":"wp","href":"https:\/\/api.w.org\/{rel}","templated":true}]}}