{"id":13,"date":"2014-04-12T20:06:26","date_gmt":"2014-04-12T20:06:26","guid":{"rendered":"http:\/\/clubdepoesia.com\/victoriatorresvillasevil\/?page_id=13"},"modified":"2014-04-12T20:10:50","modified_gmt":"2014-04-12T20:10:50","slug":"entre-la-miel-y-la-hiel","status":"publish","type":"page","link":"https:\/\/clubdepoesia.com\/victoriatorresvillasevil\/entre-la-miel-y-la-hiel\/","title":{"rendered":"ENTRE LA MIEL Y LA HIEL"},"content":{"rendered":"[intense_animated type=&#8221;fadeInDownBig&#8221; trigger=&#8221;scroll&#8221; scroll_percent=&#8221;10&#8243; delay=&#8221;1000&#8243;]<b><a href=\"http:\/\/clubdepoesia.com\/victoriatorresvillasevil\/files\/2014\/04\/book5.png\"><img fetchpriority=\"high\" decoding=\"async\" class=\"alignleft size-medium wp-image-7\" alt=\"book5\" src=\"http:\/\/clubdepoesia.com\/victoriatorresvillasevil\/files\/2014\/04\/book5-300x286.png\" width=\"300\" height=\"286\" srcset=\"https:\/\/clubdepoesia.com\/victoriatorresvillasevil\/files\/2014\/04\/book5-300x286.png 300w, https:\/\/clubdepoesia.com\/victoriatorresvillasevil\/files\/2014\/04\/book5.png 855w\" sizes=\"(max-width: 300px) 100vw, 300px\" \/><\/a>[\/intense_animated]\n[intense_animated type=&#8221;fadeInDownBig&#8221; trigger=&#8221;scroll&#8221; scroll_percent=&#8221;10&#8243; delay=&#8221;1500&#8243;]\nT\u00edtulo:<\/b> ENTRE LA MIEL Y LA HIEL<\/p>\n<p><b>Autor:<\/b> Victoria TORRES VILLASEVIL<\/p>\n<p>A\u00f1o de Publicaci\u00f3n: 2014<\/p>\n<p>Colecci\u00f3n: Poes\u00eda eres t\u00fa<\/p>\n<p>ISBN-13: <i>978-84-15006-82-4<\/i><\/p>\n<p>Editorial: Poes\u00eda eres t\u00fa<\/p>\n<p><a href=\"http:\/\/www.poesiaerestu.com\/\">http:\/\/www.poesiaerestu.com<\/a><\/p>\n<p>PVP:12 Euros (IVA Incluido).<\/p>\n[\/intense_animated]<b>\u00a0<\/b><\/p>\n<p><b>\u00a0<\/b><\/p>\n<p><b>\u00a0<\/b><\/p>\n<p><b>\u00a0[intense_animated type=&#8221;fadeInDownBig&#8221; trigger=&#8221;scroll&#8221; scroll_percent=&#8221;10&#8243; delay=&#8221;2000&#8243;]<\/b><\/p>\n<p>&nbsp;<\/p>\n<p><b>RESE\u00d1A:<\/b><\/p>\n<p>&nbsp;<\/p>\n<p>Mi obra, &#8220;Entre la miel y la hiel&#8221;, marca una etapa de mi vida de cruce de destinos, donde el infortunio ante lo inevitable, vuelve a abrir cicatrices ya cerradas. Intento transmitir un sentimiento de esperanza a trav\u00e9s de sus versos de amor, pues es lo \u00fanico capaz de hacer resurgir renovadas ilusiones. Hay un antes y un despu\u00e9s, un sabor amargo en los versos por un dolor transido, y un dulce regusto a miel por aquellos a los que m\u00e1s amo. No deja de ser una mirada hacia el interior del alma, donde no existen dobleces, pero desde la \u00f3ptica del amor m\u00e1s puro y la humildad que da el coraz\u00f3n cuando ha sufrido.<\/p>\n[\/intense_animated]\n","protected":false},"excerpt":{"rendered":"<p>[intense_animated type=&#8221;fadeInDownBig&#8221; trigger=&#8221;scroll&#8221; scroll_percent=&#8221;10&#8243; delay=&#8221;1000&#8243;][\/intense_animated] [intense_animated type=&#8221;fadeInDownBig&#8221; trigger=&#8221;scroll&#8221; scroll_percent=&#8221;10&#8243; delay=&#8221;1500&#8243;] T\u00edtulo: ENTRE LA MIEL Y LA HIEL Autor: Victoria TORRES VILLASEVIL A\u00f1o de Publicaci\u00f3n: 2014 Colecci\u00f3n: Poes\u00eda eres t\u00fa ISBN-13: 978-84-15006-82-4 Editorial: Poes\u00eda eres t\u00fa http:\/\/www.poesiaerestu.com PVP:12 Euros (IVA Incluido). [\/intense_animated]\u00a0 \u00a0 \u00a0 \u00a0[intense_animated type=&#8221;fadeInDownBig&#8221; trigger=&#8221;scroll&#8221; scroll_percent=&#8221;10&#8243; delay=&#8221;2000&#8243;] &nbsp; RESE\u00d1A: &nbsp; Mi obra, &#8220;Entre la [&hellip;]<\/p>\n","protected":false},"author":1,"featured_media":0,"parent":0,"menu_order":2,"comment_status":"open","ping_status":"open","template":"","meta":{"footnotes":"","_links_to":"","_links_to_target":""},"class_list":["post-13","page","type-page","status-publish","hentry"],"_links":{"self":[{"href":"https:\/\/clubdepoesia.com\/victoriatorresvillasevil\/wp-json\/wp\/v2\/pages\/13","targetHints":{"allow":["GET"]}}],"collection":[{"href":"https:\/\/clubdepoesia.com\/victoriatorresvillasevil\/wp-json\/wp\/v2\/pages"}],"about":[{"href":"https:\/\/clubdepoesia.com\/victoriatorresvillasevil\/wp-json\/wp\/v2\/types\/page"}],"author":[{"embeddable":true,"href":"https:\/\/clubdepoesia.com\/victoriatorresvillasevil\/wp-json\/wp\/v2\/users\/1"}],"replies":[{"embeddable":true,"href":"https:\/\/clubdepoesia.com\/victoriatorresvillasevil\/wp-json\/wp\/v2\/comments?post=13"}],"version-history":[{"count":0,"href":"https:\/\/clubdepoesia.com\/victoriatorresvillasevil\/wp-json\/wp\/v2\/pages\/13\/revisions"}],"wp:attachment":[{"href":"https:\/\/clubdepoesia.com\/victoriatorresvillasevil\/wp-json\/wp\/v2\/media?parent=13"}],"curies":[{"name":"wp","href":"https:\/\/api.w.org\/{rel}","templated":true}]}}