{"id":53,"date":"2018-11-04T17:46:44","date_gmt":"2018-11-04T17:46:44","guid":{"rendered":"https:\/\/clubdepoesia.com\/veronicamicle\/?page_id=53"},"modified":"2018-11-04T18:14:14","modified_gmt":"2018-11-04T18:14:14","slug":"poesia","status":"publish","type":"page","link":"https:\/\/clubdepoesia.com\/veronicamicle\/poesia\/","title":{"rendered":"Poes\u00eda"},"content":{"rendered":"<div class=\"wpb-content-wrapper\">[vc_row][vc_column extend=&#8221;false&#8221;][vc_column_text css=&#8221;.vc_custom_1541318805240{margin-top: -30000px !important;}&#8221;]\n<h1><strong><em><u>Poes\u00eda del libro ANTOLOG\u00cdA PO\u00c9TICA de Ver\u00f3nica Micle. El escritor nos da una muestra tras publicar un libro.<\/u><\/em><\/strong><\/h1>\n<h2><strong><em><u><img fetchpriority=\"high\" decoding=\"async\" class=\"alignleft size-medium wp-image-26\" src=\"https:\/\/clubdepoesia.com\/veronicamicle\/files\/2018\/11\/0_PortadaVeronicaMicle-211x300.jpg\" alt=\"\" width=\"211\" height=\"300\" srcset=\"https:\/\/clubdepoesia.com\/veronicamicle\/files\/2018\/11\/0_PortadaVeronicaMicle-211x300.jpg 211w, https:\/\/clubdepoesia.com\/veronicamicle\/files\/2018\/11\/0_PortadaVeronicaMicle.jpg 559w\" sizes=\"(max-width: 211px) 100vw, 211px\" \/>Poes\u00eda del libro ANTOLOG\u00cdA PO\u00c9TICA de Ver\u00f3nica Micle El poeta nos da una muestra tras publicar un libro.<\/u><\/em><\/strong><\/h2>\n<h3><strong><em><u>Poes\u00eda del libro ANTOLOG\u00cdA PO\u00c9TICA de Ver\u00f3nica Micle El autor nos da una muestra tras publicar un libro.<\/u><\/em><\/strong><\/h3>\n<h4><strong><em><u>Poes\u00eda del libro ANTOLOG\u00cdA PO\u00c9TICA de Ver\u00f3nica Micle El autor nos da una muestra tras publicar un libro.<\/u><\/em><\/strong><\/h4>\n<h5><strong><em><u>Poes\u00eda del libro ANTOLOG\u00cdA PO\u00c9TICA de Ver\u00f3nica Micle El autor nos da una muestra tras publicar un libro.<\/u><\/em><\/strong><\/h5>\n[\/vc_column_text][\/vc_column][\/vc_row][vc_row][vc_column extend=&#8221;false&#8221;]<div class='gambit_parallax_row' data-bg-align='' data-direction='fixed' data-opacity='100' data-velocity='-0.3' data-mobile-enabled='' data-bg-height='480' data-bg-width='705' data-bg-image='https:\/\/clubdepoesia.com\/veronicamicle\/files\/2018\/11\/technology-3200401_1920-705480.jpg' data-bg-repeat='false' data-id='' style='display: none'><\/div><div class=\"gambit_fullheight_row\" data-content-location=\"center\" style=\"display: none\"><\/div>[\/vc_column][\/vc_row][vc_row][vc_column extend=&#8221;false&#8221;][vc_column_text]\n<h1><a name=\"_Toc526524168\"><\/a><\/h1>\n<h1><a name=\"_Toc527027537\"><\/a><strong>Vete<\/strong><\/h1>\n<p>&nbsp;<\/p>\n<p>\u201cVete\u201d te digo, pues mi mente<\/p>\n<p>presagia solo males.<\/p>\n<p>\u201cNo te vayas\u201d susurra misteriosamente<\/p>\n<p>mi alma y este anhelo.<\/p>\n<p>&nbsp;<\/p>\n<p>T\u00fa conoces cu\u00e1nto amor<\/p>\n<p>guardo para ti,<\/p>\n<p>y despu\u00e9s, c\u00f3mo con palabras vanas<\/p>\n<p>siempre te alejo de m\u00ed.<\/p>\n<p>&nbsp;<\/p>\n<p>Y no sabes qu\u00e9 creer<\/p>\n<p>si las palabras dichas<\/p>\n<p>o en el amor que nunca cesa<\/p>\n<p>que lees en mi mirada.<\/p>\n<p>&nbsp;<\/p>\n<p>\u00a1Ay! Y yo perpleja<\/p>\n<p>esforz\u00e1ndome estoy para entender<\/p>\n<p>pues no s\u00e9 qu\u00e9 ser\u00eda mejor:<\/p>\n<p>\u00bfEscuchar la mente o el coraz\u00f3n?<\/p>\n<p>&nbsp;<\/p>\n<p>&nbsp;<\/p>\n<span class='bctt-click-to-tweet'><span class='bctt-ctt-text'><a href='https:\/\/x.com\/intent\/tweet?url=https%3A%2F%2Fclubdepoesia.com%2Fveronicamicle%2Fpoesia%2F&#038;text=VETE%C2%A0del%20libro%20ANTOLOG%C3%8DA%20PO%C3%89TICA%20de%20Ver%C3%B3nica%20Micle&#038;via=poesiaerestu&#038;related=poesiaerestu' target='_blank'rel=\"noopener noreferrer\">VETE&nbsp;del libro ANTOLOG\u00cdA PO\u00c9TICA de Ver\u00f3nica Micle <\/a><\/span><a href='https:\/\/x.com\/intent\/tweet?url=https%3A%2F%2Fclubdepoesia.com%2Fveronicamicle%2Fpoesia%2F&#038;text=VETE%C2%A0del%20libro%20ANTOLOG%C3%8DA%20PO%C3%89TICA%20de%20Ver%C3%B3nica%20Micle&#038;via=poesiaerestu&#038;related=poesiaerestu' target='_blank' class='bctt-ctt-btn'rel=\"noopener noreferrer\">Compartir en X<\/a><\/span>[\/vc_column_text][\/vc_column][\/vc_row][vc_row][vc_column extend=&#8221;false&#8221;]<div class='gambit_parallax_row' data-bg-align='' data-direction='fixed' data-opacity='100' data-velocity='-0.3' data-mobile-enabled='' data-bg-height='480' data-bg-width='722' data-bg-image='https:\/\/clubdepoesia.com\/veronicamicle\/files\/2018\/11\/0_paper-2598053_1920-722480.jpg' data-bg-repeat='false' data-id='' style='display: none'><\/div><div class=\"gambit_fullheight_row\" data-content-location=\"center\" style=\"display: none\"><\/div>[\/vc_column][\/vc_row][vc_row][vc_column extend=&#8221;false&#8221;][vc_column_text]\n<h1><a name=\"_Toc527027540\"><\/a><strong>Cuando en la profundidad de la noche<\/strong><\/h1>\n<p>&nbsp;<\/p>\n<p>Cuando en la profundidad de la noche hay paz, silencio,<\/p>\n<p>cuando el dulce c\u00e9firo suavemente duerme en las ramas,<\/p>\n<p>y la luna que viaja en el claro cielo<\/p>\n<p>es la \u00fanica vigilia en la durmiente naturaleza,<\/p>\n<p>&nbsp;<\/p>\n<p>entonces mi alma muerta de tanto anhelo,<\/p>\n<p>ingeniosamente, sin reposo vigila incesante,<\/p>\n<p>con el gran ruido del d\u00eda por siempre irreconciliable,<\/p>\n<p>el mudo silencio de la noche le gusta escuchar.<\/p>\n<p>&nbsp;<\/p>\n<p>\u00bfQu\u00e9 escucha ella entonces cuando yo no escucho nada?<\/p>\n<p>No lo s\u00e9, pero en mi pecho una dulce delicadeza siento<\/p>\n<p>y el horizonte me parece reducido y angosto,<\/p>\n<p>este mundo gigante, insignificante, peque\u00f1o.<\/p>\n<p>&nbsp;<\/p>\n<p>Despu\u00e9s, siguiendo con entra\u00f1able anhelo el rayo del mundo<\/p>\n<p>me adentro junto a \u00e9l en este largo sin fin.<\/p>\n<p>Y un instante mi alma del mundo apartada<\/p>\n<p>en dulces esferas, serenas se cierne felizmente.<\/p>\n<p>&nbsp;<\/p>\n<p>Y en la hora de paz, de la santa tranquilidad<\/p>\n<p>el ser que tanto quiero en el mundo te encuentro.<\/p>\n<p>Como nunca, entonces yo te glorifico,<\/p>\n<p>hacia ti se inclina mi pensamiento<\/p>\n<p>&nbsp;<\/p>\n<p>y en los cielos el misterio profundo y divino<\/p>\n<p>que en mi mente parece que lo incluyo<\/p>\n<p>para entenderlo mejor yo los ojos cierro,<\/p>\n<p>y entonces veo que mi coraz\u00f3n est\u00e1 lleno de ti.<\/p>\n<p>&nbsp;<\/p>\n<p>&nbsp;<\/p>\n<p>&nbsp;<\/p>\n<span class='bctt-click-to-tweet'><span class='bctt-ctt-text'><a href='https:\/\/x.com\/intent\/tweet?url=https%3A%2F%2Fclubdepoesia.com%2Fveronicamicle%2Fpoesia%2F&#038;text=Cuando%20en%20la%20profundidad%20de%20la%20noche%20del%20libro%20ANTOLOG%C3%8DA%20PO%C3%89TICA%20de%20Ver%C3%B3nica%20Micle&#038;via=poesiaerestu&#038;related=poesiaerestu' target='_blank'rel=\"noopener noreferrer\">Cuando en la profundidad de la noche del libro ANTOLOG\u00cdA PO\u00c9TICA de Ver\u00f3nica Micle <\/a><\/span><a href='https:\/\/x.com\/intent\/tweet?url=https%3A%2F%2Fclubdepoesia.com%2Fveronicamicle%2Fpoesia%2F&#038;text=Cuando%20en%20la%20profundidad%20de%20la%20noche%20del%20libro%20ANTOLOG%C3%8DA%20PO%C3%89TICA%20de%20Ver%C3%B3nica%20Micle&#038;via=poesiaerestu&#038;related=poesiaerestu' target='_blank' class='bctt-ctt-btn'rel=\"noopener noreferrer\">Compartir en X<\/a><\/span>[\/vc_column_text][\/vc_column][\/vc_row][vc_row][vc_column extend=&#8221;false&#8221;]<div class='gambit_parallax_row' data-bg-align='' data-direction='fixed' data-opacity='100' data-velocity='-0.3' data-mobile-enabled='' data-bg-height='480' data-bg-width='837' data-bg-image='https:\/\/clubdepoesia.com\/veronicamicle\/files\/2018\/11\/0_book-1659717_1920-837480.jpg' data-bg-repeat='false' data-id='' style='display: none'><\/div><div class=\"gambit_fullheight_row\" data-content-location=\"center\" style=\"display: none\"><\/div>[\/vc_column][\/vc_row][vc_row][vc_column extend=&#8221;false&#8221;][vc_column_text]\n<h1><a name=\"_Toc527027545\"><\/a><strong>El \u00faltimo sue\u00f1o<\/strong><\/h1>\n<p>&nbsp;<\/p>\n<p>\u00a1Oh, mi sue\u00f1o m\u00e1s glorioso<\/p>\n<p>bello como el \u00faltimo<\/p>\n<p>as\u00ed de dulce te has aparecido<\/p>\n<p>pero te has apagado al final!<\/p>\n<p>&nbsp;<\/p>\n<p>Pues desde hace mucho tiempo que puse<\/p>\n<p>guarda a mi coraz\u00f3n,<\/p>\n<p>y mucho m\u00e1s que cuando dije<\/p>\n<p>no creer en el amor.<\/p>\n<p>&nbsp;<\/p>\n<p>Y demasiado tarde para encender<\/p>\n<p>hoy al amor una antorcha,<\/p>\n<p>y en mi mente incluir<\/p>\n<p>una dulce locura.<\/p>\n<p>&nbsp;<\/p>\n<p>Bastante que un momento lo amaba,<\/p>\n<p>en otro momento lo anhelaba,<\/p>\n<p>ap\u00e1gate sue\u00f1o, tal y como apareciste<\/p>\n<p>apag\u00e1ndome tambi\u00e9n el amor.<\/p>\n<p>&nbsp;<\/p>\n<span class='bctt-click-to-tweet'><span class='bctt-ctt-text'><a href='https:\/\/x.com\/intent\/tweet?url=https%3A%2F%2Fclubdepoesia.com%2Fveronicamicle%2Fpoesia%2F&#038;text=El%20%C3%BAltimo%20sue%C3%B1o%20de%20ANTOLOG%C3%8DA%20PO%C3%89TICA%20de%20Ver%C3%B3nica%20Micle&#038;via=poesiaerestu&#038;related=poesiaerestu' target='_blank'rel=\"noopener noreferrer\">El \u00faltimo sue\u00f1o de ANTOLOG\u00cdA PO\u00c9TICA de Ver\u00f3nica Micle <\/a><\/span><a href='https:\/\/x.com\/intent\/tweet?url=https%3A%2F%2Fclubdepoesia.com%2Fveronicamicle%2Fpoesia%2F&#038;text=El%20%C3%BAltimo%20sue%C3%B1o%20de%20ANTOLOG%C3%8DA%20PO%C3%89TICA%20de%20Ver%C3%B3nica%20Micle&#038;via=poesiaerestu&#038;related=poesiaerestu' target='_blank' class='bctt-ctt-btn'rel=\"noopener noreferrer\">Compartir en X<\/a><\/span>[\/vc_column_text][\/vc_column][\/vc_row][vc_row][vc_column extend=&#8221;false&#8221;]<div class='gambit_parallax_row' data-bg-align='' data-direction='fixed' data-opacity='100' data-velocity='-0.3' data-mobile-enabled='' data-bg-height='480' data-bg-width='640' data-bg-image='https:\/\/clubdepoesia.com\/veronicamicle\/files\/2018\/11\/0_writing-1209121_1920-640480.jpg' data-bg-repeat='false' data-id='' style='display: none'><\/div><div class=\"gambit_fullheight_row\" data-content-location=\"center\" style=\"display: none\"><\/div>[\/vc_column][\/vc_row][vc_row][vc_column extend=&#8221;false&#8221;][vc_column_text]\n<h1><a name=\"_Toc527027554\"><\/a><strong>Odio y amor<\/strong><\/h1>\n<p>&nbsp;<\/p>\n<p>Odio y amor ahora tengo de ti.<\/p>\n<p>La insignificancia de mi vida ser\u00e1 profusa.<\/p>\n<p>Te pagu\u00e9 el amor con l\u00e1grimas y suspiros\u2026<\/p>\n<p>con que me recompensar\u00e1 tu irreconciliable odio\u2026<\/p>\n<p>&nbsp;<\/p>\n<p>Si t\u00fa deseas que siga llorando por ti<\/p>\n<p>y eternamente destrozado ver mi coraz\u00f3n<\/p>\n<p>de una agon\u00eda sin l\u00edmites y dolor profundo,<\/p>\n<p>con la voz sin ira dime que me olvidar\u00e1s.<\/p>\n<h1>&nbsp;<\/h1>\n<span class='bctt-click-to-tweet'><span class='bctt-ctt-text'><a href='https:\/\/x.com\/intent\/tweet?url=https%3A%2F%2Fclubdepoesia.com%2Fveronicamicle%2Fpoesia%2F&#038;text=Odio%20y%20amor%C2%A0del%20libro%20ANTOLOG%C3%8DA%20PO%C3%89TICA%20de%20Ver%C3%B3nica%20Micle&#038;via=poesiaerestu&#038;related=poesiaerestu' target='_blank'rel=\"noopener noreferrer\">Odio y amor&nbsp;del libro ANTOLOG\u00cdA PO\u00c9TICA de Ver\u00f3nica Micle <\/a><\/span><a href='https:\/\/x.com\/intent\/tweet?url=https%3A%2F%2Fclubdepoesia.com%2Fveronicamicle%2Fpoesia%2F&#038;text=Odio%20y%20amor%C2%A0del%20libro%20ANTOLOG%C3%8DA%20PO%C3%89TICA%20de%20Ver%C3%B3nica%20Micle&#038;via=poesiaerestu&#038;related=poesiaerestu' target='_blank' class='bctt-ctt-btn'rel=\"noopener noreferrer\">Compartir en X<\/a><\/span>[\/vc_column_text][\/vc_column][\/vc_row][vc_row][vc_column extend=&#8221;false&#8221;]<div class='gambit_parallax_row' data-bg-align='' data-direction='fixed' data-opacity='100' data-velocity='-0.3' data-mobile-enabled='' data-bg-height='1688' data-bg-width='1125' data-bg-image='https:\/\/clubdepoesia.com\/veronicamicle\/files\/2018\/11\/Fotolia_55963550_M_Sketh.jpg' data-bg-repeat='false' data-id='' style='display: none'><\/div><div class=\"gambit_fullheight_row\" data-content-location=\"center\" style=\"display: none\"><\/div>[vc_column_text]\n<p style=\"text-align: center;\"><a class=\"fasc-button fasc-size-xlarge fasc-type-glossy fasc-rounded-medium\" style=\"background-color: #33809e; color: #ffffff;\" href=\"https:\/\/librodepoesia.com\/producto\/antologia-poetica-veronica-micle\/\">Comprar el libro<\/a><\/p>\n[\/vc_column_text][\/vc_column][\/vc_row][vc_row][vc_column extend=&#8221;false&#8221;][vc_column_text css=&#8221;.vc_custom_1541108977889{margin-top: -30000px !important;}&#8221;]\n<h1><strong><em><u>Poes\u00eda del libro ANTOLOG\u00cdA PO\u00c9TICA de Ver\u00f3nica Micle. El escritor nos da una muestra tras publicar un libro.<\/u><\/em><\/strong><\/h1>\n<h2><strong><em><u><img decoding=\"async\" class=\"alignleft size-medium wp-image-46\" src=\"https:\/\/clubdepoesia.com\/veronicamicle\/files\/2018\/11\/CubiertaVeronicaMicle4-211x300.jpg\" alt=\"\" width=\"211\" height=\"300\" srcset=\"https:\/\/clubdepoesia.com\/veronicamicle\/files\/2018\/11\/CubiertaVeronicaMicle4-211x300.jpg 211w, https:\/\/clubdepoesia.com\/veronicamicle\/files\/2018\/11\/CubiertaVeronicaMicle4.jpg 559w\" sizes=\"(max-width: 211px) 100vw, 211px\" \/>Poes\u00eda del libro ANTOLOG\u00cdA PO\u00c9TICA de Ver\u00f3nica Micle El poeta nos da una muestra tras publicar un libro.<\/u><\/em><\/strong><\/h2>\n<h3><strong><em><u>Poes\u00eda del libro ANTOLOG\u00cdA PO\u00c9TICA de Ver\u00f3nica Micle El autor nos da una muestra tras publicar un libro.<\/u><\/em><\/strong><\/h3>\n<h4><strong><em><u>Poes\u00eda del libro ANTOLOG\u00cdA PO\u00c9TICA de Ver\u00f3nica Micle El autor nos da una muestra tras publicar un libro.<\/u><\/em><\/strong><\/h4>\n<h5><strong><em><u>Poes\u00eda del libro ANTOLOG\u00cdA PO\u00c9TICA de Ver\u00f3nica Micle El autor nos da una muestra tras publicar un libro.<\/u><\/em><\/strong><\/h5>\n[\/vc_column_text][\/vc_column][\/vc_row]\n<\/div>","protected":false},"excerpt":{"rendered":"<p>[vc_row][vc_column extend=&#8221;false&#8221;][vc_column_text css=&#8221;.vc_custom_1541318805240{margin-top: -30000px !important;}&#8221;] Poes\u00eda del libro ANTOLOG\u00cdA PO\u00c9TICA de Ver\u00f3nica Micle. El escritor nos da una muestra tras publicar un libro. Poes\u00eda del libro ANTOLOG\u00cdA PO\u00c9TICA de Ver\u00f3nica Micle El poeta nos da una muestra tras publicar un libro. Poes\u00eda del libro ANTOLOG\u00cdA PO\u00c9TICA de Ver\u00f3nica Micle El autor nos da una muestra [&hellip;]<\/p>\n","protected":false},"author":24,"featured_media":0,"parent":0,"menu_order":3,"comment_status":"closed","ping_status":"closed","template":"","meta":{"footnotes":"","_links_to":"","_links_to_target":""},"class_list":["post-53","page","type-page","status-publish","hentry"],"_links":{"self":[{"href":"https:\/\/clubdepoesia.com\/veronicamicle\/wp-json\/wp\/v2\/pages\/53","targetHints":{"allow":["GET"]}}],"collection":[{"href":"https:\/\/clubdepoesia.com\/veronicamicle\/wp-json\/wp\/v2\/pages"}],"about":[{"href":"https:\/\/clubdepoesia.com\/veronicamicle\/wp-json\/wp\/v2\/types\/page"}],"author":[{"embeddable":true,"href":"https:\/\/clubdepoesia.com\/veronicamicle\/wp-json\/wp\/v2\/users\/24"}],"replies":[{"embeddable":true,"href":"https:\/\/clubdepoesia.com\/veronicamicle\/wp-json\/wp\/v2\/comments?post=53"}],"version-history":[{"count":0,"href":"https:\/\/clubdepoesia.com\/veronicamicle\/wp-json\/wp\/v2\/pages\/53\/revisions"}],"wp:attachment":[{"href":"https:\/\/clubdepoesia.com\/veronicamicle\/wp-json\/wp\/v2\/media?parent=53"}],"curies":[{"name":"wp","href":"https:\/\/api.w.org\/{rel}","templated":true}]}}