{"id":108,"date":"2016-12-26T18:38:43","date_gmt":"2016-12-26T18:38:43","guid":{"rendered":"http:\/\/clubdepoesia.com\/selenamarreroplaza\/?page_id=108"},"modified":"2016-12-31T17:08:23","modified_gmt":"2016-12-31T17:08:23","slug":"poemas","status":"publish","type":"page","link":"https:\/\/clubdepoesia.com\/selenamarreroplaza\/poemas\/","title":{"rendered":"Poemas"},"content":{"rendered":"<div class=\"wpb-content-wrapper\">[vc_row extend=&#8221;false&#8221; css_animation=&#8221;&#8221; vcop_row_name=&#8221;&#8221; vcop_row_wrapper_active=&#8221;off&#8221; vcop_row_wrapper_value=&#8221;&#8221; type_background=&#8221;parallax&#8221; vcop_parallax_image=&#8221;&#8221; type_video=&#8221;local&#8221; vcop_video_url=&#8221;&#8221; vcop_video_youtube_sound=&#8221;false&#8221; vcop_video_vimeo_id=&#8221;&#8221; vcop_video_vimeo_sound=&#8221;90&#8243; vcop_video_local_sound=&#8221;&#8221; vcop_video_image_cover=&#8221;off&#8221; vcop_video_image_cover_upload=&#8221;&#8221; vcop_slide_images=&#8221;&#8221; background_pattern=&#8221;off&#8221; background_pattern_type=&#8221;image&#8221; background_pattern_image=&#8221;d-assault&#8221; background_pattern_color=&#8221;#FC615D&#8221; background_pattern_image_opacity=&#8221;&#8221; background_pattern_padding_active=&#8221;off&#8221; background_pattern_padding_left=&#8221;&#8221; vcop_height_row=&#8221;vcop_normal&#8221; vcop_padding=&#8221;vcop_padding_default&#8221; vcop_align_text=&#8221;vcop_align_default&#8221; responsive_mode=&#8221;false&#8221; bg_type=&#8221;&#8221; bg_grad=&#8221;&#8221; bg_color_value=&#8221;&#8221; parallax_style=&#8221;&#8221; bg_image_new=&#8221;&#8221; layer_image=&#8221;&#8221; bg_image_repeat=&#8221;&#8221; bg_image_size=&#8221;&#8221; bg_cstm_size=&#8221;&#8221; bg_img_attach=&#8221;&#8221; parallax_sense=&#8221;&#8221; bg_image_posiiton=&#8221;&#8221; animation_direction=&#8221;&#8221; animation_repeat=&#8221;&#8221; video_url=&#8221;&#8221; video_url_2=&#8221;&#8221; u_video_url=&#8221;&#8221; video_opts=&#8221;loop&#8221; video_poster=&#8221;&#8221; u_start_time=&#8221;&#8221; u_stop_time=&#8221;&#8221; viewport_vdo=&#8221;&#8221; enable_controls=&#8221;&#8221; controls_color=&#8221;&#8221; bg_override=&#8221;&#8221; disable_on_mobile_img_parallax=&#8221;&#8221; parallax_content=&#8221;&#8221; parallax_content_sense=&#8221;&#8221; fadeout_row=&#8221;&#8221; fadeout_start_effect=&#8221;&#8221; enable_overlay=&#8221;&#8221; overlay_color=&#8221;&#8221; overlay_pattern=&#8221;&#8221; overlay_pattern_opacity=&#8221;&#8221; overlay_pattern_size=&#8221;&#8221; overlay_pattern_attachment=&#8221;&#8221; multi_color_overlay=&#8221;uvc-multi-color-bg&#8221; multi_color_overlay_opacity=&#8221;&#8221; seperator_enable=&#8221;&#8221; seperator_type=&#8221;&#8221; seperator_position=&#8221;&#8221; seperator_shape_size=&#8221;&#8221; seperator_svg_height=&#8221;&#8221; seperator_shape_background=&#8221;&#8221; seperator_shape_border=&#8221;&#8221; seperator_shape_border_color=&#8221;&#8221; seperator_shape_border_width=&#8221;&#8221; icon_type=&#8221;&#8221; icon=&#8221;&#8221; icon_size=&#8221;&#8221; icon_color=&#8221;&#8221; icon_style=&#8221;&#8221; icon_color_bg=&#8221;&#8221; icon_border_style=&#8221;&#8221; icon_color_border=&#8221;&#8221; icon_border_size=&#8221;&#8221; icon_border_radius=&#8221;&#8221; icon_border_spacing=&#8221;&#8221; icon_img=&#8221;&#8221; img_width=&#8221;&#8221; ult_hide_row=&#8221;&#8221; ult_hide_row_large_screen=&#8221;&#8221; ult_hide_row_desktop=&#8221;&#8221; ult_hide_row_tablet=&#8221;&#8221; ult_hide_row_tablet_small=&#8221;&#8221; ult_hide_row_mobile=&#8221;&#8221; ult_hide_row_mobile_large=&#8221;&#8221; notification=&#8221;&#8221; preset=&#8221;&#8221; content_preset=&#8221;&#8221; toggle_divider=&#8221;&#8221; toggle_enable=&#8221;true&#8221; toggle_state=&#8221;closed&#8221; toggle_stretch=&#8221;true&#8221; toggle_effect=&#8221;none&#8221; toggle_font_divider=&#8221;&#8221; toggle_font_preset=&#8221;&#8221; toggle_font_color=&#8221;&#8221; toggle_font_size=&#8221;&#8221; toggle_font_line_height=&#8221;&#8221; toggle_font_transform=&#8221;&#8221; toggle_font_align=&#8221;&#8221; toggle_title=&#8221;&#8221; toggle_background_divider=&#8221;&#8221; toggle_background_type=&#8221;color&#8221; toggle_background_image=&#8221;&#8221; toggle_background_position=&#8221;middle-center&#8221; toggle_background_image_size=&#8221;large&#8221; toggle_background_color=&#8221;&#8221; toggle_background_repeat=&#8221;no-repeat&#8221; toggle_background_size=&#8221;initial&#8221; toggle_background_gradient=&#8221;#83bae3||#80e0d4||0;100||180||linear&#8221; toggle_border_divider=&#8221;&#8221; toggle_border_all=&#8221;&#8221; toggle_border_top=&#8221;&#8221; toggle_border_right=&#8221;&#8221; toggle_border_bottom=&#8221;&#8221; toggle_border_left=&#8221;&#8221; toggle_border_style=&#8221;&#8221; toggle_border_color=&#8221;&#8221; toggle_border_css=&#8221;&#8221; toggle_border_radius=&#8221;&#8221; toggle_padding_divider=&#8221;&#8221; toggle_padding_all=&#8221;&#8221; toggle_padding_top=&#8221;&#8221; toggle_padding_right=&#8221;&#8221; toggle_padding_bottom=&#8221;&#8221; toggle_padding_left=&#8221;&#8221; toggle_padding_unit=&#8221;px&#8221; toggle_padding_css=&#8221;&#8221; toggle_margin_divider=&#8221;&#8221; toggle_margin_all=&#8221;&#8221; toggle_margin_top=&#8221;&#8221; toggle_margin_right=&#8221;&#8221; toggle_margin_bottom=&#8221;&#8221; toggle_margin_left=&#8221;&#8221; toggle_margin_unit=&#8221;px&#8221; toggle_margin_css=&#8221;&#8221; toggle_icon_divider=&#8221;&#8221; toggle_icon_type=&#8221;icon&#8221; toggle_icon=&#8221;&#8221; toggle_icon_preset=&#8221;&#8221; toggle_icon_character=&#8221;&#8221; toggle_icon_image_size=&#8221;thumbnail&#8221; toggle_icon_image=&#8221;&#8221; toggle_icon_color=&#8221;&#8221; toggle_icon_size=&#8221;&#8221; toggle_icon_position=&#8221;title-left&#8221; toggle_icon_background_divider=&#8221;&#8221; toggle_icon_background_type=&#8221;color&#8221; toggle_icon_background_image=&#8221;&#8221; toggle_icon_background_position=&#8221;middle-center&#8221; toggle_icon_background_image_size=&#8221;large&#8221; toggle_icon_background_color=&#8221;&#8221; toggle_icon_background_repeat=&#8221;no-repeat&#8221; toggle_icon_background_size=&#8221;initial&#8221; toggle_icon_background_gradient=&#8221;#83bae3||#80e0d4||0;100||180||linear&#8221; toggle_icon_border_divider=&#8221;&#8221; toggle_icon_border_all=&#8221;&#8221; toggle_icon_border_top=&#8221;&#8221; toggle_icon_border_right=&#8221;&#8221; toggle_icon_border_bottom=&#8221;&#8221; toggle_icon_border_left=&#8221;&#8221; toggle_icon_border_style=&#8221;&#8221; toggle_icon_border_color=&#8221;&#8221; toggle_icon_border_css=&#8221;&#8221; toggle_icon_border_radius=&#8221;&#8221; toggle_icon_padding_divider=&#8221;&#8221; toggle_icon_padding_all=&#8221;&#8221; toggle_icon_padding_top=&#8221;&#8221; toggle_icon_padding_right=&#8221;&#8221; toggle_icon_padding_bottom=&#8221;&#8221; toggle_icon_padding_left=&#8221;&#8221; toggle_icon_padding_unit=&#8221;px&#8221; toggle_icon_padding_css=&#8221;&#8221; toggle_icon_margin_divider=&#8221;&#8221; toggle_icon_margin_all=&#8221;&#8221; toggle_icon_margin_top=&#8221;&#8221; toggle_icon_margin_right=&#8221;&#8221; toggle_icon_margin_bottom=&#8221;&#8221; toggle_icon_margin_left=&#8221;&#8221; toggle_icon_margin_unit=&#8221;px&#8221; toggle_icon_margin_css=&#8221;&#8221; hover_toggle_font_divider=&#8221;&#8221; hover_toggle_font_color=&#8221;&#8221; hover_toggle_font_size=&#8221;&#8221; hover_toggle_font_align=&#8221;&#8221; hover_toggle_title=&#8221;&#8221; hover_toggle_background_divider=&#8221;&#8221; hover_toggle_background_type=&#8221;color&#8221; hover_toggle_background_image=&#8221;&#8221; hover_toggle_background_position=&#8221;middle-center&#8221; hover_toggle_background_image_size=&#8221;large&#8221; hover_toggle_background_color=&#8221;&#8221; hover_toggle_background_repeat=&#8221;no-repeat&#8221; hover_toggle_background_size=&#8221;initial&#8221; hover_toggle_background_gradient=&#8221;#83bae3||#80e0d4||0;100||180||linear&#8221; hover_toggle_border_divider=&#8221;&#8221; hover_toggle_border_all=&#8221;&#8221; hover_toggle_border_top=&#8221;&#8221; hover_toggle_border_right=&#8221;&#8221; hover_toggle_border_bottom=&#8221;&#8221; hover_toggle_border_left=&#8221;&#8221; hover_toggle_border_style=&#8221;&#8221; hover_toggle_border_color=&#8221;&#8221; hover_toggle_border_css=&#8221;&#8221; hover_toggle_border_radius=&#8221;&#8221; hover_toggle_icon_divider=&#8221;&#8221; hover_toggle_icon_type=&#8221;icon&#8221; hover_toggle_icon=&#8221;&#8221; hover_toggle_icon_preset=&#8221;&#8221; hover_toggle_icon_character=&#8221;&#8221; hover_toggle_icon_image_size=&#8221;thumbnail&#8221; hover_toggle_icon_image=&#8221;&#8221; hover_toggle_icon_color=&#8221;&#8221; hover_toggle_icon_size=&#8221;&#8221; hover_toggle_icon_position=&#8221;title-left&#8221; hover_toggle_icon_background_divider=&#8221;&#8221; hover_toggle_icon_background_type=&#8221;color&#8221; hover_toggle_icon_background_image=&#8221;&#8221; hover_toggle_icon_background_position=&#8221;middle-center&#8221; hover_toggle_icon_background_image_size=&#8221;large&#8221; hover_toggle_icon_background_color=&#8221;&#8221; hover_toggle_icon_background_repeat=&#8221;no-repeat&#8221; hover_toggle_icon_background_size=&#8221;initial&#8221; hover_toggle_icon_background_gradient=&#8221;#83bae3||#80e0d4||0;100||180||linear&#8221; hover_toggle_icon_border_divider=&#8221;&#8221; hover_toggle_icon_border_all=&#8221;&#8221; hover_toggle_icon_border_top=&#8221;&#8221; hover_toggle_icon_border_right=&#8221;&#8221; hover_toggle_icon_border_bottom=&#8221;&#8221; hover_toggle_icon_border_left=&#8221;&#8221; hover_toggle_icon_border_style=&#8221;&#8221; hover_toggle_icon_border_color=&#8221;&#8221; hover_toggle_icon_border_css=&#8221;&#8221; hover_toggle_icon_border_radius=&#8221;&#8221; url=&#8221;&#8221; divider_enable=&#8221;true&#8221; enable_date=&#8221;true&#8221; from_date=&#8221;&#8221; to_date=&#8221;&#8221; first_overlay_divider=&#8221;&#8221; enable_first_overlay=&#8221;true&#8221; first_overlay_opacity=&#8221;25&#8243; first_background_divider=&#8221;&#8221; first_background_type=&#8221;color&#8221; first_background_image=&#8221;&#8221; first_background_position=&#8221;middle-center&#8221; first_background_image_size=&#8221;large&#8221; first_background_color=&#8221;&#8221; first_background_repeat=&#8221;no-repeat&#8221; first_background_size=&#8221;initial&#8221; first_background_gradient=&#8221;#83bae3||#80e0d4||0;100||180||linear&#8221; enable_first_overlay_scrolling=&#8221;true&#8221; first_overlay_speed=&#8221;25&#8243; second_overlay_divider=&#8221;&#8221; enable_second_overlay=&#8221;true&#8221; second_overlay_opacity=&#8221;25&#8243; second_background_divider=&#8221;&#8221; second_background_type=&#8221;color&#8221; second_background_image=&#8221;&#8221; second_background_position=&#8221;middle-center&#8221; second_background_image_size=&#8221;large&#8221; second_background_color=&#8221;&#8221; second_background_repeat=&#8221;no-repeat&#8221; second_background_size=&#8221;initial&#8221; second_background_gradient=&#8221;#83bae3||#80e0d4||0;100||180||linear&#8221; enable_second_overlay_scrolling=&#8221;true&#8221; second_overlay_speed=&#8221;25&#8243; parallax_divider=&#8221;&#8221; enable_parallax=&#8221;true&#8221; enable_parallax_pattern=&#8221;true&#8221; parallax_background=&#8221;&#8221; top_separator_divider=&#8221;&#8221; enable_top_separator=&#8221;true&#8221; top_separator_style=&#8221;arrow-center&#8221; top_separator_color=&#8221;&#8221; bottom_separator_divider=&#8221;&#8221; enable_bottom_separator=&#8221;true&#8221; bottom_separator_style=&#8221;arrow-center&#8221; bottom_separator_color=&#8221;&#8221; animation_in_divider=&#8221;&#8221; animation_in_type=&#8221;none&#8221; animation_in_offset=&#8221;100&#8243; animation_in_duration=&#8221;300&#8243; animation_in_delay=&#8221;0&#8243; animation_loop_divider=&#8221;&#8221; animation_loop_type=&#8221;none&#8221; animation_loop_duration=&#8221;500&#8243; animation_loop_delay=&#8221;1500&#8243; animation_loop_hover=&#8221;true&#8221; full_width=&#8221;&#8221; equal_height=&#8221;&#8221; content_placement=&#8221;&#8221; design__empty_1=&#8221;&#8221; full_height=&#8221;&#8221; columns_placement=&#8221;top&#8221; background=&#8221;&#8221; background_image_type=&#8221;static&#8221; background_image__effect=&#8221;&#8221; bg_size=&#8221;initial&#8221; bg_position=&#8221;center-center&#8221; row_bg_image=&#8221;&#8221; bg_repeat=&#8221;no-repeat&#8221; background_image_type__bg_color=&#8221;rgba(255, 255, 255, 1)&#8221; row_bg_parallax_images=&#8221;&#8221; row_bg_slideshow_images=&#8221;&#8221; background_video_type=&#8221;youtube&#8221; background_video__youtube__url=&#8221;&#8221; background_video__youtube__parallax=&#8221;&#8221; background_video__youtube__options=&#8221;loop&#8221; background_video__youtube__fallback_image=&#8221;&#8221; background_video__hosted__mp4=&#8221;&#8221; background_video__hosted__webm=&#8221;&#8221; background_video__hosted__ogv=&#8221;&#8221; background_video__hosted__parallax=&#8221;&#8221; background_video__hosted__options=&#8221;loop&#8221; background_video__hosted__fallback_image=&#8221;&#8221; background_color_type=&#8221;color&#8221; bg__empty_1=&#8221;&#8221; background_color_type__gradient_color1=&#8221;rgba(44, 74, 228, 1)&#8221; background_color_type__gradient_color2=&#8221;rgba(44, 74, 228, 1)&#8221; background_color_type__color_color1=&#8221;rgba(44, 74, 228, 1)&#8221; bg__empty_2=&#8221;&#8221; background_color__effect=&#8221;&#8221; background_color__direction=&#8221;left-to-right&#8221; undefined=&#8221;&#8221; parallax_speed_bg=&#8221;1.5&#8243; video_bg=&#8221;&#8221; video_bg_url=&#8221;https:\/\/www.youtube.com\/watch?v=lMJXxhRFO1k&#8221; video_bg_parallax=&#8221;&#8221; el_id=&#8221;&#8221; gap=&#8221;0&#8243; disable_element=&#8221;&#8221; settings__tag_1=&#8221;&#8221; viewport_lg=&#8221;&#8221; viewport_md=&#8221;&#8221; viewport_sm=&#8221;&#8221; viewport_xs=&#8221;&#8221; settings__empty_1=&#8221;&#8221; el_class=&#8221;&#8221; version=&#8221;1&#8243; css=&#8221;&#8221;][vc_column extend=&#8221;false&#8221;]<div class='gambit_parallax_row' data-bg-align='' data-direction='fixed' data-opacity='100' data-velocity='-0.3' data-mobile-enabled='' data-bg-height='3078' data-bg-width='5472' data-bg-image='https:\/\/clubdepoesia.com\/selenamarreroplaza\/files\/2016\/12\/qkiaa41lmjm-paul-gilmore.jpg' data-bg-repeat='false' data-id='' style='display: none'><\/div><div class=\"gambit_fullheight_row\" data-content-location=\"center\" style=\"display: none\"><\/div>[\/vc_column][\/vc_row][vc_row][vc_column extend=&#8221;false&#8221;][row_scroll entrance=&#8221;fly-left&#8221; exit=&#8221;stick-fly-left&#8221;]<div class=\"gambit_fullheight_row\" data-content-location=\"center\" style=\"display: none\"><\/div>[vc_column_text]\n<h1><a name=\"_Toc465026363\"><\/a>II<\/h1>\n<p>&nbsp;<\/p>\n<p>El d\u00eda que exhale mi \u00faltimo aliento,<\/p>\n<p>en que los suspiros se marchiten en el silencio<\/p>\n<p>y mi alma atormentada desaparezca en el tiempo;<\/p>\n<p>mi voz se la llevar\u00e1 el viento<\/p>\n<p>pero quedar\u00e1 siempre vivo mi pensamiento,<\/p>\n<p>los retazos sempiternos de mi sufrimiento.<\/p>\n<p>&nbsp;<\/p>\n<p>Si supiera que la muerte me acecha,<\/p>\n<p>por un segundo m\u00e1s le dar\u00eda la mayor de las ofrendas,<\/p>\n<p>pues un segundo basta para decir adi\u00f3s al mundo,<\/p>\n<p>pues un segundo sobra para abandonar al fin el mundo.<\/p>\n<p>&nbsp;<\/p>\n<p>\u00bfPero qui\u00e9n sabe de esta secreta agon\u00eda<\/p>\n<p>que tortura mi cuerpo y mente cada d\u00eda?<\/p>\n<p>&nbsp;<\/p>\n<p>\u00bfQui\u00e9n reconoce en mi mirada<\/p>\n<p>el deseo de cerrar los ojos y no ver nada?<\/p>\n<p>&nbsp;<\/p>\n<p>S\u00f3lo me mata el conocimiento<\/p>\n<p>de que los \u00fanicos que no sufren con cada latido<\/p>\n<p>son los muertos,<\/p>\n<p>y yo aun as\u00ed sufro y lloro,<\/p>\n<p>as\u00ed y todo teniendo uno bajo el pecho.<\/p>\n[\/vc_column_text][\/vc_column][\/vc_row][vc_row][vc_column extend=&#8221;false&#8221;]<div class=\"gambit_fullheight_row\" data-content-location=\"center\" style=\"display: none\"><\/div><div class='gambit_parallax_row' data-bg-align='' data-direction='fixed' data-opacity='100' data-velocity='-0.3' data-mobile-enabled='' data-bg-height='4000' data-bg-width='6000' data-bg-image='https:\/\/clubdepoesia.com\/selenamarreroplaza\/files\/2016\/12\/phanr-cpbym-wil-stewart.jpg' data-bg-repeat='false' data-id='' style='display: none'><\/div>[\/vc_column][\/vc_row][vc_row][vc_column extend=&#8221;false&#8221;][row_scroll entrance=&#8221;fly-right&#8221; exit=&#8221;stick-fly-right&#8221;]<div class=\"gambit_fullheight_row\" data-content-location=\"center\" style=\"display: none\"><\/div>[vc_column_text]\n<h1><a name=\"_Toc465026367\"><\/a>VI<\/h1>\n<p>&nbsp;<\/p>\n<p>Cierro los ojos y me envuelven las tinieblas,<\/p>\n<p>mas si los abro me ahogan las sombras,<\/p>\n<p>tenebrosas,<\/p>\n<p>misantr\u00f3picas,<\/p>\n<p>melanc\u00f3licas.<\/p>\n<p>&nbsp;<\/p>\n<p>La calma es traspasada por los exabruptos<\/p>\n<p>de los latidos caducos<\/p>\n<p>de este coraz\u00f3n<\/p>\n<p>desbocado,<\/p>\n<p>desfigurado,<\/p>\n<p>destrozado.<\/p>\n<p>&nbsp;<\/p>\n<p>Se parte el cielo sobre mi pecho,<\/p>\n<p>hoy ans\u00edo \u00fanicamente el lecho<\/p>\n<p>en el que la finitud del sufrimiento<\/p>\n<p>se funda con el desprecio<\/p>\n<p>del camino insondable, estrecho;<\/p>\n<p>compartido, solitario<\/p>\n<p>y deshecho.<\/p>\n<p>&nbsp;<\/p>\n<p>Y que s\u00f3lo suene el silencio.[\/vc_column_text][\/vc_column][\/vc_row][vc_row][vc_column extend=&#8221;false&#8221;]<div class=\"gambit_fullheight_row\" data-content-location=\"center\" style=\"display: none\"><\/div><div class='gambit_parallax_row' data-bg-align='' data-direction='fixed' data-opacity='100' data-velocity='-0.3' data-mobile-enabled='' data-bg-height='4000' data-bg-width='6000' data-bg-image='https:\/\/clubdepoesia.com\/selenamarreroplaza\/files\/2016\/12\/qyftkpfqzv4-wil-stewart.jpg' data-bg-repeat='false' data-id='' style='display: none'><\/div>[\/vc_column][\/vc_row][vc_row][vc_column extend=&#8221;false&#8221;][row_scroll entrance=&#8221;fly-right&#8221; exit=&#8221;stick-fly-right&#8221;]<div class=\"gambit_fullheight_row\" data-content-location=\"center\" style=\"display: none\"><\/div>[vc_column_text]\n<h1><a name=\"_Toc465026379\"><\/a>XIII<\/h1>\n<p>&nbsp;<\/p>\n<p>Hoy el comp\u00e1s del silencio me envenena,<\/p>\n<p>las notas mudas portan pena.<\/p>\n<p>Las l\u00e1grimas son ef\u00edmeras<\/p>\n<p>mas nunca el sufrimiento ni nuestras tristezas.<\/p>\n<p>&nbsp;<\/p>\n<p>Se quiebra el canto<\/p>\n<p>y desgarra mi pecho un llanto,<\/p>\n<p>la vida es corta y la infelicidad eterna;<\/p>\n<p>se siente mi alma navegante en tierras yermas.[\/vc_column_text][\/vc_column][\/vc_row][vc_row][vc_column extend=&#8221;false&#8221;]<div class=\"gambit_fullheight_row\" data-content-location=\"center\" style=\"display: none\"><\/div><div class='gambit_parallax_row' data-bg-align='' data-direction='fixed' data-opacity='100' data-velocity='-0.3' data-mobile-enabled='' data-bg-height='2795' data-bg-width='4192' data-bg-image='https:\/\/clubdepoesia.com\/selenamarreroplaza\/files\/2016\/12\/lulijc1cdo-kalen-emsley.jpg' data-bg-repeat='false' data-id='' style='display: none'><\/div>[\/vc_column][\/vc_row][vc_row][vc_column extend=&#8221;false&#8221;][row_scroll entrance=&#8221;fly-left&#8221; exit=&#8221;stick-fly-left&#8221;]<div class=\"gambit_fullheight_row\" data-content-location=\"center\" style=\"display: none\"><\/div>[vc_column_text]\n<h1><a name=\"_Toc465026391\"><\/a>XXV<\/h1>\n<p>&nbsp;<\/p>\n<p>En la lluviosa y tormentosa noche<\/p>\n<p>que envolvi\u00f3 al alma m\u00eda<\/p>\n<p>de pura y \u00e1cida melancol\u00eda<\/p>\n<p>llor\u00e9, y una l\u00e1grima cristalina<\/p>\n<p>tan dulce y amarga como la muerte misma<\/p>\n<p>resbal\u00f3 de mis ojos cubiertos por tinieblas<\/p>\n<p>dispuesta a mezclarse entre las afiladas gotas ca\u00eddas,<\/p>\n<p>angustia que se mezcl\u00f3 con m\u00e1s angustia.<\/p>\n<p>&nbsp;<\/p>\n<p>Y as\u00ed comprend\u00ed, esto es la vida,<\/p>\n<p>la vida es una l\u00e1grima de tristeza<\/p>\n<p>que brota sin motivo aparente,<\/p>\n<p>y desciende por un sinuoso camino<\/p>\n<p>hasta acabar convertida en una gota de lluvia<\/p>\n<p>que cae al suelo y se derrite,<\/p>\n<p>apag\u00e1ndose en la fr\u00eda y \u00e1rida tierra.<\/p>\n<p>&nbsp;<\/p>\n<p>\u00bfCu\u00e1ntas l\u00e1grimas son capaces<\/p>\n<p>de deslizarse fugaces<\/p>\n<p>y crear su propio camino?<\/p>\n<p>\u00bfCu\u00e1ntas l\u00e1grimas son capaces de evitar la lluvia y caer, s\u00ed,<\/p>\n<p>pero caer siendo ellas mismas?<\/p>\n<p>&nbsp;<\/p>\n<p>&nbsp;<\/p>\n<p>&nbsp;<\/p>\n<p>\u00bfQu\u00e9 vida es capaz de decidir,<\/p>\n<p>de ser distinta y as\u00ed,<\/p>\n<p>a la hora de su fin,<\/p>\n<p>morir, s\u00ed, pero feliz?[\/vc_column_text][\/vc_column][\/vc_row][vc_row][vc_column extend=&#8221;false&#8221;]<div class=\"gambit_fullheight_row\" data-content-location=\"center\" style=\"display: none\"><\/div><div class='gambit_parallax_row' data-bg-align='' data-direction='fixed' data-opacity='100' data-velocity='-0.3' data-mobile-enabled='' data-bg-height='3072' data-bg-width='4608' data-bg-image='https:\/\/clubdepoesia.com\/selenamarreroplaza\/files\/2016\/12\/33.jpg' data-bg-repeat='false' data-id='' style='display: none'><\/div>[\/vc_column][\/vc_row][vc_row][vc_column extend=&#8221;false&#8221;][\/vc_column][\/vc_row]\n<\/div>","protected":false},"excerpt":{"rendered":"<p>[vc_row extend=&#8221;false&#8221; css_animation=&#8221;&#8221; vcop_row_name=&#8221;&#8221; vcop_row_wrapper_active=&#8221;off&#8221; vcop_row_wrapper_value=&#8221;&#8221; type_background=&#8221;parallax&#8221; vcop_parallax_image=&#8221;&#8221; type_video=&#8221;local&#8221; vcop_video_url=&#8221;&#8221; vcop_video_youtube_sound=&#8221;false&#8221; vcop_video_vimeo_id=&#8221;&#8221; vcop_video_vimeo_sound=&#8221;90&#8243; vcop_video_local_sound=&#8221;&#8221; vcop_video_image_cover=&#8221;off&#8221; vcop_video_image_cover_upload=&#8221;&#8221; vcop_slide_images=&#8221;&#8221; background_pattern=&#8221;off&#8221; background_pattern_type=&#8221;image&#8221; background_pattern_image=&#8221;d-assault&#8221; background_pattern_color=&#8221;#FC615D&#8221; background_pattern_image_opacity=&#8221;&#8221; background_pattern_padding_active=&#8221;off&#8221; background_pattern_padding_left=&#8221;&#8221; vcop_height_row=&#8221;vcop_normal&#8221; vcop_padding=&#8221;vcop_padding_default&#8221; vcop_align_text=&#8221;vcop_align_default&#8221; responsive_mode=&#8221;false&#8221; bg_type=&#8221;&#8221; bg_grad=&#8221;&#8221; bg_color_value=&#8221;&#8221; parallax_style=&#8221;&#8221; bg_image_new=&#8221;&#8221; layer_image=&#8221;&#8221; bg_image_repeat=&#8221;&#8221; bg_image_size=&#8221;&#8221; bg_cstm_size=&#8221;&#8221; bg_img_attach=&#8221;&#8221; parallax_sense=&#8221;&#8221; bg_image_posiiton=&#8221;&#8221; animation_direction=&#8221;&#8221; animation_repeat=&#8221;&#8221; video_url=&#8221;&#8221; video_url_2=&#8221;&#8221; u_video_url=&#8221;&#8221; video_opts=&#8221;loop&#8221; video_poster=&#8221;&#8221; u_start_time=&#8221;&#8221; u_stop_time=&#8221;&#8221; viewport_vdo=&#8221;&#8221; enable_controls=&#8221;&#8221; controls_color=&#8221;&#8221; bg_override=&#8221;&#8221; disable_on_mobile_img_parallax=&#8221;&#8221; parallax_content=&#8221;&#8221; [&hellip;]<\/p>\n","protected":false},"author":24,"featured_media":0,"parent":0,"menu_order":3,"comment_status":"closed","ping_status":"closed","template":"","meta":{"footnotes":"","_links_to":"","_links_to_target":""},"class_list":["post-108","page","type-page","status-publish","hentry"],"_links":{"self":[{"href":"https:\/\/clubdepoesia.com\/selenamarreroplaza\/wp-json\/wp\/v2\/pages\/108","targetHints":{"allow":["GET"]}}],"collection":[{"href":"https:\/\/clubdepoesia.com\/selenamarreroplaza\/wp-json\/wp\/v2\/pages"}],"about":[{"href":"https:\/\/clubdepoesia.com\/selenamarreroplaza\/wp-json\/wp\/v2\/types\/page"}],"author":[{"embeddable":true,"href":"https:\/\/clubdepoesia.com\/selenamarreroplaza\/wp-json\/wp\/v2\/users\/24"}],"replies":[{"embeddable":true,"href":"https:\/\/clubdepoesia.com\/selenamarreroplaza\/wp-json\/wp\/v2\/comments?post=108"}],"version-history":[{"count":0,"href":"https:\/\/clubdepoesia.com\/selenamarreroplaza\/wp-json\/wp\/v2\/pages\/108\/revisions"}],"wp:attachment":[{"href":"https:\/\/clubdepoesia.com\/selenamarreroplaza\/wp-json\/wp\/v2\/media?parent=108"}],"curies":[{"name":"wp","href":"https:\/\/api.w.org\/{rel}","templated":true}]}}