{"id":67,"date":"2019-02-03T17:00:54","date_gmt":"2019-02-03T17:00:54","guid":{"rendered":"https:\/\/clubdepoesia.com\/palomagranerodoctor\/?page_id=67"},"modified":"2019-02-03T21:41:04","modified_gmt":"2019-02-03T21:41:04","slug":"poesia","status":"publish","type":"page","link":"https:\/\/clubdepoesia.com\/palomagranerodoctor\/poesia\/","title":{"rendered":"Poes\u00eda"},"content":{"rendered":"<div class=\"wpb-content-wrapper\">[vc_row][vc_column extend=&#8221;false&#8221;][vc_column_text css=&#8221;.vc_custom_1549212589034{margin-top: -30000px !important;}&#8221;]\n<h1><strong><em><u>Poes\u00eda del libro ARRI\u00c9SGATE A INTENTARLO de PALOMA GRANERO DOCTOR. El escritor nos da una muestra tras publicar un libro.<\/u><\/em><\/strong><\/h1>\n<h2><strong><em><u><img fetchpriority=\"high\" decoding=\"async\" class=\"alignleft size-full wp-image-31\" src=\"https:\/\/clubdepoesia.com\/palomagranerodoctor\/files\/2019\/02\/0_PortadaArriesgateaintentarlo.jpg\" alt=\"ARRI\u00c9SGATE A INTENTARLO\" width=\"559\" height=\"794\" srcset=\"https:\/\/clubdepoesia.com\/palomagranerodoctor\/files\/2019\/02\/0_PortadaArriesgateaintentarlo.jpg 559w, https:\/\/clubdepoesia.com\/palomagranerodoctor\/files\/2019\/02\/0_PortadaArriesgateaintentarlo-211x300.jpg 211w\" sizes=\"(max-width: 559px) 100vw, 559px\" \/>Poes\u00eda del libro ARRI\u00c9SGATE A INTENTARLO de PALOMA GRANERO DOCTOR El poeta nos da una muestra tras publicar un libro.<\/u><\/em><\/strong><\/h2>\n<h3><strong><em><u>Poes\u00eda del libro ARRI\u00c9SGATE A INTENTARLO de PALOMA GRANERO DOCTOR El autor nos da una muestra tras publicar un libro.<\/u><\/em><\/strong><\/h3>\n<h4><strong><em><u>Poes\u00eda del libro ARRI\u00c9SGATE A INTENTARLO de PALOMA GRANERO DOCTOR El autor nos da una muestra tras publicar un libro.<\/u><\/em><\/strong><\/h4>\n<h5><strong><em><u>Poes\u00eda del libro ARRI\u00c9SGATE A INTENTARLO de PALOMA GRANERO DOCTOR El autor nos da una muestra tras publicar un libro.<\/u><\/em><\/strong><\/h5>\n[\/vc_column_text][\/vc_column][\/vc_row][vc_row][vc_column extend=&#8221;false&#8221;]<div class='gambit_parallax_row' data-bg-align='' data-direction='fixed' data-opacity='100' data-velocity='-0.3' data-mobile-enabled='' data-bg-height='1067' data-bg-width='1600' data-bg-image='https:\/\/clubdepoesia.com\/palomagranerodoctor\/files\/2019\/02\/stpirhh7mcc.jpg' data-bg-repeat='false' data-id='' style='display: none'><\/div><div class=\"gambit_fullheight_row\" data-content-location=\"center\" style=\"display: none\"><\/div>[\/vc_column][\/vc_row][vc_row][vc_column extend=&#8221;false&#8221;][vc_column_text]\n<h1><a name=\"_Toc534052737\"><\/a><strong>HAZ LO QUE TE APETEZCA<\/strong><\/h1>\n<p>&nbsp;<\/p>\n<p>Y esa absurda man\u00eda de hacer algo diferente a lo que sientes,<\/p>\n<p>de no dejarte guiar por el coraz\u00f3n.<\/p>\n<p>Y me pregunto, \u00bfqu\u00e9 es mejor? \u00bfCabeza o coraz\u00f3n?<\/p>\n<p>Y t\u00fa, \u00bfpor qu\u00e9 prefieres guiarte?<\/p>\n<p>Y a veces a una pregunta tan simple, no se tiene respuesta.<\/p>\n<p>Y es que como en el poema de Risto Mejide \u201chaz que no parezca amor\u201d<\/p>\n<p>\u201cque simplemente parezca un accidente\u201d,<\/p>\n<p>cuando es tan dif\u00edcil querer de verdad,<\/p>\n<p>gritarlo a los cuatro vientos,<\/p>\n<p>gritar lo que sientes.<\/p>\n<p>Porque hay cosas como los sentimientos, que no se pueden planear.<\/p>\n<p>&nbsp;<\/p>\n<p>&nbsp;<\/p>\n<span class='bctt-click-to-tweet'><span class='bctt-ctt-text'><a href='https:\/\/x.com\/intent\/tweet?url=https%3A%2F%2Fclubdepoesia.com%2Fpalomagranerodoctor%2Fpoesia%2F&#038;text=HAZ%20LO%20QUE%20TE%20APETEZCA%C2%A0del%20libro%20ARRI%C3%89SGATE%20A%20INTENTARLO%20de%20PALOMA%20GRANERO%20DOCTOR&#038;via=poesiaerestu&#038;related=poesiaerestu' target='_blank'rel=\"noopener noreferrer\">HAZ LO QUE TE APETEZCA&nbsp;del libro ARRI\u00c9SGATE A INTENTARLO de PALOMA GRANERO DOCTOR <\/a><\/span><a href='https:\/\/x.com\/intent\/tweet?url=https%3A%2F%2Fclubdepoesia.com%2Fpalomagranerodoctor%2Fpoesia%2F&#038;text=HAZ%20LO%20QUE%20TE%20APETEZCA%C2%A0del%20libro%20ARRI%C3%89SGATE%20A%20INTENTARLO%20de%20PALOMA%20GRANERO%20DOCTOR&#038;via=poesiaerestu&#038;related=poesiaerestu' target='_blank' class='bctt-ctt-btn'rel=\"noopener noreferrer\">Compartir en X<\/a><\/span>[\/vc_column_text][\/vc_column][\/vc_row][vc_row][vc_column extend=&#8221;false&#8221;]<div class='gambit_parallax_row' data-bg-align='' data-direction='fixed' data-opacity='100' data-velocity='-0.3' data-mobile-enabled='' data-bg-height='1200' data-bg-width='800' data-bg-image='https:\/\/clubdepoesia.com\/palomagranerodoctor\/files\/2019\/02\/qihgixa3kmo.jpg' data-bg-repeat='false' data-id='' style='display: none'><\/div><div class=\"gambit_fullheight_row\" data-content-location=\"center\" style=\"display: none\"><\/div>[\/vc_column][\/vc_row][vc_row][vc_column extend=&#8221;false&#8221;][vc_column_text]\n<h1><a name=\"_Toc534052745\"><\/a><strong>QUE NO TE LO CUENTEN<\/strong><\/h1>\n<p>&nbsp;<\/p>\n<p>Atr\u00e9vete, lucha, sue\u00f1a, vive y no te rindas.<\/p>\n<p>\u00bfSabes qu\u00e9 pasa? Que nos da miedo todo,<\/p>\n<p>a cada paso tememos que las cosas salgan mal<\/p>\n<p>pero si no lo intentas, nunca sabr\u00e1s si lo conseguir\u00e1s,<\/p>\n<p>lamento informarte de que el miedo no nos lleva ninguna parte.<\/p>\n<p>Deja de retenerte y haz lo que te apetezca.<\/p>\n<p>Nunca dejes de sentir.<\/p>\n<p>&nbsp;<\/p>\n<p>&nbsp;<\/p>\n<p>&nbsp;<\/p>\n<span class='bctt-click-to-tweet'><span class='bctt-ctt-text'><a href='https:\/\/x.com\/intent\/tweet?url=https%3A%2F%2Fclubdepoesia.com%2Fpalomagranerodoctor%2Fpoesia%2F&#038;text=QUE%20NO%20TE%20LO%20CUENTEN%C2%A0del%20libro%20ARRI%C3%89SGATE%20A%20INTENTARLO%20de%20PALOMA%20GRANERO%20DOCTOR&#038;via=poesiaerestu&#038;related=poesiaerestu' target='_blank'rel=\"noopener noreferrer\">QUE NO TE LO CUENTEN&nbsp;del libro ARRI\u00c9SGATE A INTENTARLO de PALOMA GRANERO DOCTOR <\/a><\/span><a href='https:\/\/x.com\/intent\/tweet?url=https%3A%2F%2Fclubdepoesia.com%2Fpalomagranerodoctor%2Fpoesia%2F&#038;text=QUE%20NO%20TE%20LO%20CUENTEN%C2%A0del%20libro%20ARRI%C3%89SGATE%20A%20INTENTARLO%20de%20PALOMA%20GRANERO%20DOCTOR&#038;via=poesiaerestu&#038;related=poesiaerestu' target='_blank' class='bctt-ctt-btn'rel=\"noopener noreferrer\">Compartir en X<\/a><\/span>[\/vc_column_text][\/vc_column][\/vc_row][vc_row][vc_column extend=&#8221;false&#8221;]<div class='gambit_parallax_row' data-bg-align='' data-direction='fixed' data-opacity='100' data-velocity='-0.3' data-mobile-enabled='' data-bg-height='1200' data-bg-width='802' data-bg-image='https:\/\/clubdepoesia.com\/palomagranerodoctor\/files\/2019\/02\/z4x9qq0w-ya.jpg' data-bg-repeat='false' data-id='' style='display: none'><\/div><div class=\"gambit_fullheight_row\" data-content-location=\"center\" style=\"display: none\"><\/div>[\/vc_column][\/vc_row][vc_row][vc_column extend=&#8221;false&#8221;][vc_column_text]\n<h1><a name=\"_Toc534052752\"><\/a><strong>LLORA SI TIENES QUE<\/strong><\/h1>\n<p>&nbsp;<\/p>\n<p>Se puede llorar por diversos motivos, de tristeza, de pena, de alegr\u00eda, de impotencia\u2026<\/p>\n<p>y a veces se derraman l\u00e1grimas porque no hay m\u00e1s remedio,<\/p>\n<p>porque es lo \u00fanico que nos queda que nos haga sentir&nbsp; mejor<\/p>\n<p>que descarga la pena, la tristeza o la impotencia<\/p>\n<p>que descarga el sentimiento que est\u00e1 a punto de hacernos explotar<\/p>\n<p>y es que la risa es la mejor medicina.<\/p>\n<p>Si tienes que llorar, llora pero r\u00ede un poco tambi\u00e9n despu\u00e9s.<\/p>\n<p>R\u00ede hasta que veas todo mejor.<\/p>\n<p>R\u00ede hasta que te cure el alma.<\/p>\n<p>R\u00ede hasta que la vida sea mejor que ayer.<\/p>\n<p>R\u00ede hasta que no te queden fuerzas.<\/p>\n<p>&nbsp;<\/p>\n<p>&nbsp;<\/p>\n<span class='bctt-click-to-tweet'><span class='bctt-ctt-text'><a href='https:\/\/x.com\/intent\/tweet?url=https%3A%2F%2Fclubdepoesia.com%2Fpalomagranerodoctor%2Fpoesia%2F&#038;text=LLORA%20SI%20TIENES%20QUE%C2%A0de%20ARRI%C3%89SGATE%20A%20INTENTARLO%20de%20PALOMA%20GRANERO%20DOCTOR&#038;via=poesiaerestu&#038;related=poesiaerestu' target='_blank'rel=\"noopener noreferrer\">LLORA SI TIENES QUE&nbsp;de ARRI\u00c9SGATE A INTENTARLO de PALOMA GRANERO DOCTOR <\/a><\/span><a href='https:\/\/x.com\/intent\/tweet?url=https%3A%2F%2Fclubdepoesia.com%2Fpalomagranerodoctor%2Fpoesia%2F&#038;text=LLORA%20SI%20TIENES%20QUE%C2%A0de%20ARRI%C3%89SGATE%20A%20INTENTARLO%20de%20PALOMA%20GRANERO%20DOCTOR&#038;via=poesiaerestu&#038;related=poesiaerestu' target='_blank' class='bctt-ctt-btn'rel=\"noopener noreferrer\">Compartir en X<\/a><\/span>[\/vc_column_text][\/vc_column][\/vc_row][vc_row][vc_column extend=&#8221;false&#8221;]<div class='gambit_parallax_row' data-bg-align='' data-direction='fixed' data-opacity='100' data-velocity='-0.3' data-mobile-enabled='' data-bg-height='1200' data-bg-width='960' data-bg-image='https:\/\/clubdepoesia.com\/palomagranerodoctor\/files\/2019\/02\/0nly95jton8.jpg' data-bg-repeat='false' data-id='' style='display: none'><\/div><div class=\"gambit_fullheight_row\" data-content-location=\"center\" style=\"display: none\"><\/div>[\/vc_column][\/vc_row][vc_row][vc_column extend=&#8221;false&#8221;][vc_column_text]\n<h1><a name=\"_Toc534052762\"><\/a><strong>CAMBIOS<\/strong><\/h1>\n<p>&nbsp;<\/p>\n<p>Siempre hab\u00eda cre\u00eddo que las personas no pueden cambiar, es decir<\/p>\n<p>los cambios existen pero una persona siempre es igual.<\/p>\n<p>O eso cre\u00eda, que solo aprenden a fingir el cambio<\/p>\n<p>o quiz\u00e1s, solo quiz\u00e1s, fueron as\u00ed siempre.<\/p>\n<p>Pero no es cierto, cada d\u00eda en cada acontecimiento uno cambia<\/p>\n<p>y dicen que una persona cambia;<\/p>\n<p>bien porque aprendi\u00f3 demasiado o sufri\u00f3 lo suficiente.<\/p>\n<p>Ser\u00e1 que a base de golpes se aprende<\/p>\n<p>todo tiene una consecuencia y de ellas se va aprendiendo<\/p>\n<p>y es que a veces uno se adapta al ambiente, a las personas<\/p>\n<p>como un camale\u00f3n en la maleza.<\/p>\n<p>Pero puede que fueras as\u00ed en el fondo,<\/p>\n<p>que eso se estuviera gestando,<\/p>\n<p>cociendo a fuego lento,<\/p>\n<p>y estall\u00f3 y se dio un cambio radical.<\/p>\n<p>Que tanto callar no siempre es bueno;<\/p>\n<p>as\u00ed que termin\u00e9 por no callar nunca.<\/p>\n<h1>&nbsp;<\/h1>\n<span class='bctt-click-to-tweet'><span class='bctt-ctt-text'><a href='https:\/\/x.com\/intent\/tweet?url=https%3A%2F%2Fclubdepoesia.com%2Fpalomagranerodoctor%2Fpoesia%2F&#038;text=CAMBIOS%C2%A0del%20libro%20ARRI%C3%89SGATE%20A%20INTENTARLO%20de%20PALOMA%20GRANERO%20DOCTOR&#038;via=poesiaerestu&#038;related=poesiaerestu' target='_blank'rel=\"noopener noreferrer\">CAMBIOS&nbsp;del libro ARRI\u00c9SGATE A INTENTARLO de PALOMA GRANERO DOCTOR <\/a><\/span><a href='https:\/\/x.com\/intent\/tweet?url=https%3A%2F%2Fclubdepoesia.com%2Fpalomagranerodoctor%2Fpoesia%2F&#038;text=CAMBIOS%C2%A0del%20libro%20ARRI%C3%89SGATE%20A%20INTENTARLO%20de%20PALOMA%20GRANERO%20DOCTOR&#038;via=poesiaerestu&#038;related=poesiaerestu' target='_blank' class='bctt-ctt-btn'rel=\"noopener noreferrer\">Compartir en X<\/a><\/span>[\/vc_column_text][\/vc_column][\/vc_row][vc_row][vc_column extend=&#8221;false&#8221;]<div class='gambit_parallax_row' data-bg-align='' data-direction='fixed' data-opacity='100' data-velocity='-0.3' data-mobile-enabled='' data-bg-height='768' data-bg-width='1152' data-bg-image='https:\/\/clubdepoesia.com\/palomagranerodoctor\/files\/2019\/02\/Womanjumpsfromahighrock_Enlarged-Mediano.jpg' data-bg-repeat='false' data-id='' style='display: none'><\/div><div class=\"gambit_fullheight_row\" data-content-location=\"center\" style=\"display: none\"><\/div>[vc_column_text]\n<p style=\"text-align: center;\"><a class=\"fasc-button fasc-size-xlarge fasc-type-glossy fasc-rounded-medium\" style=\"background-color: #33809e; color: #ffffff;\" href=\"https:\/\/librodepoesia.com\/producto\/arriesgate-a-intentarlo-paloma-granero-doctor\/\">Comprar el libro<\/a><\/p>\n[\/vc_column_text][\/vc_column][\/vc_row][vc_row][vc_column extend=&#8221;false&#8221;][vc_column_text css=&#8221;.vc_custom_1549212589034{margin-top: -30000px !important;}&#8221;]\n<h1><strong><em><u>Poes\u00eda del libro ARRI\u00c9SGATE A INTENTARLO de PALOMA GRANERO DOCTOR. El escritor nos da una muestra tras publicar un libro.<\/u><\/em><\/strong><\/h1>\n<h2><strong><em><u><img fetchpriority=\"high\" decoding=\"async\" class=\"alignleft size-full wp-image-31\" src=\"https:\/\/clubdepoesia.com\/palomagranerodoctor\/files\/2019\/02\/0_PortadaArriesgateaintentarlo.jpg\" alt=\"ARRI\u00c9SGATE A INTENTARLO\" width=\"559\" height=\"794\" srcset=\"https:\/\/clubdepoesia.com\/palomagranerodoctor\/files\/2019\/02\/0_PortadaArriesgateaintentarlo.jpg 559w, https:\/\/clubdepoesia.com\/palomagranerodoctor\/files\/2019\/02\/0_PortadaArriesgateaintentarlo-211x300.jpg 211w\" sizes=\"(max-width: 559px) 100vw, 559px\" \/>Poes\u00eda del libro ARRI\u00c9SGATE A INTENTARLO de PALOMA GRANERO DOCTOR El poeta nos da una muestra tras publicar un libro.<\/u><\/em><\/strong><\/h2>\n<h3><strong><em><u>Poes\u00eda del libro ARRI\u00c9SGATE A INTENTARLO de PALOMA GRANERO DOCTOR El autor nos da una muestra tras publicar un libro.<\/u><\/em><\/strong><\/h3>\n<h4><strong><em><u>Poes\u00eda del libro ARRI\u00c9SGATE A INTENTARLO de PALOMA GRANERO DOCTOR El autor nos da una muestra tras publicar un libro.<\/u><\/em><\/strong><\/h4>\n<h5><strong><em><u>Poes\u00eda del libro ARRI\u00c9SGATE A INTENTARLO de PALOMA GRANERO DOCTOR El autor nos da una muestra tras publicar un libro.<\/u><\/em><\/strong><\/h5>\n[\/vc_column_text][\/vc_column][\/vc_row]\n<\/div>","protected":false},"excerpt":{"rendered":"<p>[vc_row][vc_column extend=&#8221;false&#8221;][vc_column_text css=&#8221;.vc_custom_1549212589034{margin-top: -30000px !important;}&#8221;] Poes\u00eda del libro ARRI\u00c9SGATE A INTENTARLO de PALOMA GRANERO DOCTOR. El escritor nos da una muestra tras publicar un libro. Poes\u00eda del libro ARRI\u00c9SGATE A INTENTARLO de PALOMA GRANERO DOCTOR El poeta nos da una muestra tras publicar un libro. Poes\u00eda del libro ARRI\u00c9SGATE A INTENTARLO de PALOMA GRANERO DOCTOR [&hellip;]<\/p>\n","protected":false},"author":24,"featured_media":0,"parent":0,"menu_order":3,"comment_status":"closed","ping_status":"closed","template":"","meta":{"footnotes":"","_links_to":"","_links_to_target":""},"class_list":["post-67","page","type-page","status-publish","hentry"],"_links":{"self":[{"href":"https:\/\/clubdepoesia.com\/palomagranerodoctor\/wp-json\/wp\/v2\/pages\/67","targetHints":{"allow":["GET"]}}],"collection":[{"href":"https:\/\/clubdepoesia.com\/palomagranerodoctor\/wp-json\/wp\/v2\/pages"}],"about":[{"href":"https:\/\/clubdepoesia.com\/palomagranerodoctor\/wp-json\/wp\/v2\/types\/page"}],"author":[{"embeddable":true,"href":"https:\/\/clubdepoesia.com\/palomagranerodoctor\/wp-json\/wp\/v2\/users\/24"}],"replies":[{"embeddable":true,"href":"https:\/\/clubdepoesia.com\/palomagranerodoctor\/wp-json\/wp\/v2\/comments?post=67"}],"version-history":[{"count":0,"href":"https:\/\/clubdepoesia.com\/palomagranerodoctor\/wp-json\/wp\/v2\/pages\/67\/revisions"}],"wp:attachment":[{"href":"https:\/\/clubdepoesia.com\/palomagranerodoctor\/wp-json\/wp\/v2\/media?parent=67"}],"curies":[{"name":"wp","href":"https:\/\/api.w.org\/{rel}","templated":true}]}}