{"id":62,"date":"2018-11-01T22:51:05","date_gmt":"2018-11-01T22:51:05","guid":{"rendered":"https:\/\/clubdepoesia.com\/monicagalindoysaramarin\/?page_id=62"},"modified":"2018-11-01T22:54:17","modified_gmt":"2018-11-01T22:54:17","slug":"poesia","status":"publish","type":"page","link":"https:\/\/clubdepoesia.com\/monicagalindoysaramarin\/poesia\/","title":{"rendered":"Poes\u00eda"},"content":{"rendered":"<div class=\"wpb-content-wrapper\">[vc_row][vc_column extend=&#8221;false&#8221;][vc_column_text css=&#8221;.vc_custom_1541108977889{margin-top: -30000px !important;}&#8221;]\n<h1><strong><em><u>Poes\u00eda del libro TRIPAS de M\u00f3nica Galindo y Sara Mar\u00edn. El escritor nos da una muestra tras publicar un libro.<\/u><\/em><\/strong><\/h1>\n<h2><strong><em><u><img fetchpriority=\"high\" decoding=\"async\" class=\"alignleft size-medium wp-image-50\" src=\"https:\/\/clubdepoesia.com\/enriquesandamilgarcia\/files\/2018\/11\/CubiertaLasombrademihumo3-211x300.jpg\" alt=\"\" width=\"211\" height=\"300\">Poes\u00eda del libro TRIPAS de M\u00f3nica Galindo y Sara Mar\u00edn El poeta nos da una muestra tras publicar un libro.<\/u><\/em><\/strong><\/h2>\n<h3><strong><em><u>Poes\u00eda del libro TRIPAS de M\u00f3nica Galindo y Sara Mar\u00edn El autor nos da una muestra tras publicar un libro.<\/u><\/em><\/strong><\/h3>\n<h4><strong><em><u>Poes\u00eda del libro TRIPAS de M\u00f3nica Galindo y Sara Mar\u00edn El autor nos da una muestra tras publicar un libro.<\/u><\/em><\/strong><\/h4>\n<h5><strong><em><u>Poes\u00eda del libro TRIPAS de M\u00f3nica Galindo y Sara Mar\u00edn El autor nos da una muestra tras publicar un libro.<\/u><\/em><\/strong><\/h5>\n[\/vc_column_text][\/vc_column][\/vc_row][vc_row][vc_column extend=&#8221;false&#8221;]<div class='gambit_parallax_row' data-bg-align='' data-direction='fixed' data-opacity='100' data-velocity='-0.3' data-mobile-enabled='' data-bg-height='2159' data-bg-width='1525' data-bg-image='https:\/\/clubdepoesia.com\/monicagalindoysaramarin\/files\/2018\/11\/LibroTripas_P\u00e1gina_13.jpg' data-bg-repeat='false' data-id='' style='display: none'><\/div><div class=\"gambit_fullheight_row\" data-content-location=\"center\" style=\"display: none\"><\/div>[\/vc_column][\/vc_row][vc_row][vc_column extend=&#8221;false&#8221;][vc_single_image image=&#8221;63&#8243; img_size=&#8221;full&#8221; alignment=&#8221;center&#8221;][vc_column_text]<span class='bctt-click-to-tweet'><span class='bctt-ctt-text'><a href='https:\/\/x.com\/intent\/tweet?url=https%3A%2F%2Fclubdepoesia.com%2Fmonicagalindoysaramarin%2Fpoesia%2F&#038;text=La%20poes%C3%ADa%20enmascara%C2%A0del%20libro%20TRIPAS%20de%20M%C3%B3nica%20Galindo%20y%20Sara%20Mar%C3%ADn&#038;via=poesiaerestu&#038;related=poesiaerestu' target='_blank'rel=\"noopener noreferrer\">La poes\u00eda enmascara&nbsp;del libro TRIPAS de M\u00f3nica Galindo y Sara Mar\u00edn <\/a><\/span><a href='https:\/\/x.com\/intent\/tweet?url=https%3A%2F%2Fclubdepoesia.com%2Fmonicagalindoysaramarin%2Fpoesia%2F&#038;text=La%20poes%C3%ADa%20enmascara%C2%A0del%20libro%20TRIPAS%20de%20M%C3%B3nica%20Galindo%20y%20Sara%20Mar%C3%ADn&#038;via=poesiaerestu&#038;related=poesiaerestu' target='_blank' class='bctt-ctt-btn'rel=\"noopener noreferrer\">Compartir en X<\/a><\/span>[\/vc_column_text][\/vc_column][\/vc_row][vc_row][vc_column extend=&#8221;false&#8221;]<div class='gambit_parallax_row' data-bg-align='' data-direction='fixed' data-opacity='100' data-velocity='-0.3' data-mobile-enabled='' data-bg-height='2158' data-bg-width='1521' data-bg-image='https:\/\/clubdepoesia.com\/monicagalindoysaramarin\/files\/2018\/11\/LibroTripas_P\u00e1gina_14-1.jpg' data-bg-repeat='false' data-id='' style='display: none'><\/div><div class=\"gambit_fullheight_row\" data-content-location=\"center\" style=\"display: none\"><\/div>[\/vc_column][\/vc_row][vc_row][vc_column extend=&#8221;false&#8221;][vc_single_image image=&#8221;65&#8243; img_size=&#8221;full&#8221; alignment=&#8221;center&#8221;][vc_column_text]<span class='bctt-click-to-tweet'><span class='bctt-ctt-text'><a href='https:\/\/x.com\/intent\/tweet?url=https%3A%2F%2Fclubdepoesia.com%2Fmonicagalindoysaramarin%2Fpoesia%2F&#038;text=Un%20calor%20entre%20los%20dedos%20del%20libro%20TRIPAS%20de%20M%C3%B3nica%20Galindo%20y%20Sara%20Mar%C3%ADn&#038;via=poesiaerestu&#038;related=poesiaerestu' target='_blank'rel=\"noopener noreferrer\">Un calor entre los dedos del libro TRIPAS de M\u00f3nica Galindo y Sara Mar\u00edn <\/a><\/span><a href='https:\/\/x.com\/intent\/tweet?url=https%3A%2F%2Fclubdepoesia.com%2Fmonicagalindoysaramarin%2Fpoesia%2F&#038;text=Un%20calor%20entre%20los%20dedos%20del%20libro%20TRIPAS%20de%20M%C3%B3nica%20Galindo%20y%20Sara%20Mar%C3%ADn&#038;via=poesiaerestu&#038;related=poesiaerestu' target='_blank' class='bctt-ctt-btn'rel=\"noopener noreferrer\">Compartir en X<\/a><\/span>[\/vc_column_text][\/vc_column][\/vc_row][vc_row][vc_column extend=&#8221;false&#8221;]<div class='gambit_parallax_row' data-bg-align='' data-direction='fixed' data-opacity='100' data-velocity='-0.3' data-mobile-enabled='' data-bg-height='2059' data-bg-width='1451' data-bg-image='https:\/\/clubdepoesia.com\/monicagalindoysaramarin\/files\/2018\/11\/LibroTripas_P\u00e1gina_17.jpg' data-bg-repeat='false' data-id='' style='display: none'><\/div><div class=\"gambit_fullheight_row\" data-content-location=\"center\" style=\"display: none\"><\/div>[\/vc_column][\/vc_row][vc_row][vc_column extend=&#8221;false&#8221;][vc_single_image image=&#8221;69&#8243; img_size=&#8221;full&#8221;][vc_column_text]<span class='bctt-click-to-tweet'><span class='bctt-ctt-text'><a href='https:\/\/x.com\/intent\/tweet?url=https%3A%2F%2Fclubdepoesia.com%2Fmonicagalindoysaramarin%2Fpoesia%2F&#038;text=Vio%20mi%20tinta%20hecha%20mariposas%20de%20TRIPAS%20de%20M%C3%B3nica%20Galindo%20y%20Sara%20Mar%C3%ADn&#038;via=poesiaerestu&#038;related=poesiaerestu' target='_blank'rel=\"noopener noreferrer\">Vio mi tinta hecha mariposas de TRIPAS de M\u00f3nica Galindo y Sara Mar\u00edn <\/a><\/span><a href='https:\/\/x.com\/intent\/tweet?url=https%3A%2F%2Fclubdepoesia.com%2Fmonicagalindoysaramarin%2Fpoesia%2F&#038;text=Vio%20mi%20tinta%20hecha%20mariposas%20de%20TRIPAS%20de%20M%C3%B3nica%20Galindo%20y%20Sara%20Mar%C3%ADn&#038;via=poesiaerestu&#038;related=poesiaerestu' target='_blank' class='bctt-ctt-btn'rel=\"noopener noreferrer\">Compartir en X<\/a><\/span>[\/vc_column_text][\/vc_column][\/vc_row][vc_row][vc_column extend=&#8221;false&#8221;]<div class='gambit_parallax_row' data-bg-align='' data-direction='fixed' data-opacity='100' data-velocity='-0.3' data-mobile-enabled='' data-bg-height='1935' data-bg-width='1364' data-bg-image='https:\/\/clubdepoesia.com\/monicagalindoysaramarin\/files\/2018\/11\/LibroTripas_P\u00e1gina_18-1.jpg' data-bg-repeat='false' data-id='' style='display: none'><\/div><div class=\"gambit_fullheight_row\" data-content-location=\"center\" style=\"display: none\"><\/div>[\/vc_column][\/vc_row][vc_row][vc_column extend=&#8221;false&#8221;][vc_single_image image=&#8221;71&#8243;][vc_column_text]<span class='bctt-click-to-tweet'><span class='bctt-ctt-text'><a href='https:\/\/x.com\/intent\/tweet?url=https%3A%2F%2Fclubdepoesia.com%2Fmonicagalindoysaramarin%2Fpoesia%2F&#038;text=Nunca%20hab%C3%ADa%20sentido%20un%20aire%20tan%20suave%C2%A0del%20libro%20TRIPAS%20de%20M%C3%B3nica%20Galindo%20y%20Sara%20Mar%C3%ADn&#038;via=poesiaerestu&#038;related=poesiaerestu' target='_blank'rel=\"noopener noreferrer\">Nunca hab\u00eda sentido un aire tan suave&nbsp;del libro TRIPAS de M\u00f3nica Galindo y Sara Mar\u00edn <\/a><\/span><a href='https:\/\/x.com\/intent\/tweet?url=https%3A%2F%2Fclubdepoesia.com%2Fmonicagalindoysaramarin%2Fpoesia%2F&#038;text=Nunca%20hab%C3%ADa%20sentido%20un%20aire%20tan%20suave%C2%A0del%20libro%20TRIPAS%20de%20M%C3%B3nica%20Galindo%20y%20Sara%20Mar%C3%ADn&#038;via=poesiaerestu&#038;related=poesiaerestu' target='_blank' class='bctt-ctt-btn'rel=\"noopener noreferrer\">Compartir en X<\/a><\/span>[\/vc_column_text][\/vc_column][\/vc_row][vc_row][vc_column extend=&#8221;false&#8221;]<div class='gambit_parallax_row' data-bg-align='' data-direction='fixed' data-opacity='100' data-velocity='-0.3' data-mobile-enabled='' data-bg-height='1600' data-bg-width='1066' data-bg-image='https:\/\/clubdepoesia.com\/monicagalindoysaramarin\/files\/2018\/11\/WhatsApp-Image-2018-07-08-at-19.51.57-1.jpeg' data-bg-repeat='false' data-id='' style='display: none'><\/div><div class=\"gambit_fullheight_row\" data-content-location=\"center\" style=\"display: none\"><\/div>[vc_column_text]\n<p style=\"text-align: center;\"><a class=\"fasc-button fasc-size-xlarge fasc-type-glossy fasc-rounded-medium\" style=\"background-color: #33809e; color: #ffffff;\" href=\"https:\/\/librodepoesia.com\/producto\/tripas-monica-galindo-y-sara-martin\/\">Comprar el libro<\/a><\/p>\n[\/vc_column_text][\/vc_column][\/vc_row][vc_row][vc_column extend=&#8221;false&#8221;][vc_column_text css=&#8221;.vc_custom_1541108977889{margin-top: -30000px !important;}&#8221;]\n<h1><strong><em><u>Poes\u00eda del libro TRIPAS de M\u00f3nica Galindo y Sara Mar\u00edn. El escritor nos da una muestra tras publicar un libro.<\/u><\/em><\/strong><\/h1>\n<h2><strong><em><u><img fetchpriority=\"high\" decoding=\"async\" class=\"alignleft size-medium wp-image-50\" src=\"https:\/\/clubdepoesia.com\/enriquesandamilgarcia\/files\/2018\/11\/CubiertaLasombrademihumo3-211x300.jpg\" alt=\"\" width=\"211\" height=\"300\">Poes\u00eda del libro TRIPAS de M\u00f3nica Galindo y Sara Mar\u00edn El poeta nos da una muestra tras publicar un libro.<\/u><\/em><\/strong><\/h2>\n<h3><strong><em><u>Poes\u00eda del libro TRIPAS de M\u00f3nica Galindo y Sara Mar\u00edn El autor nos da una muestra tras publicar un libro.<\/u><\/em><\/strong><\/h3>\n<h4><strong><em><u>Poes\u00eda del libro TRIPAS de M\u00f3nica Galindo y Sara Mar\u00edn El autor nos da una muestra tras publicar un libro.<\/u><\/em><\/strong><\/h4>\n<h5><strong><em><u>Poes\u00eda del libro TRIPAS de M\u00f3nica Galindo y Sara Mar\u00edn El autor nos da una muestra tras publicar un libro.<\/u><\/em><\/strong><\/h5>\n[\/vc_column_text][\/vc_column][\/vc_row]\n<\/div>","protected":false},"excerpt":{"rendered":"<p>[vc_row][vc_column extend=&#8221;false&#8221;][vc_column_text css=&#8221;.vc_custom_1541108977889{margin-top: -30000px !important;}&#8221;] Poes\u00eda del libro TRIPAS de M\u00f3nica Galindo y Sara Mar\u00edn. El escritor nos da una muestra tras publicar un libro. Poes\u00eda del libro TRIPAS de M\u00f3nica Galindo y Sara Mar\u00edn El poeta nos da una muestra tras publicar un libro. Poes\u00eda del libro TRIPAS de M\u00f3nica Galindo y Sara Mar\u00edn [&hellip;]<\/p>\n","protected":false},"author":24,"featured_media":0,"parent":0,"menu_order":3,"comment_status":"closed","ping_status":"closed","template":"","meta":{"footnotes":"","_links_to":"","_links_to_target":""},"class_list":["post-62","page","type-page","status-publish","hentry"],"_links":{"self":[{"href":"https:\/\/clubdepoesia.com\/monicagalindoysaramarin\/wp-json\/wp\/v2\/pages\/62","targetHints":{"allow":["GET"]}}],"collection":[{"href":"https:\/\/clubdepoesia.com\/monicagalindoysaramarin\/wp-json\/wp\/v2\/pages"}],"about":[{"href":"https:\/\/clubdepoesia.com\/monicagalindoysaramarin\/wp-json\/wp\/v2\/types\/page"}],"author":[{"embeddable":true,"href":"https:\/\/clubdepoesia.com\/monicagalindoysaramarin\/wp-json\/wp\/v2\/users\/24"}],"replies":[{"embeddable":true,"href":"https:\/\/clubdepoesia.com\/monicagalindoysaramarin\/wp-json\/wp\/v2\/comments?post=62"}],"version-history":[{"count":0,"href":"https:\/\/clubdepoesia.com\/monicagalindoysaramarin\/wp-json\/wp\/v2\/pages\/62\/revisions"}],"wp:attachment":[{"href":"https:\/\/clubdepoesia.com\/monicagalindoysaramarin\/wp-json\/wp\/v2\/media?parent=62"}],"curies":[{"name":"wp","href":"https:\/\/api.w.org\/{rel}","templated":true}]}}