{"id":30,"date":"2019-03-03T13:26:08","date_gmt":"2019-03-03T12:26:08","guid":{"rendered":"https:\/\/clubdepoesia.com\/miguelangelbaamonde\/?page_id=30"},"modified":"2019-03-04T19:17:32","modified_gmt":"2019-03-04T18:17:32","slug":"poesia","status":"publish","type":"page","link":"https:\/\/clubdepoesia.com\/miguelangelbaamonde\/poesia\/","title":{"rendered":"Poes\u00eda"},"content":{"rendered":"<div class=\"wpb-content-wrapper\">[vc_row][vc_column extend=&#8221;false&#8221;][vc_column_text css=&#8221;.vc_custom_1550956098818{margin-top: -30000px !important;}&#8221;]\n<h1><strong><em><u>Poes\u00eda del libro INTERMITENCIAS de MIGUEL \u00c1NGEL BAAMONDE. El escritor nos da una muestra tras publicar un libro.<\/u><\/em><\/strong><\/h1>\n<h2><strong><em><u><img fetchpriority=\"high\" decoding=\"async\" class=\"alignleft size-full wp-image-62\" src=\"https:\/\/clubdepoesia.com\/miguelangelbaamonde\/files\/2019\/03\/0_PortadaIntermitencias-1.jpg\" alt=\"\" width=\"559\" height=\"794\" srcset=\"https:\/\/clubdepoesia.com\/miguelangelbaamonde\/files\/2019\/03\/0_PortadaIntermitencias-1.jpg 559w, https:\/\/clubdepoesia.com\/miguelangelbaamonde\/files\/2019\/03\/0_PortadaIntermitencias-1-211x300.jpg 211w\" sizes=\"(max-width: 559px) 100vw, 559px\" \/>Poes\u00eda del libro INTERMITENCIAS de MIGUEL \u00c1NGEL BAAMONDE El poeta nos da una muestra tras publicar un libro.<\/u><\/em><\/strong><\/h2>\n<h3><strong><em><u>Poes\u00eda del libro INTERMITENCIAS de MIGUEL \u00c1NGEL BAAMONDE El autor nos da una muestra tras publicar un libro.<\/u><\/em><\/strong><\/h3>\n<h4><strong><em><u>Poes\u00eda del libro INTERMITENCIAS de MIGUEL \u00c1NGEL BAAMONDE El autor nos da una muestra tras publicar un libro.<\/u><\/em><\/strong><\/h4>\n<h5><strong><em><u>Poes\u00eda del libro INTERMITENCIAS de MIGUEL \u00c1NGEL BAAMONDE El autor nos da una muestra tras publicar un libro.<\/u><\/em><\/strong><\/h5>\n[\/vc_column_text][\/vc_column][\/vc_row][vc_row][vc_column extend=&#8221;false&#8221;]<div class='gambit_parallax_row' data-bg-align='' data-direction='fixed' data-opacity='100' data-velocity='-0.3' data-mobile-enabled='' data-bg-height='768' data-bg-width='993' data-bg-image='https:\/\/clubdepoesia.com\/miguelangelbaamonde\/files\/2019\/03\/old-clock-on-a-manuscript-book-P264P3B-Mediano.jpg' data-bg-repeat='false' data-id='' style='display: none'><\/div><div class=\"gambit_fullheight_row\" data-content-location=\"center\" style=\"display: none\"><\/div>[\/vc_column][\/vc_row][vc_row][vc_column extend=&#8221;false&#8221;][vc_column_text css=&#8221;.vc_custom_1551723374208{padding: 10% !important;}&#8221;]<a name=\"_Toc535000466\"><\/a>Surcos vac\u00edos,<\/p>\n<p>sin materia;<\/p>\n<p>se\u00f1al de nada<\/p>\n<p>inducida al viento.<\/p>\n<p>&nbsp;<\/p>\n<p>Yo,<\/p>\n<p>curioso de m\u00ed mismo,<\/p>\n<p>siento en m\u00ed el latido<\/p>\n<p>extremado<\/p>\n<p>que me se\u00f1ala en su ritmo<\/p>\n<p>c\u00f3mo se cae el tiempo.<\/p>\n<p>&nbsp;<\/p>\n<p>Y me duermo<\/p>\n<p>sin saber<\/p>\n<p>si ya<\/p>\n<p>estoy muerto<\/p>\n<p>o si continuo viviendo<\/p>\n<p>m\u00e1s all\u00e1 del entorno<\/p>\n<p>que quiere ce\u00f1irme,<\/p>\n<p>amortaj\u00e1ndome el cuerpo.<\/p>\n<p>&nbsp;<\/p>\n<p>&nbsp;<\/p>\n<span class='bctt-click-to-tweet'><span class='bctt-ctt-text'><a href='https:\/\/x.com\/intent\/tweet?url=https%3A%2F%2Fclubdepoesia.com%2Fmiguelangelbaamonde%2Fpoesia%2F&#038;text=Surcos%20vac%C3%ADos%C2%A0del%20libro%20INTERMITENCIAS%20de%20MIGUEL%20%C3%81NGEL%20BAAMONDE&#038;via=poesiaerestu&#038;related=poesiaerestu' target='_blank'rel=\"noopener noreferrer\">Surcos vac\u00edos&nbsp;del libro INTERMITENCIAS de MIGUEL \u00c1NGEL BAAMONDE <\/a><\/span><a href='https:\/\/x.com\/intent\/tweet?url=https%3A%2F%2Fclubdepoesia.com%2Fmiguelangelbaamonde%2Fpoesia%2F&#038;text=Surcos%20vac%C3%ADos%C2%A0del%20libro%20INTERMITENCIAS%20de%20MIGUEL%20%C3%81NGEL%20BAAMONDE&#038;via=poesiaerestu&#038;related=poesiaerestu' target='_blank' class='bctt-ctt-btn'rel=\"noopener noreferrer\">Compartir en X<\/a><\/span>[\/vc_column_text][\/vc_column][\/vc_row][vc_row][vc_column extend=&#8221;false&#8221;]<div class='gambit_parallax_row' data-bg-align='' data-direction='fixed' data-opacity='100' data-velocity='-0.3' data-mobile-enabled='' data-bg-height='670' data-bg-width='1366' data-bg-image='https:\/\/clubdepoesia.com\/miguelangelbaamonde\/files\/2019\/03\/vintage-books-and-pocket-watch-on-dark-background-P2YAJLT-Mediano.jpg' data-bg-repeat='false' data-id='' style='display: none'><\/div><div class=\"gambit_fullheight_row\" data-content-location=\"center\" style=\"display: none\"><\/div>[\/vc_column][\/vc_row][vc_row][vc_column extend=&#8221;false&#8221;][vc_column_text css=&#8221;.vc_custom_1551723406089{padding: 10% !important;}&#8221;]<a name=\"_Toc535000475\"><\/a>Dios no es, est\u00e1 en m\u00ed<\/p>\n<p>\u2014no yo en \u00e9l\u2014<\/p>\n<p>que lo levanto en mi idea<\/p>\n<p>hasta que lo alcanza el otro,<\/p>\n<p>que lo completa.<\/p>\n<p>&nbsp;<\/p>\n<p>Le doy la forma que quiere,<\/p>\n<p>que desea,<\/p>\n<p>unific\u00e1ndola con otros<\/p>\n<p>hasta dejarla ya plena.<\/p>\n<p>&nbsp;<\/p>\n<p>Solo entonces,<\/p>\n<p>y no previo,<\/p>\n<p>dios es el Dios que nos crea,<\/p>\n<p>porque siempre, un poco antes,<\/p>\n<p>nosotros<\/p>\n<p>le dimos su real existencia.<\/p>\n<p>&nbsp;<\/p>\n<p>&nbsp;<\/p>\n<p>&nbsp;<\/p>\n<span class='bctt-click-to-tweet'><span class='bctt-ctt-text'><a href='https:\/\/x.com\/intent\/tweet?url=https%3A%2F%2Fclubdepoesia.com%2Fmiguelangelbaamonde%2Fpoesia%2F&#038;text=Dios%20no%20es%2C%20est%C3%A1%20en%20m%C3%AD%C2%A0del%20libro%20INTERMITENCIAS%20de%20MIGUEL%20%C3%81NGEL%20BAAMONDE&#038;via=poesiaerestu&#038;related=poesiaerestu' target='_blank'rel=\"noopener noreferrer\">Dios no es, est\u00e1 en m\u00ed&nbsp;del libro INTERMITENCIAS de MIGUEL \u00c1NGEL BAAMONDE <\/a><\/span><a href='https:\/\/x.com\/intent\/tweet?url=https%3A%2F%2Fclubdepoesia.com%2Fmiguelangelbaamonde%2Fpoesia%2F&#038;text=Dios%20no%20es%2C%20est%C3%A1%20en%20m%C3%AD%C2%A0del%20libro%20INTERMITENCIAS%20de%20MIGUEL%20%C3%81NGEL%20BAAMONDE&#038;via=poesiaerestu&#038;related=poesiaerestu' target='_blank' class='bctt-ctt-btn'rel=\"noopener noreferrer\">Compartir en X<\/a><\/span>\n<p>&nbsp;<\/p>\n<p>&nbsp;[\/vc_column_text][\/vc_column][\/vc_row][vc_row][vc_column extend=&#8221;false&#8221;]<div class='gambit_parallax_row' data-bg-align='' data-direction='fixed' data-opacity='100' data-velocity='-0.3' data-mobile-enabled='' data-bg-height='768' data-bg-width='1152' data-bg-image='https:\/\/clubdepoesia.com\/miguelangelbaamonde\/files\/2019\/03\/coffee-and-books-on-desk-PNQ8CE8-Mediano.jpg' data-bg-repeat='false' data-id='' style='display: none'><\/div><div class=\"gambit_fullheight_row\" data-content-location=\"center\" style=\"display: none\"><\/div>[\/vc_column][\/vc_row][vc_row][vc_column extend=&#8221;false&#8221;][vc_column_text css=&#8221;.vc_custom_1551723423027{padding: 10% !important;}&#8221;]<a name=\"_Toc535000489\"><\/a>Se perfila n\u00edtida,<\/p>\n<p>precisa,<\/p>\n<p>como fondo del cuadro.<\/p>\n<p>&nbsp;<\/p>\n<p>Emerge altiva, compacta,<\/p>\n<p>firme<\/p>\n<p>como un seno de mujer.<\/p>\n<p>&nbsp;<\/p>\n<p>Creo ver, o a tal vez me lo imagino,<\/p>\n<p>sus perfiles naturales,<\/p>\n<p>sus se\u00f1ales de arboleda, jara, maleza,<\/p>\n<p>alg\u00fan caminillo que serpea<\/p>\n<p>al hilo del ascenso.<\/p>\n<p>&nbsp;<\/p>\n<p>Muda, quieta,<\/p>\n<p>como una verruga<\/p>\n<p>que le sale a la tierra,<\/p>\n<p>permanece.<\/p>\n<p>&nbsp;<\/p>\n<p>La monta\u00f1a es eso.<\/p>\n<p>Una afirmaci\u00f3n de la naturaleza<\/p>\n<p>que est\u00e1 ah\u00ed, como ense\u00f1anza<\/p>\n<p>de las cosas que nunca se comprenden.<\/p>\n<p>&nbsp;<\/p>\n<span class='bctt-click-to-tweet'><span class='bctt-ctt-text'><a href='https:\/\/x.com\/intent\/tweet?url=https%3A%2F%2Fclubdepoesia.com%2Fmiguelangelbaamonde%2Fpoesia%2F&#038;text=Se%20perfila%20n%C3%ADtida%C2%A0de%20INTERMITENCIAS%20de%20MIGUEL%20%C3%81NGEL%20BAAMONDE&#038;via=poesiaerestu&#038;related=poesiaerestu' target='_blank'rel=\"noopener noreferrer\">Se perfila n\u00edtida&nbsp;de INTERMITENCIAS de MIGUEL \u00c1NGEL BAAMONDE <\/a><\/span><a href='https:\/\/x.com\/intent\/tweet?url=https%3A%2F%2Fclubdepoesia.com%2Fmiguelangelbaamonde%2Fpoesia%2F&#038;text=Se%20perfila%20n%C3%ADtida%C2%A0de%20INTERMITENCIAS%20de%20MIGUEL%20%C3%81NGEL%20BAAMONDE&#038;via=poesiaerestu&#038;related=poesiaerestu' target='_blank' class='bctt-ctt-btn'rel=\"noopener noreferrer\">Compartir en X<\/a><\/span>[\/vc_column_text][\/vc_column][\/vc_row][vc_row][vc_column extend=&#8221;false&#8221;]<div class='gambit_parallax_row' data-bg-align='' data-direction='fixed' data-opacity='100' data-velocity='-0.3' data-mobile-enabled='' data-bg-height='768' data-bg-width='1152' data-bg-image='https:\/\/clubdepoesia.com\/miguelangelbaamonde\/files\/2019\/03\/globe-on-floor-of-library-P76DBAH-Mediano.jpg' data-bg-repeat='false' data-id='' style='display: none'><\/div><div class=\"gambit_fullheight_row\" data-content-location=\"center\" style=\"display: none\"><\/div>[\/vc_column][\/vc_row][vc_row][vc_column extend=&#8221;false&#8221;][vc_column_text css=&#8221;.vc_custom_1551723441552{padding: 10% !important;}&#8221;]\n<h1>&nbsp;<\/h1>\n<h1><a name=\"_Toc532310779\"><\/a><\/h1>\n<h1><a name=\"_Toc535000501\"><\/a><strong>CEMENTERIO MUNICIPAL<\/strong><\/h1>\n<p>&nbsp;<\/p>\n<p>Est\u00e1n todos.<\/p>\n<p>Los propios,<\/p>\n<p>los extra\u00f1os,<\/p>\n<p>aquellos que incluso no se conocen<\/p>\n<p>o est\u00e1n ya olvidados.<\/p>\n<p>&nbsp;<\/p>\n<p>Largas filas de nombres<\/p>\n<p>silenciosos, que,<\/p>\n<p>sin embargo,<\/p>\n<p>nos dicen<\/p>\n<p>que si nosotros somos algo<\/p>\n<p>es porque ellos<\/p>\n<p>se adelantaron.<\/p>\n<p>&nbsp;<\/p>\n<p>&nbsp;<\/p>\n<p>Y el olvido en el que quedan,<\/p>\n<p>arrinconados,<\/p>\n<p>lo rompemos, contritos,<\/p>\n<p>un d\u00eda se\u00f1alado<\/p>\n<p>cada a\u00f1o.<\/p>\n<h1>&nbsp;<\/h1>\n<span class='bctt-click-to-tweet'><span class='bctt-ctt-text'><a href='https:\/\/x.com\/intent\/tweet?url=https%3A%2F%2Fclubdepoesia.com%2Fmiguelangelbaamonde%2Fpoesia%2F&#038;text=CEMENTERIO%20MUNICIPAL%C2%A0del%20libro%20INTERMITENCIAS%20de%20MIGUEL%20%C3%81NGEL%20BAAMONDE&#038;via=poesiaerestu&#038;related=poesiaerestu' target='_blank'rel=\"noopener noreferrer\">CEMENTERIO MUNICIPAL&nbsp;del libro INTERMITENCIAS de MIGUEL \u00c1NGEL BAAMONDE <\/a><\/span><a href='https:\/\/x.com\/intent\/tweet?url=https%3A%2F%2Fclubdepoesia.com%2Fmiguelangelbaamonde%2Fpoesia%2F&#038;text=CEMENTERIO%20MUNICIPAL%C2%A0del%20libro%20INTERMITENCIAS%20de%20MIGUEL%20%C3%81NGEL%20BAAMONDE&#038;via=poesiaerestu&#038;related=poesiaerestu' target='_blank' class='bctt-ctt-btn'rel=\"noopener noreferrer\">Compartir en X<\/a><\/span>[\/vc_column_text][\/vc_column][\/vc_row][vc_row][vc_column extend=&#8221;false&#8221;]<div class='gambit_parallax_row' data-bg-align='' data-direction='fixed' data-opacity='100' data-velocity='-0.3' data-mobile-enabled='' data-bg-height='1198' data-bg-width='768' data-bg-image='https:\/\/clubdepoesia.com\/miguelangelbaamonde\/files\/2019\/03\/stack-of-books-on-white-reflective-surface-P2WQME5-Mediano.jpg' data-bg-repeat='false' data-id='' style='display: none'><\/div><div class=\"gambit_fullheight_row\" data-content-location=\"center\" style=\"display: none\"><\/div>[vc_column_text]\n<p style=\"text-align: center;\"><a class=\"fasc-button fasc-size-xlarge fasc-type-glossy fasc-rounded-medium\" style=\"background-color: #33809e; color: #ffffff;\" href=\"https:\/\/librodepoesia.com\/producto\/intermitencias-miguel-angel-baamonde\/\">Comprar el libro<\/a><\/p>\n[\/vc_column_text][\/vc_column][\/vc_row][vc_row][vc_column extend=&#8221;false&#8221;][vc_column_text css=&#8221;.vc_custom_1549215104378{margin-top: -30000px !important;}&#8221;]\n<h1><strong><em><u>Poes\u00eda del libro INTERMITENCIAS de MIGUEL \u00c1NGEL BAAMONDE. El escritor nos da una muestra tras publicar un libro.<\/u><\/em><\/strong><\/h1>\n<h2><strong><em><u>Poes\u00eda del libro INTERMITENCIAS de MIGUEL \u00c1NGEL BAAMONDE El poeta nos da una muestra tras publicar un libro.<\/u><\/em><\/strong><\/h2>\n<h3><strong><em><u>Poes\u00eda del libro INTERMITENCIAS de MIGUEL \u00c1NGEL BAAMONDE El autor nos da una muestra tras publicar un libro.<\/u><\/em><\/strong><\/h3>\n<h4><strong><em><u>Poes\u00eda del libro INTERMITENCIAS de MIGUEL \u00c1NGEL BAAMONDE El autor nos da una muestra tras publicar un libro.<\/u><\/em><\/strong><\/h4>\n<h5><strong><em><u>Poes\u00eda del libro INTERMITENCIAS de MIGUEL \u00c1NGEL BAAMONDE El autor nos da una muestra tras publicar un libro.<\/u><\/em><\/strong><\/h5>\n[\/vc_column_text][\/vc_column][\/vc_row]\n<\/div>","protected":false},"excerpt":{"rendered":"<p>[vc_row][vc_column extend=&#8221;false&#8221;][vc_column_text css=&#8221;.vc_custom_1550956098818{margin-top: -30000px !important;}&#8221;] Poes\u00eda del libro INTERMITENCIAS de MIGUEL \u00c1NGEL BAAMONDE. El escritor nos da una muestra tras publicar un libro. Poes\u00eda del libro INTERMITENCIAS de MIGUEL \u00c1NGEL BAAMONDE El poeta nos da una muestra tras publicar un libro. Poes\u00eda del libro INTERMITENCIAS de MIGUEL \u00c1NGEL BAAMONDE El autor nos da una muestra [&hellip;]<\/p>\n","protected":false},"author":24,"featured_media":0,"parent":0,"menu_order":3,"comment_status":"closed","ping_status":"closed","template":"","meta":{"footnotes":"","_links_to":"","_links_to_target":""},"class_list":["post-30","page","type-page","status-publish","hentry"],"_links":{"self":[{"href":"https:\/\/clubdepoesia.com\/miguelangelbaamonde\/wp-json\/wp\/v2\/pages\/30","targetHints":{"allow":["GET"]}}],"collection":[{"href":"https:\/\/clubdepoesia.com\/miguelangelbaamonde\/wp-json\/wp\/v2\/pages"}],"about":[{"href":"https:\/\/clubdepoesia.com\/miguelangelbaamonde\/wp-json\/wp\/v2\/types\/page"}],"author":[{"embeddable":true,"href":"https:\/\/clubdepoesia.com\/miguelangelbaamonde\/wp-json\/wp\/v2\/users\/24"}],"replies":[{"embeddable":true,"href":"https:\/\/clubdepoesia.com\/miguelangelbaamonde\/wp-json\/wp\/v2\/comments?post=30"}],"version-history":[{"count":0,"href":"https:\/\/clubdepoesia.com\/miguelangelbaamonde\/wp-json\/wp\/v2\/pages\/30\/revisions"}],"wp:attachment":[{"href":"https:\/\/clubdepoesia.com\/miguelangelbaamonde\/wp-json\/wp\/v2\/media?parent=30"}],"curies":[{"name":"wp","href":"https:\/\/api.w.org\/{rel}","templated":true}]}}