{"id":79,"date":"2019-03-19T17:45:35","date_gmt":"2019-03-19T17:45:35","guid":{"rendered":"https:\/\/clubdepoesia.com\/martinparedesaparicio\/?page_id=79"},"modified":"2019-03-19T17:47:39","modified_gmt":"2019-03-19T17:47:39","slug":"entrevista","status":"publish","type":"page","link":"https:\/\/clubdepoesia.com\/martinparedesaparicio\/entrevista\/","title":{"rendered":"Entrevista"},"content":{"rendered":"<p>Entrevista Revista Poes\u00eda eres t\u00fa 19 de marzo de 2019<\/p>\n<p>Mart\u00edn Paredes Aparicio tras publicar <em>Versos de vida y alma<\/em>, publica con la Editorial Poes\u00eda eres t\u00fa:\u00a0<em>La voz de los callados<\/em>\u00a0y\u00a0<em>Siete cruces y un nazareno<\/em>, dos poemarios de diferentes tem\u00e1ticas unidos por la voz del poeta.<\/p>\n<p><strong>P.-\u00bfPor qu\u00e9 el t\u00edtulo <em>La voz de los callados<\/em>? \u00bfTrata tu libro de expresar lo que nadie se atreve a decir? \u00bfQui\u00e9nes son los callados?<\/strong><\/p>\n<p>&nbsp;<\/p>\n<p>R.-Con el t\u00edtulo La voz de los callados pretendo crear un lema que englobe a todos los descarriados de la tierra, a todos aquellos que el sistema oprime y no rescata ni ayuda.<\/p>\n<p>S\u00ed, en cierto modo con estos poemas hago de portavoz de aquello que no nos atrevemos a decir, ya sea por miedo, por verg\u00fcenza y quiz\u00e1s lo m\u00e1s triste sea lo siguiente: no hablamos para defender nuestros intereses a costa del menoscabo de los derechos de los dem\u00e1s.<\/p>\n<p>Los callados son el mendigo, el desahuciado, el pobre; pero tambi\u00e9n todo aquel que no piensa como nosotros, aquel que nos dice la verdad y nos duele. Por lo que para que nuestra conciencia siga tranquila, intentamos siempre evitarlos.<\/p>\n<p>&nbsp;<\/p>\n<p><strong>P.-Tu estilo realista, con una notable influencia de la escuela andaluza, no exento de met\u00e1foras sencillas, llega con facilidad al lector. \u00bfTratabas de trasmitir un mensaje al lector? \u00bfPensabas en el lector cuando escrib\u00edas <em>La voz de los callados <\/em>o escrib\u00edas solo para ti?<\/strong><\/p>\n<p>&nbsp;<\/p>\n<p>R.-Ciertamente cuando escribes quieres que los dem\u00e1s te lean, que tus poemas lleguen al lector. Pero la primera regla tiene que ser escribir para ti, y reflexionar. Ser coherente con lo que escribes y llevarlo a la pr\u00e1ctica. Sobre todo cuando tu poes\u00eda intenta remover conciencias.<\/p>\n<p>&nbsp;<\/p>\n<p><strong>P.-En <em>La voz de los callados<\/em> dices en un poema que se titula \u201cLa monta\u00f1a\u201d: \u201cHay una nube y es blanca. En ella \/ viajan las met\u00e1foras que nunca podremos \/ escribir\u201d. \u00bfPor qu\u00e9 es tan importante la met\u00e1fora para la poes\u00eda? \u00bfQu\u00e9 es m\u00e1s importante el contenido del poema o la forma de expresarlo?<\/strong><\/p>\n<p>&nbsp;<\/p>\n<p>R.-La met\u00e1fora es el alma de la poes\u00eda, es la piel que con facilidad muda, para luego volver a nacer. Es necesaria para que el poema pueda ser entendido y a la vez adquiera belleza. La semejanza entre conceptos solo se puede conseguir a trav\u00e9s de la met\u00e1fora.<\/p>\n<p>Por tanto para m\u00ed tiene igual de importancia el contenido y la forma de expresar el mismo: aunque evidentemente la poes\u00eda siempre debe de buscar la belleza.<\/p>\n<p>&nbsp;<\/p>\n<p><strong>P.-En tu tercer libro <em>Siete cruces y un nazareno<\/em>, haces un homenaje a la Semana Santa de Ja\u00e9n. \u00bfPor qu\u00e9 ese t\u00edtulo?<\/strong><\/p>\n<p>&nbsp;<\/p>\n<p>R.-La Semana Santa de Ja\u00e9n es muy rica en imaginer\u00eda, destacando los siete Crucificados y sobre todo Jes\u00fas de los Descalzos \u2014el Nazareno\u2014 que yo creo que puede ser la imagen con m\u00e1s devoci\u00f3n de Andaluc\u00eda y me atrever\u00eda a decir que hasta de Espa\u00f1a, siempre con toda la humildad y respeto hacia las dem\u00e1s im\u00e1genes. Pues no olvidemos que representan todas a Jes\u00fas.<\/p>\n<p>Ciertamente hago un homenaje a la Semana Santa de Ja\u00e9n que poco a poco va perdiendo su identidad y esencia a favor de otras Semanas Santas for\u00e1neas.<\/p>\n<p>&nbsp;<\/p>\n<p><strong>P.-\u00bfC\u00f3mo es esa Semana Santa que describes en tu libro? \u00bfEs la Semana Santa una tradici\u00f3n cultural o forma parte del sentir religioso de un pueblo?<\/strong><\/p>\n<p>&nbsp;<\/p>\n<p>R.-La Semana Santa que describo en mi libro es a la vez una tradici\u00f3n cultural heredada de nuestros mayores y tambi\u00e9n es un sentir religioso popular, que escapa entre comillas al control y a las normas de la Iglesia. El pueblo vuelca sus devociones a trav\u00e9s de las im\u00e1genes que salen en procesi\u00f3n. Durante estas manifestaciones el pueblo tiene un dialogo directo con Jes\u00fas y su madre, sin necesidad de intermediarios.<\/p>\n<p>&nbsp;<\/p>\n<p><strong>P.-En <em>Siete cruces y un nazareno<\/em> utilizas inevitablemente la eleg\u00eda como forma de expresi\u00f3n, sin embargo, utilizas tambi\u00e9n un lenguaje muy descriptivo muy propio de la voz de tus anteriores poemarios. \u00bfHa sido natural el congeniar estas dos formas po\u00e9ticas o lo has forzado para conseguir el efecto que buscabas?<\/strong><\/p>\n<p>&nbsp;<\/p>\n<p>R.-La eleg\u00eda es la mejor forma de expresi\u00f3n para hacer un poemario religioso. Pero tambi\u00e9n en mi poemario identifico la tradici\u00f3n de mi tierra. Y as\u00ed logro una simbiosis m\u00e1s o menos aceptable. Y siendo honesto y sin parecer pretencioso en ning\u00fan momento fuerzo la composici\u00f3n del poema: me sale de forma natural, supongo que ser\u00e1 mi manera de escribir.<\/p>\n<p>&nbsp;<\/p>\n<p><strong>P.-\u00bfCu\u00e1les han sido los poetas que m\u00e1s te han influido y cu\u00e1les los libros que recomendar\u00edas a otros lectores?<\/strong><\/p>\n<p>&nbsp;<\/p>\n<p>R.-Es una pregunta a la vez habitual y dif\u00edcil, pues tengo muy buenos amigos y amigas poetas de los que aprendo continuamente. En Ja\u00e9n hay grandes autores como son Juan Molina Damiani y Javier Cano espejos en los que trato de mirarme para seguir mejorando. Otros autores que me influyen son Miguel \u00c1ngel Ca\u00f1ada, Juanma Villar y Paco Vel\u00e1zquez.<\/p>\n<p>Respecto a otras autoras me encanta la poes\u00eda de Roc\u00edo Biedma, Gloria Cutillas, Josefina Buytrago y Lola Fontecha.<\/p>\n<p>Todos estos poetas tienen libros magn\u00edficos y adem\u00e1s han obtenido infinidad de premios. Como obras destacar\u00eda: \u201cEl V\u00e9rtigo de la Lib\u00e9lula\u201d \u201cLa Leyenda de Lexy\u201d Salvoconducto\u201d \u201cTu luz diaria\u201d \u201c Divagaci\u00f3n nocturna\u201d<\/p>\n<p>Y l\u00f3gicamente siempre vuelvo a los cl\u00e1sicos y a la poes\u00eda del Noventayocho y del Veintisiete, sin olvidarme de los grandes poetas contempor\u00e1neos de este pa\u00eds a los que sigo con gran reverencia.<\/p>\n<p>&nbsp;<\/p>\n<p><strong>P.-\u00bfHas empezado a trabajar ya en tu cuarto poemario? \u00bfHabr\u00e1 un cuarto libro?<\/strong><\/p>\n<p>&nbsp;<\/p>\n<p>R.-He empezado a trabajar en mi cuarto poemario. Pero esta vez lo har\u00e9 con m\u00e1s calma, midiendo mejor los tiempos y sin tener prisa. Quiero seguir aprendiendo, corrigiendo los poemas con m\u00e1s tranquilidad.<\/p>\n<p>Si todo va bien habr\u00e1 un cuarto libro.<\/p>\n<p>&nbsp;<\/p>\n","protected":false},"excerpt":{"rendered":"<p>Entrevista Revista Poes\u00eda eres t\u00fa 19 de marzo de 2019 Mart\u00edn Paredes Aparicio tras publicar Versos de vida y alma, publica con la Editorial Poes\u00eda eres t\u00fa:\u00a0La voz de los callados\u00a0y\u00a0Siete cruces y un nazareno, dos poemarios de diferentes tem\u00e1ticas unidos por la voz del poeta. P.-\u00bfPor qu\u00e9 el t\u00edtulo La voz de los callados? [&hellip;]<\/p>\n","protected":false},"author":24,"featured_media":0,"parent":0,"menu_order":5,"comment_status":"closed","ping_status":"closed","template":"","meta":{"footnotes":"","_links_to":"","_links_to_target":""},"class_list":["post-79","page","type-page","status-publish","hentry"],"_links":{"self":[{"href":"https:\/\/clubdepoesia.com\/martinparedesaparicio\/wp-json\/wp\/v2\/pages\/79","targetHints":{"allow":["GET"]}}],"collection":[{"href":"https:\/\/clubdepoesia.com\/martinparedesaparicio\/wp-json\/wp\/v2\/pages"}],"about":[{"href":"https:\/\/clubdepoesia.com\/martinparedesaparicio\/wp-json\/wp\/v2\/types\/page"}],"author":[{"embeddable":true,"href":"https:\/\/clubdepoesia.com\/martinparedesaparicio\/wp-json\/wp\/v2\/users\/24"}],"replies":[{"embeddable":true,"href":"https:\/\/clubdepoesia.com\/martinparedesaparicio\/wp-json\/wp\/v2\/comments?post=79"}],"version-history":[{"count":0,"href":"https:\/\/clubdepoesia.com\/martinparedesaparicio\/wp-json\/wp\/v2\/pages\/79\/revisions"}],"wp:attachment":[{"href":"https:\/\/clubdepoesia.com\/martinparedesaparicio\/wp-json\/wp\/v2\/media?parent=79"}],"curies":[{"name":"wp","href":"https:\/\/api.w.org\/{rel}","templated":true}]}}

<p>Entrevista Revista Poesía eres tú 19 de marzo de 2019</p>
<p>Martín Paredes Aparicio tras publicar <em>Versos de vida y alma</em>, publica con la Editorial Poesía eres tú: <em>La voz de los callados</em> y <em>Siete cruces y un nazareno</em>, dos poemarios de diferentes temáticas unidos por la voz del poeta.</p>
<p><strong>P.-¿Por qué el título <em>La voz de los callados</em>? ¿Trata tu libro de expresar lo que nadie se atreve a decir? ¿Quiénes son los callados?</strong></p>
<p>&nbsp;</p>
<p>R.-Con el título La voz de los callados pretendo crear un lema que englobe a todos los descarriados de la tierra, a todos aquellos que el sistema oprime y no rescata ni ayuda.</p>
<p>Sí, en cierto modo con estos poemas hago de portavoz de aquello que no nos atrevemos a decir, ya sea por miedo, por vergüenza y quizás lo más triste sea lo siguiente: no hablamos para defender nuestros intereses a costa del menoscabo de los derechos de los demás.</p>
<p>Los callados son el mendigo, el desahuciado, el pobre; pero también todo aquel que no piensa como nosotros, aquel que nos dice la verdad y nos duele. Por lo que para que nuestra conciencia siga tranquila, intentamos siempre evitarlos.</p>
<p>&nbsp;</p>
<p><strong>P.-Tu estilo realista, con una notable influencia de la escuela andaluza, no exento de metáforas sencillas, llega con facilidad al lector. ¿Tratabas de trasmitir un mensaje al lector? ¿Pensabas en el lector cuando escribías <em>La voz de los callados </em>o escribías solo para ti?</strong></p>
<p>&nbsp;</p>
<p>R.-Ciertamente cuando escribes quieres que los demás te lean, que tus poemas lleguen al lector. Pero la primera regla tiene que ser escribir para ti, y reflexionar. Ser coherente con lo que escribes y llevarlo a la práctica. Sobre todo cuando tu poesía intenta remover conciencias.</p>
<p>&nbsp;</p>
<p><strong>P.-En <em>La voz de los callados</em> dices en un poema que se titula “La montaña”: “Hay una nube y es blanca. En ella / viajan las metáforas que nunca podremos / escribir”. ¿Por qué es tan importante la metáfora para la poesía? ¿Qué es más importante el contenido del poema o la forma de expresarlo?</strong></p>
<p>&nbsp;</p>
<p>R.-La metáfora es el alma de la poesía, es la piel que con facilidad muda, para luego volver a nacer. Es necesaria para que el poema pueda ser entendido y a la vez adquiera belleza. La semejanza entre conceptos solo se puede conseguir a través de la metáfora.</p>
<p>Por tanto para mí tiene igual de importancia el contenido y la forma de expresar el mismo: aunque evidentemente la poesía siempre debe de buscar la belleza.</p>
<p>&nbsp;</p>
<p><strong>P.-En tu tercer libro <em>Siete cruces y un nazareno</em>, haces un homenaje a la Semana Santa de Jaén. ¿Por qué ese título?</strong></p>
<p>&nbsp;</p>
<p>R.-La Semana Santa de Jaén es muy rica en imaginería, destacando los siete Crucificados y sobre todo Jesús de los Descalzos —el Nazareno— que yo creo que puede ser la imagen con más devoción de Andalucía y me atrevería a decir que hasta de España, siempre con toda la humildad y respeto hacia las demás imágenes. Pues no olvidemos que representan todas a Jesús.</p>
<p>Ciertamente hago un homenaje a la Semana Santa de Jaén que poco a poco va perdiendo su identidad y esencia a favor de otras Semanas Santas foráneas.</p>
<p>&nbsp;</p>
<p><strong>P.-¿Cómo es esa Semana Santa que describes en tu libro? ¿Es la Semana Santa una tradición cultural o forma parte del sentir religioso de un pueblo?</strong></p>
<p>&nbsp;</p>
<p>R.-La Semana Santa que describo en mi libro es a la vez una tradición cultural heredada de nuestros mayores y también es un sentir religioso popular, que escapa entre comillas al control y a las normas de la Iglesia. El pueblo vuelca sus devociones a través de las imágenes que salen en procesión. Durante estas manifestaciones el pueblo tiene un dialogo directo con Jesús y su madre, sin necesidad de intermediarios.</p>
<p>&nbsp;</p>
<p><strong>P.-En <em>Siete cruces y un nazareno</em> utilizas inevitablemente la elegía como forma de expresión, sin embargo, utilizas también un lenguaje muy descriptivo muy propio de la voz de tus anteriores poemarios. ¿Ha sido natural el congeniar estas dos formas poéticas o lo has forzado para conseguir el efecto que buscabas?</strong></p>
<p>&nbsp;</p>
<p>R.-La elegía es la mejor forma de expresión para hacer un poemario religioso. Pero también en mi poemario identifico la tradición de mi tierra. Y así logro una simbiosis más o menos aceptable. Y siendo honesto y sin parecer pretencioso en ningún momento fuerzo la composición del poema: me sale de forma natural, supongo que será mi manera de escribir.</p>
<p>&nbsp;</p>
<p><strong>P.-¿Cuáles han sido los poetas que más te han influido y cuáles los libros que recomendarías a otros lectores?</strong></p>
<p>&nbsp;</p>
<p>R.-Es una pregunta a la vez habitual y difícil, pues tengo muy buenos amigos y amigas poetas de los que aprendo continuamente. En Jaén hay grandes autores como son Juan Molina Damiani y Javier Cano espejos en los que trato de mirarme para seguir mejorando. Otros autores que me influyen son Miguel Ángel Cañada, Juanma Villar y Paco Velázquez.</p>
<p>Respecto a otras autoras me encanta la poesía de Rocío Biedma, Gloria Cutillas, Josefina Buytrago y Lola Fontecha.</p>
<p>Todos estos poetas tienen libros magníficos y además han obtenido infinidad de premios. Como obras destacaría: “El Vértigo de la Libélula” “La Leyenda de Lexy” Salvoconducto” “Tu luz diaria” “ Divagación nocturna”</p>
<p>Y lógicamente siempre vuelvo a los clásicos y a la poesía del Noventayocho y del Veintisiete, sin olvidarme de los grandes poetas contemporáneos de este país a los que sigo con gran reverencia.</p>
<p>&nbsp;</p>
<p><strong>P.-¿Has empezado a trabajar ya en tu cuarto poemario? ¿Habrá un cuarto libro?</strong></p>
<p>&nbsp;</p>
<p>R.-He empezado a trabajar en mi cuarto poemario. Pero esta vez lo haré con más calma, midiendo mejor los tiempos y sin tener prisa. Quiero seguir aprendiendo, corrigiendo los poemas con más tranquilidad.</p>
<p>Si todo va bien habrá un cuarto libro.</p>
<p>&nbsp;</p>

<p>Entrevista Revista Poesía eres tú 19 de marzo de 2019 Martín Paredes Aparicio tras publicar Versos de vida y alma, publica con la Editorial Poesía eres tú: La voz de los callados y Siete cruces y un nazareno, dos poemarios de diferentes temáticas unidos por la voz del poeta. P.-¿Por qué el título La voz de los callados? [&hellip;]</p>
