{"id":62,"date":"2016-06-10T22:19:42","date_gmt":"2016-06-10T22:19:42","guid":{"rendered":"http:\/\/clubdepoesia.com\/mariceldelahoz\/?page_id=62"},"modified":"2016-06-10T23:09:16","modified_gmt":"2016-06-10T23:09:16","slug":"poesia","status":"publish","type":"page","link":"https:\/\/clubdepoesia.com\/mariceldelahoz\/poesia\/","title":{"rendered":"Poes\u00eda"},"content":{"rendered":"<div class=\"wpb-content-wrapper\">[vc_row][vc_column]<div class='gambit_parallax_row' data-bg-align='' data-direction='up' data-opacity='100' data-velocity='-0.3' data-mobile-enabled='parallax-enable-mobile' data-bg-height='1365' data-bg-width='2048' data-bg-image='https:\/\/clubdepoesia.com\/mariceldelahoz\/files\/2016\/06\/13.jpg' data-bg-repeat='false' data-id='' style='display: none'><\/div><div class=\"gambit_fullheight_row\" data-content-location=\"center\" style=\"display: none\"><\/div>[\/vc_column][\/vc_row][vc_row][vc_column][row_scroll entrance=&#8221;fly-left&#8221; exit=&#8221;fly-left&#8221;][vc_column_text]<a name=\"_Toc447559323\"><\/a><strong>E<\/strong><strong>l canto dibujado<\/strong><\/p>\n<p>&nbsp;<\/p>\n<p>En el \u00e1rbol que guarda mi ventana<\/p>\n<p>Cantaba melodioso un ruise\u00f1or<\/p>\n<p>Sus trinos en rel\u00e1mpagos floridos<\/p>\n<p>Iluminaron mi cristal y mi raz\u00f3n<\/p>\n<p>Asomada a la floresta yo qued\u00e9<\/p>\n<p>Quer\u00eda ver esos sonidos dibujados<\/p>\n<p>Y vol\u00f3 el ruise\u00f1or despavorido<\/p>\n<p>Al ver en mis ojos su canto reflejado<\/p>\n<p>No temas alegr\u00eda de los d\u00edas<\/p>\n<p>De las noches<\/p>\n<p>Con tus trinos como estrellas<\/p>\n<p>No te he robado<\/p>\n<p>El canto que a ti fue transferido<\/p>\n<p>S\u00f3lo guardo para m\u00ed tu melod\u00eda<\/p>\n<p>Tu vuelo de sonidos coloreados<\/p>\n<p>T\u00fa eres y ser\u00e1s en ser y estar<\/p>\n<p>Siempre<\/p>\n<p>El canto dibujado[\/vc_column_text][\/vc_column][\/vc_row][vc_row][vc_column]<div class='gambit_parallax_row' data-bg-align='' data-direction='down' data-opacity='100' data-velocity='-0.3' data-mobile-enabled='parallax-enable-mobile' data-bg-height='2160' data-bg-width='3533' data-bg-image='https:\/\/clubdepoesia.com\/mariceldelahoz\/files\/2016\/06\/187.jpg' data-bg-repeat='false' data-id='' style='display: none'><\/div><div class=\"gambit_fullheight_row\" data-content-location=\"center\" style=\"display: none\"><\/div>[\/vc_column][\/vc_row][vc_row][vc_column][row_scroll entrance=&#8221;fly-right&#8221; exit=&#8221;fly-right&#8221;][vc_column_text]<a name=\"_Toc447559323\"><\/a><\/p>\n<p><a name=\"_Toc447559326\"><\/a><strong>P<\/strong><strong>erfumada conciencia<\/strong><\/p>\n<p>&nbsp;<\/p>\n<p>Tierra<\/p>\n<p>D\u00e9jame respirar el paisaje<\/p>\n<p>Que pone roc\u00edo en la boca de mis pensamientos<\/p>\n<p>Tierra de entierro y de destierro<\/p>\n<p>De canto enraizado<\/p>\n<p>En la melod\u00eda \u00fanica del cuerpo<\/p>\n<p>Tierra que me respiras<\/p>\n<p>Con el sol y la luna de la mano<\/p>\n<p>D\u00e9jame ser brisa<\/p>\n<p>Sobre el bosque de la noche abierta<\/p>\n<p>Sobre los brazos<\/p>\n<p>Que quieren ser abrazo<\/p>\n<p>De todos los sonidos[\/vc_column_text][\/vc_column][\/vc_row][vc_row][vc_column]<div class='gambit_parallax_row' data-bg-align='' data-direction='down' data-opacity='100' data-velocity='-0.3' data-mobile-enabled='parallax-enable-mobile' data-bg-height='2592' data-bg-width='3872' data-bg-image='https:\/\/clubdepoesia.com\/mariceldelahoz\/files\/2016\/06\/45.jpg' data-bg-repeat='false' data-id='' style='display: none'><\/div><div class=\"gambit_fullheight_row\" data-content-location=\"center\" style=\"display: none\"><\/div>[\/vc_column][\/vc_row][vc_row][vc_column][row_scroll entrance=&#8221;fly-left&#8221; exit=&#8221;fly-left&#8221;][vc_column_text]<a name=\"_Toc447559333\"><\/a><strong>A<\/strong><strong>ire que fuiste<\/strong><\/p>\n<p>&nbsp;<\/p>\n<p>Se fue madre<\/p>\n<p>Se lo llevaron palomas blancas por la ventana<\/p>\n<p>Parti\u00f3 triste<\/p>\n<p>Quer\u00eda cabalgar el tiempo<\/p>\n<p>Ser en ti aire<\/p>\n<p>Aliento que fuiste<\/p>\n<p>Robaron la luna y el sol vuestra despedida<\/p>\n<p>En mi sentir qued\u00f3 su apenado vuelo<\/p>\n<p>Tu mirada buscaba en vano<\/p>\n<p>El fuego que prend\u00eda su llama<\/p>\n<p>Por la ventana madre se lo llevaron<\/p>\n<p>Por la ventana madre se van tus ojos[\/vc_column_text][\/vc_column][\/vc_row][vc_row][vc_column]<div class='gambit_parallax_row' data-bg-align='' data-direction='down' data-opacity='100' data-velocity='-0.3' data-mobile-enabled='parallax-enable-mobile' data-bg-height='721' data-bg-width='1080' data-bg-image='https:\/\/clubdepoesia.com\/mariceldelahoz\/files\/2016\/06\/119.jpg' data-bg-repeat='false' data-id='' style='display: none'><\/div><div class=\"gambit_fullheight_row\" data-content-location=\"center\" style=\"display: none\"><\/div>[\/vc_column][\/vc_row][vc_row][vc_column][row_scroll entrance=&#8221;fly-right&#8221; exit=&#8221;fly-right&#8221;][vc_column_text]<a name=\"_Toc447559347\"><\/a><strong>A la muerte<\/strong><\/p>\n<p>&nbsp;<\/p>\n<p>Ven cuando el viento se haya ido<\/p>\n<p>Cuando mi sentir sea m\u00e1s firme<\/p>\n<p>Y haya vivido m\u00e1s<\/p>\n<p>Para as\u00ed m\u00e1s darte<\/p>\n<p>Ven sin avisarme<\/p>\n<p>As\u00ed no te esperar\u00e9<\/p>\n<p>Y ser\u00e1s esperanza para m\u00ed<\/p>\n<p>Ven cuando mis cabellos plateados<\/p>\n<p>Sean caminos de luz<\/p>\n<p>Y mis pasos tranquilos<\/p>\n<p>Caminos de paz<\/p>\n<p>Ven cuando el viento se haya ido<\/p>\n<p>Y las hojas secas<\/p>\n<p>Cubran la tierra de sol poniente[\/vc_column_text][\/vc_column][\/vc_row][vc_row][vc_column]<div class='gambit_parallax_row' data-bg-align='' data-direction='down' data-opacity='100' data-velocity='-0.3' data-mobile-enabled='parallax-enable-mobile' data-bg-height='3448' data-bg-width='4592' data-bg-image='https:\/\/clubdepoesia.com\/mariceldelahoz\/files\/2016\/06\/83.jpg' data-bg-repeat='false' data-id='' style='display: none'><\/div><div class=\"gambit_fullheight_row\" data-content-location=\"center\" style=\"display: none\"><\/div>[\/vc_column][\/vc_row][vc_row][vc_column][row_scroll entrance=&#8221;fly-left&#8221; exit=&#8221;fly-left&#8221;][vc_column_text]<a name=\"_Toc447559347\"><\/a><\/p>\n<p><a name=\"_Toc447559365\"><\/a><strong>Boca de luna<\/strong><\/p>\n<p>&nbsp;<\/p>\n<p>La luna se derram\u00f3<\/p>\n<p>Sobre las flores silvestres<\/p>\n<p>El cervatillo oculto<\/p>\n<p>A su mar se asom\u00f3<\/p>\n<p>Quiso nadar en aromas<\/p>\n<p>Lilas y madreselvas<\/p>\n<p>Y en coraz\u00f3n de luna<\/p>\n<p>Se dej\u00f3 llevar<\/p>\n<p>No temieron las flores<\/p>\n<p>Su paso redondo<\/p>\n<p>Y de n\u00e1car vestidas<\/p>\n<p>Al cervatillo danzaron<\/p>\n<p>Hechizado qued\u00f3<\/p>\n<p>En claro de luna<\/p>\n<p>Y acariciarlas quer\u00eda<\/p>\n<p>Con su boca de brisa[\/vc_column_text][\/vc_column][\/vc_row][vc_row][vc_column]<div class='gambit_parallax_row' data-bg-align='' data-direction='down' data-opacity='100' data-velocity='-0.3' data-mobile-enabled='parallax-enable-mobile' data-bg-height='1772' data-bg-width='1181' data-bg-image='https:\/\/clubdepoesia.com\/mariceldelahoz\/files\/2016\/06\/284.jpg' data-bg-repeat='false' data-id='' style='display: none'><\/div><div class=\"gambit_fullheight_row\" data-content-location=\"center\" style=\"display: none\"><\/div>[\/vc_column][\/vc_row][vc_row][vc_column][row_scroll entrance=&#8221;fly-right&#8221; exit=&#8221;fly-right&#8221;][vc_column_text]<a name=\"_Toc447559347\"><\/a><\/p>\n<p><a name=\"_Toc447559365\"><\/a><strong>Boca de luna<\/strong><\/p>\n<p>&nbsp;<\/p>\n<p>La luna se derram\u00f3<\/p>\n<p>Sobre las flores silvestres<\/p>\n<p>El cervatillo oculto<\/p>\n<p>A su mar se asom\u00f3<\/p>\n<p>Quiso nadar en aromas<\/p>\n<p>Lilas y madreselvas<\/p>\n<p>Y en coraz\u00f3n de luna<\/p>\n<p>Se dej\u00f3 llevar<\/p>\n<p>No temieron las flores<\/p>\n<p>Su paso redondo<\/p>\n<p>Y de n\u00e1car vestidas<\/p>\n<p>Al cervatillo danzaron<\/p>\n<p>Hechizado qued\u00f3<\/p>\n<p>En claro de luna<\/p>\n<p>Y acariciarlas quer\u00eda<\/p>\n<p>Con su boca de brisa[\/vc_column_text][\/vc_column][\/vc_row][vc_row][vc_column]<div class='gambit_parallax_row' data-bg-align='' data-direction='down' data-opacity='100' data-velocity='-0.3' data-mobile-enabled='parallax-enable-mobile' data-bg-height='2310' data-bg-width='3478' data-bg-image='https:\/\/clubdepoesia.com\/mariceldelahoz\/files\/2016\/06\/288.jpg' data-bg-repeat='false' data-id='' style='display: none'><\/div><div class=\"gambit_fullheight_row\" data-content-location=\"center\" style=\"display: none\"><\/div>[\/vc_column][\/vc_row]\n<\/div>","protected":false},"excerpt":{"rendered":"<p>[vc_row][vc_column][\/vc_column][\/vc_row][vc_row][vc_column][row_scroll entrance=&#8221;fly-left&#8221; exit=&#8221;fly-left&#8221;][vc_column_text]El canto dibujado &nbsp; En el \u00e1rbol que guarda mi ventana Cantaba melodioso un ruise\u00f1or Sus trinos en rel\u00e1mpagos floridos Iluminaron mi cristal y mi raz\u00f3n Asomada a la floresta yo qued\u00e9 Quer\u00eda ver esos sonidos dibujados Y vol\u00f3 el ruise\u00f1or despavorido Al ver en mis ojos su canto reflejado No temas alegr\u00eda [&hellip;]<\/p>\n","protected":false},"author":24,"featured_media":0,"parent":0,"menu_order":3,"comment_status":"closed","ping_status":"closed","template":"","meta":{"footnotes":"","_links_to":"","_links_to_target":""},"class_list":["post-62","page","type-page","status-publish","hentry"],"_links":{"self":[{"href":"https:\/\/clubdepoesia.com\/mariceldelahoz\/wp-json\/wp\/v2\/pages\/62","targetHints":{"allow":["GET"]}}],"collection":[{"href":"https:\/\/clubdepoesia.com\/mariceldelahoz\/wp-json\/wp\/v2\/pages"}],"about":[{"href":"https:\/\/clubdepoesia.com\/mariceldelahoz\/wp-json\/wp\/v2\/types\/page"}],"author":[{"embeddable":true,"href":"https:\/\/clubdepoesia.com\/mariceldelahoz\/wp-json\/wp\/v2\/users\/24"}],"replies":[{"embeddable":true,"href":"https:\/\/clubdepoesia.com\/mariceldelahoz\/wp-json\/wp\/v2\/comments?post=62"}],"version-history":[{"count":0,"href":"https:\/\/clubdepoesia.com\/mariceldelahoz\/wp-json\/wp\/v2\/pages\/62\/revisions"}],"wp:attachment":[{"href":"https:\/\/clubdepoesia.com\/mariceldelahoz\/wp-json\/wp\/v2\/media?parent=62"}],"curies":[{"name":"wp","href":"https:\/\/api.w.org\/{rel}","templated":true}]}}