{"id":22,"date":"2014-07-13T17:27:01","date_gmt":"2014-07-13T17:27:01","guid":{"rendered":"http:\/\/clubdepoesia.com\/mariapazcotsmarfil\/?page_id=22"},"modified":"2014-07-13T17:50:36","modified_gmt":"2014-07-13T17:50:36","slug":"poemas","status":"publish","type":"page","link":"https:\/\/clubdepoesia.com\/mariapazcotsmarfil\/poemas\/","title":{"rendered":"Poemas"},"content":{"rendered":"[intense_animated type=&#8221;rotateInDownLeft&#8221; trigger=&#8221;scroll&#8221; scroll_percent=&#8221;10&#8243; delay=&#8221;0&#8243;]\n<h1>I<\/h1>\n[\/intense_animated]\n[intense_animated type=&#8221;rotateInUpRight&#8221; trigger=&#8221;scroll&#8221; scroll_percent=&#8221;10&#8243; delay=&#8221;0&#8243;]\n<p>Que no seas el aire,<br \/>\nsino el vuelo.<br \/>\nTampoco el horizonte,<br \/>\nla mirada.<br \/>\nY que no me definas.<br \/>\nQue me busques.<\/p>\n[\/intense_animated]\n<p>&nbsp;<\/p>\n[intense_animated type=&#8221;rotateInDownLeft&#8221; trigger=&#8221;scroll&#8221; scroll_percent=&#8221;10&#8243; delay=&#8221;0&#8243;]\n<h1>IV<\/h1>\n[\/intense_animated]\n[intense_animated type=&#8221;rotateInUpRight&#8221; trigger=&#8221;scroll&#8221; scroll_percent=&#8221;10&#8243; delay=&#8221;0&#8243;]\n<p>Porque yo adorar\u00eda la belleza<br \/>\nsi no la vertiese<br \/>\ndisuelta en mis ojos al mirarte.<br \/>\nQue no puedo creer que seas real,<br \/>\nni que se haya ocultado entre mi miedo<br \/>\ntant\u00edsimo amor.<\/p>\n<p>Porque yo adorar\u00eda la locura<br \/>\nsi no la bebiese<br \/>\nsedienta en los labios al besarte.<br \/>\nQue no puedo creer que seas real,<br \/>\nni que se haya escondido entre mis dudas<br \/>\ntu enorme certeza.<\/p>\n<p>Te querr\u00eda, en fin,<br \/>\nsi no te quisiera.<\/p>\n[\/intense_animated]\n<p>&nbsp;<\/p>\n[intense_animated type=&#8221;rotateInDownLeft&#8221; trigger=&#8221;scroll&#8221; scroll_percent=&#8221;10&#8243; delay=&#8221;0&#8243;]\n<h1>VIII<\/h1>\n[\/intense_animated]\n[intense_animated type=&#8221;rotateInUpRight&#8221; trigger=&#8221;scroll&#8221; scroll_percent=&#8221;10&#8243; delay=&#8221;0&#8243;]\n<p>Sentir as\u00ed:<br \/>\ncomo sienten los que esperan,<br \/>\nque parece que est\u00e1n vivos.<br \/>\nLlorar as\u00ed:<br \/>\ncomo lloran los que miran.<br \/>\nSaber as\u00ed:<br \/>\ncomo saben los que existen,<br \/>\nque se piensan tan reales.<br \/>\nPoder as\u00ed:<br \/>\ncomo pueden los que sue\u00f1an.<br \/>\nMorir as\u00ed:<br \/>\ncomo mueren los que aman,<br \/>\nque se piensan tan reales<br \/>\nque parece que est\u00e1n vivos.<\/p>\n[\/intense_animated]\n<p>&nbsp;<\/p>\n[intense_animated type=&#8221;rotateInDownLeft&#8221; trigger=&#8221;scroll&#8221; scroll_percent=&#8221;10&#8243; delay=&#8221;0&#8243;]\n<h1>XXI<\/h1>\n[\/intense_animated]\n[intense_animated type=&#8221;rotateInUpRight&#8221; trigger=&#8221;scroll&#8221; scroll_percent=&#8221;10&#8243; delay=&#8221;0&#8243;]\n<p>Yo quisiera llegarte<br \/>\ncomo llegan los d\u00edas a su fin<br \/>\ny cada noche a su sue\u00f1o.<\/p>\n<p>Los ruidos del mundo<br \/>\nson danzas quebradas<br \/>\nsin roces ni ritmos.<\/p>\n<p>No hay gestos.<\/p>\n<p>Har\u00e9 definitiva la esperanza.<\/p>\n[\/intense_animated]\n<p>&nbsp;<\/p>\n[intense_animated type=&#8221;rotateInDownLeft&#8221; trigger=&#8221;scroll&#8221; scroll_percent=&#8221;10&#8243; delay=&#8221;0&#8243;]\n<h1>XXIV<\/h1>\n[\/intense_animated]\n[intense_animated type=&#8221;rotateInUpRight&#8221; trigger=&#8221;scroll&#8221; scroll_percent=&#8221;10&#8243; delay=&#8221;0&#8243;]\n<p>Dime el significado de las cosas,<br \/>\nno te lo contemples,<br \/>\ny dime que el tiempo existe.<br \/>\nCu\u00e9ntame lo que conoces,<br \/>\nporque me sabes a todo<br \/>\nlo que comprendo de ti,<br \/>\na lo que te aprendo.<br \/>\nUna motivaci\u00f3n de universos,<br \/>\ncon este sentido, \u00faltimo y primero,<br \/>\nes el estado en m\u00ed de tu vida.<br \/>\nPorque mi verdad es la memoria<br \/>\nde aquello que significas.<\/p>\n[\/intense_animated]\n<p>&nbsp;<\/p>\n[intense_animated type=&#8221;rotateInDownLeft&#8221; trigger=&#8221;scroll&#8221; scroll_percent=&#8221;10&#8243; delay=&#8221;0&#8243;]\n<h1>XXXIV<\/h1>\n[\/intense_animated]\n[intense_animated type=&#8221;rotateInUpRight&#8221; trigger=&#8221;scroll&#8221; scroll_percent=&#8221;10&#8243; delay=&#8221;0&#8243;]\n<p>Como si hubi\u00e9ramos vivido. Regresamos a nosotros. Pero somos la muerte. Un pu\u00f1ado de muertes en cada momento. Cuando nos buscamos para morir de nuevo. Somos un pante\u00f3n de cruces de caminos. Este amanecer quieto. Y \u00e9se. Y aqu\u00e9l. Infinitos d\u00edas que no anochecen. Se mueren\u2026<\/p>\n[\/intense_animated]\n<p>&nbsp;<\/p>\n[intense_animated type=&#8221;rotateInDownLeft&#8221; trigger=&#8221;scroll&#8221; scroll_percent=&#8221;10&#8243; delay=&#8221;0&#8243;]\n<h1>I<\/h1>\n[\/intense_animated]\n[intense_animated type=&#8221;rotateInUpRight&#8221; trigger=&#8221;scroll&#8221; scroll_percent=&#8221;10&#8243; delay=&#8221;0&#8243;]\n<p>Que no seas el aire,<br \/>\nsino el vuelo.<br \/>\nTampoco el horizonte,<br \/>\nla mirada.<br \/>\nY que no me definas.<br \/>\nQue me busques.<\/p>\n[\/intense_animated]\n<p>&nbsp;<\/p>\n[intense_animated type=&#8221;rotateInDownLeft&#8221; trigger=&#8221;scroll&#8221; scroll_percent=&#8221;10&#8243; delay=&#8221;0&#8243;]\n<h1>IV<\/h1>\n[\/intense_animated]\n[intense_animated type=&#8221;rotateInUpRight&#8221; trigger=&#8221;scroll&#8221; scroll_percent=&#8221;10&#8243; delay=&#8221;0&#8243;]\n<p>Porque yo adorar\u00eda la belleza<br \/>\nsi no la vertiese<br \/>\ndisuelta en mis ojos al mirarte.<br \/>\nQue no puedo creer que seas real,<br \/>\nni que se haya ocultado entre mi miedo<br \/>\ntant\u00edsimo amor.<\/p>\n<p>Porque yo adorar\u00eda la locura<br \/>\nsi no la bebiese<br \/>\nsedienta en los labios al besarte.<br \/>\nQue no puedo creer que seas real,<br \/>\nni que se haya escondido entre mis dudas<br \/>\ntu enorme certeza.<\/p>\n<p>Te querr\u00eda, en fin,<br \/>\nsi no te quisiera.<\/p>\n[\/intense_animated]\n<p>&nbsp;<\/p>\n[intense_animated type=&#8221;rotateInDownLeft&#8221; trigger=&#8221;scroll&#8221; scroll_percent=&#8221;10&#8243; delay=&#8221;0&#8243;]\n<h1>VIII<\/h1>\n[\/intense_animated]\n[intense_animated type=&#8221;rotateInUpRight&#8221; trigger=&#8221;scroll&#8221; scroll_percent=&#8221;10&#8243; delay=&#8221;0&#8243;]\n<p>Sentir as\u00ed:<br \/>\ncomo sienten los que esperan,<br \/>\nque parece que est\u00e1n vivos.<br \/>\nLlorar as\u00ed:<br \/>\ncomo lloran los que miran.<br \/>\nSaber as\u00ed:<br \/>\ncomo saben los que existen,<br \/>\nque se piensan tan reales.<br \/>\nPoder as\u00ed:<br \/>\ncomo pueden los que sue\u00f1an.<br \/>\nMorir as\u00ed:<br \/>\ncomo mueren los que aman,<br \/>\nque se piensan tan reales<br \/>\nque parece que est\u00e1n vivos.<\/p>\n[\/intense_animated]\n<p>&nbsp;<\/p>\n[intense_animated type=&#8221;rotateInDownLeft&#8221; trigger=&#8221;scroll&#8221; scroll_percent=&#8221;10&#8243; delay=&#8221;0&#8243;]\n<h1>XXI<\/h1>\n[\/intense_animated]\n[intense_animated type=&#8221;rotateInUpRight&#8221; trigger=&#8221;scroll&#8221; scroll_percent=&#8221;10&#8243; delay=&#8221;0&#8243;]\n<p>Yo quisiera llegarte<br \/>\ncomo llegan los d\u00edas a su fin<br \/>\ny cada noche a su sue\u00f1o.<\/p>\n<p>Los ruidos del mundo<br \/>\nson danzas quebradas<br \/>\nsin roces ni ritmos.<\/p>\n<p>No hay gestos.<\/p>\n<p>Har\u00e9 definitiva la esperanza.<\/p>\n[\/intense_animated]\n<p>&nbsp;<\/p>\n[intense_animated type=&#8221;rotateInDownLeft&#8221; trigger=&#8221;scroll&#8221; scroll_percent=&#8221;10&#8243; delay=&#8221;0&#8243;]\n<h1>XXIV<\/h1>\n[\/intense_animated]\n[intense_animated type=&#8221;rotateInUpRight&#8221; trigger=&#8221;scroll&#8221; scroll_percent=&#8221;10&#8243; delay=&#8221;0&#8243;]\n<p>Dime el significado de las cosas,<br \/>\nno te lo contemples,<br \/>\ny dime que el tiempo existe.<br \/>\nCu\u00e9ntame lo que conoces,<br \/>\nporque me sabes a todo<br \/>\nlo que comprendo de ti,<br \/>\na lo que te aprendo.<br \/>\nUna motivaci\u00f3n de universos,<br \/>\ncon este sentido, \u00faltimo y primero,<br \/>\nes el estado en m\u00ed de tu vida.<br \/>\nPorque mi verdad es la memoria<br \/>\nde aquello que significas.<\/p>\n[intense_animated type=&#8221;rotateInDownLeft&#8221; trigger=&#8221;scroll&#8221; scroll_percent=&#8221;10&#8243; delay=&#8221;0&#8243;]\n<h1>XXXIV<\/h1>\n[\/intense_animated]\n[intense_animated type=&#8221;rotateInUpRight&#8221; trigger=&#8221;scroll&#8221; scroll_percent=&#8221;10&#8243; delay=&#8221;0&#8243;]\n<p>Como si hubi\u00e9ramos vivido. Regresamos a nosotros. Pero somos la muerte. Un pu\u00f1ado de muertes en cada momento. Cuando nos buscamos para morir de nuevo. Somos un pante\u00f3n de cruces de caminos. Este amanecer quieto. Y \u00e9se. Y aqu\u00e9l. Infinitos d\u00edas que no anochecen. Se mueren\u2026<\/p>\n[\/intense_animated]\n<p>&nbsp;<\/p>\n","protected":false},"excerpt":{"rendered":"<p>[intense_animated type=&#8221;rotateInDownLeft&#8221; trigger=&#8221;scroll&#8221; scroll_percent=&#8221;10&#8243; delay=&#8221;0&#8243;] I [\/intense_animated] [intense_animated type=&#8221;rotateInUpRight&#8221; trigger=&#8221;scroll&#8221; scroll_percent=&#8221;10&#8243; delay=&#8221;0&#8243;] Que no seas el aire, sino el vuelo. Tampoco el horizonte, la mirada. Y que no me definas. Que me busques. [\/intense_animated] &nbsp; [intense_animated type=&#8221;rotateInDownLeft&#8221; trigger=&#8221;scroll&#8221; scroll_percent=&#8221;10&#8243; delay=&#8221;0&#8243;] IV [\/intense_animated] [intense_animated type=&#8221;rotateInUpRight&#8221; trigger=&#8221;scroll&#8221; scroll_percent=&#8221;10&#8243; delay=&#8221;0&#8243;] Porque yo adorar\u00eda la belleza si no la [&hellip;]<\/p>\n","protected":false},"author":1,"featured_media":0,"parent":0,"menu_order":5,"comment_status":"open","ping_status":"open","template":"","meta":{"footnotes":"","_links_to":"","_links_to_target":""},"class_list":["post-22","page","type-page","status-publish","hentry"],"_links":{"self":[{"href":"https:\/\/clubdepoesia.com\/mariapazcotsmarfil\/wp-json\/wp\/v2\/pages\/22","targetHints":{"allow":["GET"]}}],"collection":[{"href":"https:\/\/clubdepoesia.com\/mariapazcotsmarfil\/wp-json\/wp\/v2\/pages"}],"about":[{"href":"https:\/\/clubdepoesia.com\/mariapazcotsmarfil\/wp-json\/wp\/v2\/types\/page"}],"author":[{"embeddable":true,"href":"https:\/\/clubdepoesia.com\/mariapazcotsmarfil\/wp-json\/wp\/v2\/users\/1"}],"replies":[{"embeddable":true,"href":"https:\/\/clubdepoesia.com\/mariapazcotsmarfil\/wp-json\/wp\/v2\/comments?post=22"}],"version-history":[{"count":0,"href":"https:\/\/clubdepoesia.com\/mariapazcotsmarfil\/wp-json\/wp\/v2\/pages\/22\/revisions"}],"wp:attachment":[{"href":"https:\/\/clubdepoesia.com\/mariapazcotsmarfil\/wp-json\/wp\/v2\/media?parent=22"}],"curies":[{"name":"wp","href":"https:\/\/api.w.org\/{rel}","templated":true}]}}