{"id":76,"date":"2017-02-11T11:56:00","date_gmt":"2017-02-11T11:56:00","guid":{"rendered":"http:\/\/clubdepoesia.com\/marcocastanomeissel\/?page_id=76"},"modified":"2017-10-13T10:58:10","modified_gmt":"2017-10-13T10:58:10","slug":"videos","status":"publish","type":"page","link":"https:\/\/clubdepoesia.com\/marcocastanomeissel\/videos\/","title":{"rendered":"Videos"},"content":{"rendered":"<div class=\"wpb-content-wrapper\">[vc_row][vc_column extend=&#8221;false&#8221;][vc_column_text css=&#8221;.vc_custom_1507892232779{margin-top: -30000px !important;}&#8221;]Booktrailer del libro de poes\u00eda <a href=\"https:\/\/clubdepoesia.com\/marcocastanomeissel\/hogar-de-inspiraciones\/\">Hogar de inspiraciones<\/a> de Marco Casta\u00f1o Meissel <a href=\"http:\/\/poesiaerestu.com\">publicado por la Editorial Poes\u00eda eres t\u00fa<img fetchpriority=\"high\" decoding=\"async\" class=\"aligncenter size-medium wp-image-12\" src=\"https:\/\/clubdepoesia.com\/marcocastanomeissel\/files\/2017\/02\/book5Hogar-300x284.jpg\" alt=\"Booktrailer del libro de poes\u00eda Hogar de inspiraciones de Marco Casta\u00f1o Meissel publicado por la Editorial Poes\u00eda eres t\u00fa\" width=\"300\" height=\"284\" srcset=\"https:\/\/clubdepoesia.com\/marcocastanomeissel\/files\/2017\/02\/book5Hogar-300x284.jpg 300w, https:\/\/clubdepoesia.com\/marcocastanomeissel\/files\/2017\/02\/book5Hogar-768x728.jpg 768w, https:\/\/clubdepoesia.com\/marcocastanomeissel\/files\/2017\/02\/book5Hogar-500x474.jpg 500w, https:\/\/clubdepoesia.com\/marcocastanomeissel\/files\/2017\/02\/book5Hogar.jpg 839w\" sizes=\"(max-width: 300px) 100vw, 300px\" \/> <\/a><\/p>\n<h1>Booktrailer del libro de poes\u00eda <a href=\"https:\/\/clubdepoesia.com\/marcocastanomeissel\/hogar-de-inspiraciones\/\">Hogar de inspiraciones<\/a> de Marco Casta\u00f1o Meissel <a href=\"http:\/\/poesiaerestu.com\">publicado por la Editorial Poes\u00eda eres t\u00fa<\/a><\/h1>\n<h2>Booktrailer del libro de poes\u00eda <a href=\"https:\/\/clubdepoesia.com\/marcocastanomeissel\/hogar-de-inspiraciones\/\">Hogar de inspiraciones<\/a> de Marco Casta\u00f1o Meissel <a href=\"http:\/\/poesiaerestu.com\">publicado por la Editorial Poes\u00eda eres t\u00fa<\/a><\/h2>\n<h3>Booktrailer del libro de poes\u00eda <a href=\"https:\/\/clubdepoesia.com\/marcocastanomeissel\/hogar-de-inspiraciones\/\">Hogar de inspiraciones<\/a> de Marco Casta\u00f1o Meissel <a href=\"http:\/\/poesiaerestu.com\">publicado por la Editorial Poes\u00eda eres t\u00fa<\/a><\/h3>\n<h4>Booktrailer del libro de poes\u00eda <a href=\"https:\/\/clubdepoesia.com\/marcocastanomeissel\/hogar-de-inspiraciones\/\">Hogar de inspiraciones<\/a> de Marco Casta\u00f1o Meissel <a href=\"http:\/\/poesiaerestu.com\">publicado por la Editorial Poes\u00eda eres t\u00fa<\/a><\/h4>\n[\/vc_column_text][\/vc_column][\/vc_row][vc_row][vc_column extend=&#8221;false&#8221;][vc_column_text]<iframe src=\"https:\/\/player.vimeo.com\/video\/203480788\" width=\"640\" height=\"360\" frameborder=\"0\" allowfullscreen=\"allowfullscreen\"><\/iframe><\/p>\n<pre>&lt;iframe src=\"https:\/\/player.vimeo.com\/video\/203480788\" width=\"640\" height=\"360\" frameborder=\"0\" webkitallowfullscreen mozallowfullscreen allowfullscreen&gt;&lt;\/iframe&gt;\r\n<span class='bctt-click-to-tweet'><span class='bctt-ctt-text'><a href='https:\/\/x.com\/intent\/tweet?url=https%3A%2F%2Fclubdepoesia.com%2Fmarcocastanomeissel%2Fvideos%2F&#038;text=Video%20promocional%20del%20libro%20Hogar%20de%20inspiraciones%20de%20Marco%20Casta%C3%B1o%20Meissel&#038;via=poesiaerestu&#038;related=poesiaerestu' target='_blank'rel=\"noopener noreferrer\">Video promocional del libro Hogar de inspiraciones de Marco Casta\u00f1o Meissel <\/a><\/span><a href='https:\/\/x.com\/intent\/tweet?url=https%3A%2F%2Fclubdepoesia.com%2Fmarcocastanomeissel%2Fvideos%2F&#038;text=Video%20promocional%20del%20libro%20Hogar%20de%20inspiraciones%20de%20Marco%20Casta%C3%B1o%20Meissel&#038;via=poesiaerestu&#038;related=poesiaerestu' target='_blank' class='bctt-ctt-btn'rel=\"noopener noreferrer\">Compartir en X<\/a><\/span><\/pre>\n[\/vc_column_text][\/vc_column][\/vc_row][vc_row][vc_column extend=&#8221;false&#8221;][vc_column_text css=&#8221;.vc_custom_1507892232779{margin-top: -30000px !important;}&#8221;]Booktrailer del libro de poes\u00eda <a href=\"https:\/\/clubdepoesia.com\/marcocastanomeissel\/hogar-de-inspiraciones\/\">Hogar de inspiraciones<\/a> de Marco Casta\u00f1o Meissel <a href=\"http:\/\/poesiaerestu.com\">publicado por la Editorial Poes\u00eda eres t\u00fa<img fetchpriority=\"high\" decoding=\"async\" class=\"aligncenter size-medium wp-image-12\" src=\"https:\/\/clubdepoesia.com\/marcocastanomeissel\/files\/2017\/02\/book5Hogar-300x284.jpg\" alt=\"Booktrailer del libro de poes\u00eda Hogar de inspiraciones de Marco Casta\u00f1o Meissel publicado por la Editorial Poes\u00eda eres t\u00fa\" width=\"300\" height=\"284\" srcset=\"https:\/\/clubdepoesia.com\/marcocastanomeissel\/files\/2017\/02\/book5Hogar-300x284.jpg 300w, https:\/\/clubdepoesia.com\/marcocastanomeissel\/files\/2017\/02\/book5Hogar-768x728.jpg 768w, https:\/\/clubdepoesia.com\/marcocastanomeissel\/files\/2017\/02\/book5Hogar-500x474.jpg 500w, https:\/\/clubdepoesia.com\/marcocastanomeissel\/files\/2017\/02\/book5Hogar.jpg 839w\" sizes=\"(max-width: 300px) 100vw, 300px\" \/> <\/a><\/p>\n<h1>Booktrailer del libro de poes\u00eda <a href=\"https:\/\/clubdepoesia.com\/marcocastanomeissel\/hogar-de-inspiraciones\/\">Hogar de inspiraciones<\/a> de Marco Casta\u00f1o Meissel <a href=\"http:\/\/poesiaerestu.com\">publicado por la Editorial Poes\u00eda eres t\u00fa<\/a><\/h1>\n<h2>Booktrailer del libro de poes\u00eda <a href=\"https:\/\/clubdepoesia.com\/marcocastanomeissel\/hogar-de-inspiraciones\/\">Hogar de inspiraciones<\/a> de Marco Casta\u00f1o Meissel <a href=\"http:\/\/poesiaerestu.com\">publicado por la Editorial Poes\u00eda eres t\u00fa<\/a><\/h2>\n<h3>Booktrailer del libro de poes\u00eda <a href=\"https:\/\/clubdepoesia.com\/marcocastanomeissel\/hogar-de-inspiraciones\/\">Hogar de inspiraciones<\/a> de Marco Casta\u00f1o Meissel <a href=\"http:\/\/poesiaerestu.com\">publicado por la Editorial Poes\u00eda eres t\u00fa<\/a><\/h3>\n<h4>Booktrailer del libro de poes\u00eda <a href=\"https:\/\/clubdepoesia.com\/marcocastanomeissel\/hogar-de-inspiraciones\/\">Hogar de inspiraciones<\/a> de Marco Casta\u00f1o Meissel <a href=\"http:\/\/poesiaerestu.com\">publicado por la Editorial Poes\u00eda eres t\u00fa<\/a><\/h4>\n[\/vc_column_text][\/vc_column][\/vc_row]\n<\/div>","protected":false},"excerpt":{"rendered":"<p>[vc_row][vc_column extend=&#8221;false&#8221;][vc_column_text css=&#8221;.vc_custom_1507892232779{margin-top: -30000px !important;}&#8221;]Booktrailer del libro de poes\u00eda Hogar de inspiraciones de Marco Casta\u00f1o Meissel publicado por la Editorial Poes\u00eda eres t\u00fa Booktrailer del libro de poes\u00eda Hogar de inspiraciones de Marco Casta\u00f1o Meissel publicado por la Editorial Poes\u00eda eres t\u00fa Booktrailer del libro de poes\u00eda Hogar de inspiraciones de Marco Casta\u00f1o Meissel publicado [&hellip;]<\/p>\n","protected":false},"author":24,"featured_media":0,"parent":0,"menu_order":4,"comment_status":"closed","ping_status":"closed","template":"","meta":{"footnotes":"","_links_to":"","_links_to_target":""},"class_list":["post-76","page","type-page","status-publish","hentry"],"_links":{"self":[{"href":"https:\/\/clubdepoesia.com\/marcocastanomeissel\/wp-json\/wp\/v2\/pages\/76","targetHints":{"allow":["GET"]}}],"collection":[{"href":"https:\/\/clubdepoesia.com\/marcocastanomeissel\/wp-json\/wp\/v2\/pages"}],"about":[{"href":"https:\/\/clubdepoesia.com\/marcocastanomeissel\/wp-json\/wp\/v2\/types\/page"}],"author":[{"embeddable":true,"href":"https:\/\/clubdepoesia.com\/marcocastanomeissel\/wp-json\/wp\/v2\/users\/24"}],"replies":[{"embeddable":true,"href":"https:\/\/clubdepoesia.com\/marcocastanomeissel\/wp-json\/wp\/v2\/comments?post=76"}],"version-history":[{"count":0,"href":"https:\/\/clubdepoesia.com\/marcocastanomeissel\/wp-json\/wp\/v2\/pages\/76\/revisions"}],"wp:attachment":[{"href":"https:\/\/clubdepoesia.com\/marcocastanomeissel\/wp-json\/wp\/v2\/media?parent=76"}],"curies":[{"name":"wp","href":"https:\/\/api.w.org\/{rel}","templated":true}]}}