{"id":65,"date":"2017-02-11T11:51:52","date_gmt":"2017-02-11T11:51:52","guid":{"rendered":"http:\/\/clubdepoesia.com\/marcocastanomeissel\/?page_id=65"},"modified":"2017-10-13T10:21:43","modified_gmt":"2017-10-13T10:21:43","slug":"poemas","status":"publish","type":"page","link":"https:\/\/clubdepoesia.com\/marcocastanomeissel\/poemas\/","title":{"rendered":"Poemas"},"content":{"rendered":"<div class=\"wpb-content-wrapper\">[vc_row][vc_column extend=&#8221;false&#8221;][vc_column_text css=&#8221;.vc_custom_1507889974231{margin-top: -30000px !important;}&#8221;]<span style=\"text-decoration: underline;\"><em><strong>Poes\u00eda del libro Hogar de inspiraciones de <a href=\"https:\/\/clubdepoesia.com\/marcocastanomeissel\/\">Marco Casta\u00f1o Meissel<\/a>. El autor nos da una muestra tras <a href=\"http:\/\/poesiaerestu.com\">publicar un libro<\/a>.<\/strong><\/em><\/span><\/p>\n<p><img fetchpriority=\"high\" decoding=\"async\" class=\"aligncenter size-medium wp-image-8\" src=\"https:\/\/clubdepoesia.com\/marcocastanomeissel\/files\/2017\/02\/book1Hogar-300x284.jpg\" alt=\"Poes\u00eda del libro Hogar de inspiraciones de Marco Casta\u00f1o Meissel. El autor nos da una muestra tras publicar un libro.\" width=\"300\" height=\"284\" srcset=\"https:\/\/clubdepoesia.com\/marcocastanomeissel\/files\/2017\/02\/book1Hogar-300x284.jpg 300w, https:\/\/clubdepoesia.com\/marcocastanomeissel\/files\/2017\/02\/book1Hogar-768x728.jpg 768w, https:\/\/clubdepoesia.com\/marcocastanomeissel\/files\/2017\/02\/book1Hogar-500x474.jpg 500w, https:\/\/clubdepoesia.com\/marcocastanomeissel\/files\/2017\/02\/book1Hogar.jpg 839w\" sizes=\"(max-width: 300px) 100vw, 300px\" \/><\/p>\n<h1><span style=\"text-decoration: underline;\"><em><strong>Poes\u00eda del libro Hogar de inspiraciones de <a href=\"https:\/\/clubdepoesia.com\/marcocastanomeissel\/\">Marco Casta\u00f1o Meissel<\/a>. El autor nos da una muestra tras <a href=\"http:\/\/poesiaerestu.com\">publicar un libro<\/a>.<\/strong><\/em><\/span><\/h1>\n<h2><em><strong>Poes\u00eda del libro Hogar de inspiraciones de <a href=\"https:\/\/clubdepoesia.com\/marcocastanomeissel\/\">Marco Casta\u00f1o Meissel<\/a>. El autor nos da una muestra tras <a href=\"http:\/\/poesiaerestu.com\">publicar un libro<\/a>.<\/strong><\/em><\/h2>\n<h3><em><strong>Poes\u00eda del libro Hogar de inspiraciones de <a href=\"https:\/\/clubdepoesia.com\/marcocastanomeissel\/\">Marco Casta\u00f1o Meissel<\/a>. El autor nos da una muestra tras <a href=\"http:\/\/poesiaerestu.com\">publicar un libro<\/a>.<\/strong><\/em><\/h3>\n<h4><em><strong>Poes\u00eda del libro Hogar de inspiraciones de <a href=\"https:\/\/clubdepoesia.com\/marcocastanomeissel\/\">Marco Casta\u00f1o Meissel<\/a>. El autor nos da una muestra tras <a href=\"http:\/\/poesiaerestu.com\">publicar un libro<\/a>.<\/strong><\/em><\/h4>\n[\/vc_column_text][\/vc_column][\/vc_row][vc_row][vc_column extend=&#8221;false&#8221;]<div class='gambit_parallax_row' data-bg-align='' data-direction='fixed' data-opacity='100' data-velocity='-0.3' data-mobile-enabled='' data-bg-height='3919' data-bg-width='3135' data-bg-image='https:\/\/clubdepoesia.com\/marcocastanomeissel\/files\/2017\/02\/5led2xbikvk-osman-rana.jpg' data-bg-repeat='false' data-id='' style='display: none'><\/div><div class=\"gambit_fullheight_row\" data-content-location=\"center\" style=\"display: none\"><\/div>[\/vc_column][\/vc_row][vc_row][vc_column extend=&#8221;false&#8221;][vc_column_text]\n<h1><a name=\"_Toc472699150\"><\/a>\u00bfEleg\u00eda?<\/h1>\n<p>&nbsp;<\/p>\n<p>Camino solo, despacio y solo<\/p>\n<p>recojo recuerdos del futuro<\/p>\n<p>recojo recuerdos que no existir\u00e1n ni existieron<\/p>\n<p>no encuentro esperanza ni buen augurio<\/p>\n<p>en tus besos perdidos que no fueron<\/p>\n<p>en tus abrazos largos y grises que me dieras luego<\/p>\n<p>en las palabras que antes eran chispas y ahora son fuego.<\/p>\n<p>Miro por la ventana, tu mirada y la m\u00eda se cruzan en el cielo<\/p>\n<p>se cruzan y se deja atr\u00e1s el camino, el recuerdo, los besos y el miedo.<\/p>\n<p>&nbsp;<\/p>\n<p>&nbsp;<\/p>\n<p>&nbsp;<\/p>\n<span class='bctt-click-to-tweet'><span class='bctt-ctt-text'><a href='https:\/\/x.com\/intent\/tweet?url=https%3A%2F%2Fclubdepoesia.com%2Fmarcocastanomeissel%2Fpoemas%2F&#038;text=Elegia%20del%20libro%20Hogar%20de%20inspiraciones%20de%20Marco%20Casta%C3%B1o%20%40marcocastano15&#038;via=poesiaerestu&#038;related=poesiaerestu' target='_blank'rel=\"noopener noreferrer\">Elegia del libro Hogar de inspiraciones de Marco Casta\u00f1o @marcocastano15 <\/a><\/span><a href='https:\/\/x.com\/intent\/tweet?url=https%3A%2F%2Fclubdepoesia.com%2Fmarcocastanomeissel%2Fpoemas%2F&#038;text=Elegia%20del%20libro%20Hogar%20de%20inspiraciones%20de%20Marco%20Casta%C3%B1o%20%40marcocastano15&#038;via=poesiaerestu&#038;related=poesiaerestu' target='_blank' class='bctt-ctt-btn'rel=\"noopener noreferrer\">Compartir en X<\/a><\/span>[\/vc_column_text][\/vc_column][\/vc_row][vc_row][vc_column extend=&#8221;false&#8221;]<div class='gambit_parallax_row' data-bg-align='' data-direction='fixed' data-opacity='100' data-velocity='-0.3' data-mobile-enabled='' data-bg-height='2665' data-bg-width='3997' data-bg-image='https:\/\/clubdepoesia.com\/marcocastanomeissel\/files\/2017\/02\/6.jpg' data-bg-repeat='false' data-id='' style='display: none'><\/div><div class=\"gambit_fullheight_row\" data-content-location=\"center\" style=\"display: none\"><\/div>[\/vc_column][\/vc_row][vc_row][vc_column extend=&#8221;false&#8221;][vc_column_text]\n<h1><a name=\"_Toc472699157\"><\/a>Tal vez\u2026<\/h1>\n<p>&nbsp;<\/p>\n<p>Tal vez me eche para atr\u00e1s<\/p>\n<p>tal vez me quieras alg\u00fan d\u00eda<\/p>\n<p>tal vez amaras a una ilusi\u00f3n<\/p>\n<p>amaras a un alma oscura y fr\u00eda<\/p>\n<p>tal vez pueda amar, no lo s\u00e9<\/p>\n<p>tal vez quiero amarte y no s\u00e9<\/p>\n<p>tal vez puedo amarte y no lo s\u00e9<\/p>\n<p>tal vez pueda liberarme y t\u00fa no est\u00e9s&#8230;<\/p>\n<p>&nbsp;<\/p>\n<p>&nbsp;<\/p>\n<span class='bctt-click-to-tweet'><span class='bctt-ctt-text'><a href='https:\/\/x.com\/intent\/tweet?url=https%3A%2F%2Fclubdepoesia.com%2Fmarcocastanomeissel%2Fpoemas%2F&#038;text=Tal%20vez...%20del%20libro%20Hogar%20de%20inspiraciones%20de%20Marco%20Casta%C3%B1o%20%40marcocastano15&#038;via=poesiaerestu&#038;related=poesiaerestu' target='_blank'rel=\"noopener noreferrer\">Tal vez... del libro Hogar de inspiraciones de Marco Casta\u00f1o @marcocastano15 <\/a><\/span><a href='https:\/\/x.com\/intent\/tweet?url=https%3A%2F%2Fclubdepoesia.com%2Fmarcocastanomeissel%2Fpoemas%2F&#038;text=Tal%20vez...%20del%20libro%20Hogar%20de%20inspiraciones%20de%20Marco%20Casta%C3%B1o%20%40marcocastano15&#038;via=poesiaerestu&#038;related=poesiaerestu' target='_blank' class='bctt-ctt-btn'rel=\"noopener noreferrer\">Compartir en X<\/a><\/span>[\/vc_column_text][\/vc_column][\/vc_row][vc_row][vc_column extend=&#8221;false&#8221;]<div class='gambit_parallax_row' data-bg-align='' data-direction='fixed' data-opacity='100' data-velocity='-0.3' data-mobile-enabled='' data-bg-height='2448' data-bg-width='3264' data-bg-image='https:\/\/clubdepoesia.com\/marcocastanomeissel\/files\/2017\/02\/0qq3x5yjcqw-chris-davis.jpg' data-bg-repeat='false' data-id='' style='display: none'><\/div><div class=\"gambit_fullheight_row\" data-content-location=\"center\" style=\"display: none\"><\/div>[\/vc_column][\/vc_row][vc_row][vc_column extend=&#8221;false&#8221;][vc_column_text]\n<h1><a name=\"_Toc472699168\"><\/a>Oda a una muerte prematura<\/h1>\n<p><strong>\u00a0<\/strong><\/p>\n<p>Dios, cuanto la quise<\/p>\n<p>cuanto la quiero<\/p>\n<p>cuanto la querr\u00e9<\/p>\n<p>cuanto, mi cielo<\/p>\n<p>cuanto me encerr\u00e9.<\/p>\n<p>Nada sabes<\/p>\n<p>de todo lo que te llor\u00e9<\/p>\n<p>nada ya sabes<\/p>\n<p>de cuanto te sufrir\u00e9<\/p>\n<p>todos estos a\u00f1os am\u00e1ndote<\/p>\n<p>y qu\u00e9 poco tiempo te am\u00e9.<\/p>\n<p>&nbsp;<\/p>\n<span class='bctt-click-to-tweet'><span class='bctt-ctt-text'><a href='https:\/\/x.com\/intent\/tweet?url=https%3A%2F%2Fclubdepoesia.com%2Fmarcocastanomeissel%2Fpoemas%2F&#038;text=Oda%20a%20una%20muerte%20prematura%20del%20libro%20Hogar%20de%20inspiraciones%20de%20Marco%20Casta%C3%B1o%20%40marcocastano15&#038;via=poesiaerestu&#038;related=poesiaerestu' target='_blank'rel=\"noopener noreferrer\">Oda a una muerte prematura del libro Hogar de inspiraciones de Marco Casta\u00f1o @marcocastano15 <\/a><\/span><a href='https:\/\/x.com\/intent\/tweet?url=https%3A%2F%2Fclubdepoesia.com%2Fmarcocastanomeissel%2Fpoemas%2F&#038;text=Oda%20a%20una%20muerte%20prematura%20del%20libro%20Hogar%20de%20inspiraciones%20de%20Marco%20Casta%C3%B1o%20%40marcocastano15&#038;via=poesiaerestu&#038;related=poesiaerestu' target='_blank' class='bctt-ctt-btn'rel=\"noopener noreferrer\">Compartir en X<\/a><\/span>[\/vc_column_text][\/vc_column][\/vc_row][vc_row][vc_column extend=&#8221;false&#8221;]<div class='gambit_parallax_row' data-bg-align='' data-direction='fixed' data-opacity='100' data-velocity='-0.3' data-mobile-enabled='' data-bg-height='2795' data-bg-width='4192' data-bg-image='https:\/\/clubdepoesia.com\/marcocastanomeissel\/files\/2017\/02\/lulijc1cdo-kalen-emsley.jpg' data-bg-repeat='false' data-id='' style='display: none'><\/div><div class=\"gambit_fullheight_row\" data-content-location=\"center\" style=\"display: none\"><\/div>[\/vc_column][\/vc_row][vc_row][vc_column extend=&#8221;false&#8221;][vc_column_text]\n<h1><strong>Capricho<\/strong><\/h1>\n<p>&nbsp;<\/p>\n<p>Capricho de ellos, deseo concedido<\/p>\n<p>no pierdo el tiempo, no pierdo el m\u00edo<\/p>\n<p>en la relaci\u00f3n que alg\u00fan d\u00eda fingimos<\/p>\n<p>y cierro la puerta que ya entra frio.<\/p>\n<p>&nbsp;<\/p>\n<p>&nbsp;<\/p>\n<span class='bctt-click-to-tweet'><span class='bctt-ctt-text'><a href='https:\/\/x.com\/intent\/tweet?url=https%3A%2F%2Fclubdepoesia.com%2Fmarcocastanomeissel%2Fpoemas%2F&#038;text=Capricho%20del%20libro%20Hogar%20de%20inspiraciones%20de%20Marco%20Casta%C3%B1o%20%40marcocastano15&#038;via=poesiaerestu&#038;related=poesiaerestu' target='_blank'rel=\"noopener noreferrer\">Capricho del libro Hogar de inspiraciones de Marco Casta\u00f1o @marcocastano15 <\/a><\/span><a href='https:\/\/x.com\/intent\/tweet?url=https%3A%2F%2Fclubdepoesia.com%2Fmarcocastanomeissel%2Fpoemas%2F&#038;text=Capricho%20del%20libro%20Hogar%20de%20inspiraciones%20de%20Marco%20Casta%C3%B1o%20%40marcocastano15&#038;via=poesiaerestu&#038;related=poesiaerestu' target='_blank' class='bctt-ctt-btn'rel=\"noopener noreferrer\">Compartir en X<\/a><\/span>[\/vc_column_text][\/vc_column][\/vc_row][vc_row][vc_column extend=&#8221;false&#8221;]<div class='gambit_parallax_row' data-bg-align='' data-direction='fixed' data-opacity='100' data-velocity='-0.3' data-mobile-enabled='' data-bg-height='3264' data-bg-width='4928' data-bg-image='https:\/\/clubdepoesia.com\/marcocastanomeissel\/files\/2017\/02\/0lu2r5fbuzo-zachary-young.jpg' data-bg-repeat='false' data-id='' style='display: none'><\/div><div class=\"gambit_fullheight_row\" data-content-location=\"center\" style=\"display: none\"><\/div>[\/vc_column][\/vc_row][vc_row][vc_column extend=&#8221;false&#8221;][vc_column_text]\n<h1><a name=\"_Toc472699191\"><\/a>Carta de bienvenida<\/h1>\n<p><strong>\u00a0<\/strong><\/p>\n<p>Creo no recordar el viento que mec\u00eda tus cabellos<\/p>\n<p>pienso en cada tarde junto a ti<\/p>\n<p>creo no sentir el calor que emanaban tus ojos<\/p>\n<p>sigo am\u00e1ndote, te quiero aqu\u00ed o all\u00ed.<\/p>\n<p>Me levantaban cada ma\u00f1ana tus labios<\/p>\n<p>me duermo mirando por la ventana un mundo sin ti<\/p>\n<p>te escribo esta carta sin remitente para que no me llores<\/p>\n<p>porque ya voy, ya que nunca he estado aqu\u00ed, porque ya se fue, porqu<\/p>\n<p>&nbsp;<\/p>\n<p>&nbsp;<\/p>\n<p>&nbsp;<\/p>\n<span class='bctt-click-to-tweet'><span class='bctt-ctt-text'><a href='https:\/\/x.com\/intent\/tweet?url=https%3A%2F%2Fclubdepoesia.com%2Fmarcocastanomeissel%2Fpoemas%2F&#038;text=Carta%20de%20bienvenida%20del%20libro%20Hogar%20de%20inspiraciones%20de%20Marco%20Casta%C3%B1o%20%40marcocastano15&#038;via=poesiaerestu&#038;related=poesiaerestu' target='_blank'rel=\"noopener noreferrer\">Carta de bienvenida del libro Hogar de inspiraciones de Marco Casta\u00f1o @marcocastano15 <\/a><\/span><a href='https:\/\/x.com\/intent\/tweet?url=https%3A%2F%2Fclubdepoesia.com%2Fmarcocastanomeissel%2Fpoemas%2F&#038;text=Carta%20de%20bienvenida%20del%20libro%20Hogar%20de%20inspiraciones%20de%20Marco%20Casta%C3%B1o%20%40marcocastano15&#038;via=poesiaerestu&#038;related=poesiaerestu' target='_blank' class='bctt-ctt-btn'rel=\"noopener noreferrer\">Compartir en X<\/a><\/span>[\/vc_column_text][\/vc_column][\/vc_row][vc_row][vc_column extend=&#8221;false&#8221;]<div class='gambit_parallax_row' data-bg-align='' data-direction='fixed' data-opacity='100' data-velocity='-0.3' data-mobile-enabled='' data-bg-height='2731' data-bg-width='4094' data-bg-image='https:\/\/clubdepoesia.com\/marcocastanomeissel\/files\/2017\/02\/0a_b9g-rm6w-austin-neill.jpg' data-bg-repeat='false' data-id='' style='display: none'><\/div><div class=\"gambit_fullheight_row\" data-content-location=\"center\" style=\"display: none\"><\/div>[\/vc_column][\/vc_row][vc_row][vc_column extend=&#8221;false&#8221;][vc_column_text css=&#8221;.vc_custom_1507889924934{margin-top: -30000px !important;}&#8221;]<span style=\"text-decoration: underline;\"><em><strong>Poes\u00eda del libro Hogar de inspiraciones de <a href=\"https:\/\/clubdepoesia.com\/marcocastanomeissel\/\">Marco Casta\u00f1o Meissel<\/a>. El autor nos da una muestra tras <a href=\"http:\/\/poesiaerestu.com\">publicar un libro<\/a>.<\/strong><\/em><\/span><\/p>\n<p><img fetchpriority=\"high\" decoding=\"async\" class=\"aligncenter size-medium wp-image-8\" src=\"https:\/\/clubdepoesia.com\/marcocastanomeissel\/files\/2017\/02\/book1Hogar-300x284.jpg\" alt=\"Poes\u00eda del libro Hogar de inspiraciones de Marco Casta\u00f1o Meissel. El autor nos da una muestra tras publicar un libro.\" width=\"300\" height=\"284\" srcset=\"https:\/\/clubdepoesia.com\/marcocastanomeissel\/files\/2017\/02\/book1Hogar-300x284.jpg 300w, https:\/\/clubdepoesia.com\/marcocastanomeissel\/files\/2017\/02\/book1Hogar-768x728.jpg 768w, https:\/\/clubdepoesia.com\/marcocastanomeissel\/files\/2017\/02\/book1Hogar-500x474.jpg 500w, https:\/\/clubdepoesia.com\/marcocastanomeissel\/files\/2017\/02\/book1Hogar.jpg 839w\" sizes=\"(max-width: 300px) 100vw, 300px\" \/><\/p>\n<h1><span style=\"text-decoration: underline;\"><em><strong>Poes\u00eda del libro Hogar de inspiraciones de <a href=\"https:\/\/clubdepoesia.com\/marcocastanomeissel\/\">Marco Casta\u00f1o Meissel<\/a>. El autor nos da una muestra tras <a href=\"http:\/\/poesiaerestu.com\">publicar un libro<\/a>.<\/strong><\/em><\/span><\/h1>\n<h2><em><strong>Poes\u00eda del libro Hogar de inspiraciones de <a href=\"https:\/\/clubdepoesia.com\/marcocastanomeissel\/\">Marco Casta\u00f1o Meissel<\/a>. El autor nos da una muestra tras <a href=\"http:\/\/poesiaerestu.com\">publicar un libro<\/a>.<\/strong><\/em><\/h2>\n<h3><em><strong>Poes\u00eda del libro Hogar de inspiraciones de <a href=\"https:\/\/clubdepoesia.com\/marcocastanomeissel\/\">Marco Casta\u00f1o Meissel<\/a>. El autor nos da una muestra tras <a href=\"http:\/\/poesiaerestu.com\">publicar un libro<\/a>.<\/strong><\/em><\/h3>\n<h4><em><strong>Poes\u00eda del libro Hogar de inspiraciones de <a href=\"https:\/\/clubdepoesia.com\/marcocastanomeissel\/\">Marco Casta\u00f1o Meissel<\/a>. El autor nos da una muestra tras <a href=\"http:\/\/poesiaerestu.com\">publicar un libro<\/a>.<\/strong><\/em><\/h4>\n[\/vc_column_text][\/vc_column][\/vc_row]\n<\/div>","protected":false},"excerpt":{"rendered":"<p>[vc_row][vc_column extend=&#8221;false&#8221;][vc_column_text css=&#8221;.vc_custom_1507889974231{margin-top: -30000px !important;}&#8221;]Poes\u00eda del libro Hogar de inspiraciones de Marco Casta\u00f1o Meissel. El autor nos da una muestra tras publicar un libro. Poes\u00eda del libro Hogar de inspiraciones de Marco Casta\u00f1o Meissel. El autor nos da una muestra tras publicar un libro. Poes\u00eda del libro Hogar de inspiraciones de Marco Casta\u00f1o Meissel. El [&hellip;]<\/p>\n","protected":false},"author":24,"featured_media":0,"parent":0,"menu_order":3,"comment_status":"closed","ping_status":"closed","template":"","meta":{"footnotes":"","_links_to":"","_links_to_target":""},"class_list":["post-65","page","type-page","status-publish","hentry"],"_links":{"self":[{"href":"https:\/\/clubdepoesia.com\/marcocastanomeissel\/wp-json\/wp\/v2\/pages\/65","targetHints":{"allow":["GET"]}}],"collection":[{"href":"https:\/\/clubdepoesia.com\/marcocastanomeissel\/wp-json\/wp\/v2\/pages"}],"about":[{"href":"https:\/\/clubdepoesia.com\/marcocastanomeissel\/wp-json\/wp\/v2\/types\/page"}],"author":[{"embeddable":true,"href":"https:\/\/clubdepoesia.com\/marcocastanomeissel\/wp-json\/wp\/v2\/users\/24"}],"replies":[{"embeddable":true,"href":"https:\/\/clubdepoesia.com\/marcocastanomeissel\/wp-json\/wp\/v2\/comments?post=65"}],"version-history":[{"count":0,"href":"https:\/\/clubdepoesia.com\/marcocastanomeissel\/wp-json\/wp\/v2\/pages\/65\/revisions"}],"wp:attachment":[{"href":"https:\/\/clubdepoesia.com\/marcocastanomeissel\/wp-json\/wp\/v2\/media?parent=65"}],"curies":[{"name":"wp","href":"https:\/\/api.w.org\/{rel}","templated":true}]}}