{"id":105,"date":"2017-10-14T21:02:38","date_gmt":"2017-10-14T21:02:38","guid":{"rendered":"http:\/\/clubdepoesia.com\/marcocastanomeissel\/?page_id=105"},"modified":"2017-10-14T21:03:43","modified_gmt":"2017-10-14T21:03:43","slug":"entrevistas","status":"publish","type":"page","link":"https:\/\/clubdepoesia.com\/marcocastanomeissel\/entrevistas\/","title":{"rendered":"Entrevistas"},"content":{"rendered":"<h1><span style=\"text-decoration: underline;\"><em><strong>Entrevista a <a href=\"https:\/\/clubdepoesia.com\/marcocastanomeissel\/\">Marco Casta\u00f1o Meissel<\/a> tras <a href=\"http:\/\/poesiaerestu.com\">publicar un libro<\/a> de poes\u00eda: <a href=\"http:\/\/poesiaerestu.com\/hogar-de-inspiraciones-marco-castano-meissel\/\">Hogar de inspiraciones<\/a> con la Editorial Poes\u00eda eres t\u00fa<\/strong><\/em><\/span><\/h1>\n<p><a href=\"http:\/\/poesiaerestu.com\/revista\/fichaautormarcocastano\/\" rel=\"attachment wp-att-1611\"><img fetchpriority=\"high\" decoding=\"async\" class=\"aligncenter size-medium wp-image-1611\" src=\"http:\/\/poesiaerestu.com\/revista\/wp-content\/uploads\/2017\/10\/FichaautorMarcoCasta\u00f1o-300x212.png\" alt=\"Entrevista a Marco Casta\u00f1o Meissel tras publicar un libro de poes\u00eda: Hogar de inspiraciones con la Editorial Poes\u00eda eres t\u00fa\" width=\"300\" height=\"212\" \/><\/a><\/p>\n<h2><strong>P.- \u00bfPor qu\u00e9 el t\u00edtulo de <em>Hogar de inspiraciones<\/em>? \u00bfCu\u00e1l es ese hogar al que te refieres en el t\u00edtulo de tu poemario?<\/strong><\/h2>\n<p>R.- Empec\u00e9 escribiendo en papeles sueltos, supongo que como todos y un d\u00eda conclu\u00ed junto a mis allegados que deb\u00eda recopilarlos, mas siendo trocitos de inspiraciones dispersados les di un hogar, el cual fue un libro, este libro.<\/p>\n<span class='bctt-click-to-tweet'><span class='bctt-ctt-text'><a href='https:\/\/x.com\/intent\/tweet?url=https%3A%2F%2Fclubdepoesia.com%2Fmarcocastanomeissel%2Fentrevistas%2F&#038;text=Marco%20Casta%C3%B1o%20Meissel%3A%20Empec%C3%A9%20escribiendo%20en%20papeles%20sueltos&#038;via=poesiaerestu&#038;related=poesiaerestu' target='_blank'rel=\"noopener noreferrer\">Marco Casta\u00f1o Meissel: Empec\u00e9 escribiendo en papeles sueltos <\/a><\/span><a href='https:\/\/x.com\/intent\/tweet?url=https%3A%2F%2Fclubdepoesia.com%2Fmarcocastanomeissel%2Fentrevistas%2F&#038;text=Marco%20Casta%C3%B1o%20Meissel%3A%20Empec%C3%A9%20escribiendo%20en%20papeles%20sueltos&#038;via=poesiaerestu&#038;related=poesiaerestu' target='_blank' class='bctt-ctt-btn'rel=\"noopener noreferrer\">Compartir en X<\/a><\/span>\n<h2><strong>P.- La poes\u00eda requiere de emociones para ser escrita, quiz\u00e1s lo que cambie sea la manera de expresar esas emociones. \u00bfEn qu\u00e9 momentos y qu\u00e9 te inspira para escribir poes\u00eda?<\/strong><\/h2>\n<p>R.- Mi poes\u00eda responde a un momento exacto en mi vida, no puedo escribir poes\u00eda cualquier d\u00eda, me nace escribir poes\u00eda porque \u201cmi arma es mi pluma y solo expreso lo que siento con su ayuda\u201d. Utilizo la tinta para expresar o decir las palabras que no soy capaz de expresar o decirle a alguien. Todos mis poemas tienen una musicalidad detr\u00e1s, los escrib\u00ed con una melod\u00eda ba\u00f1ando la habitaci\u00f3n para poder crear un contenido con un ritmo concreto y que espero haber podido transmitir.<\/p>\n<span class='bctt-click-to-tweet'><span class='bctt-ctt-text'><a href='https:\/\/x.com\/intent\/tweet?url=https%3A%2F%2Fclubdepoesia.com%2Fmarcocastanomeissel%2Fentrevistas%2F&#038;text=Utilizo%20la%20tinta%20para%20expresar%20o%20decir%20las%20palabras%20que%20no%20soy%20capaz%20de%20expresar%20o%20decirle%20a%20alguien.&#038;via=poesiaerestu&#038;related=poesiaerestu' target='_blank'rel=\"noopener noreferrer\">Utilizo la tinta para expresar o decir las palabras que no soy capaz de expresar o decirle a alguien. <\/a><\/span><a href='https:\/\/x.com\/intent\/tweet?url=https%3A%2F%2Fclubdepoesia.com%2Fmarcocastanomeissel%2Fentrevistas%2F&#038;text=Utilizo%20la%20tinta%20para%20expresar%20o%20decir%20las%20palabras%20que%20no%20soy%20capaz%20de%20expresar%20o%20decirle%20a%20alguien.&#038;via=poesiaerestu&#038;related=poesiaerestu' target='_blank' class='bctt-ctt-btn'rel=\"noopener noreferrer\">Compartir en X<\/a><\/span>\n<h2><strong>P.- En tu poema \u201cCuando y solo\u201d dices: \u201cSolo los locos aman la noche \/ solo los so\u00f1adores duermen despiertos \/ solo nosotros vemos el mundo \/ solo yo veo esa calle\u201d. \u00bfQu\u00e9 tiene el artista que hace que se vea el mundo de diferente manera?<\/strong><\/h2>\n<p>R.- La respuesta es nada que no tengan los dem\u00e1s pues todos somos esclavos de nuestra realidad pasada, nuestra realidad presente y las posibles realidades que hemos de tomar. Ergo cada persona tiene una realidad y cada persona la mira desde una perspectiva diferente. Aun asi siempre he querido ser due\u00f1o de mi propio destino.<\/p>\n<span class='bctt-click-to-tweet'><span class='bctt-ctt-text'><a href='https:\/\/x.com\/intent\/tweet?url=https%3A%2F%2Fclubdepoesia.com%2Fmarcocastanomeissel%2Fentrevistas%2F&#038;text=Cada%20persona%20tiene%20una%20realidad%20y%20cada%20persona%20la%20mira%20desde%20una%20perspectiva%20diferente.&#038;via=poesiaerestu&#038;related=poesiaerestu' target='_blank'rel=\"noopener noreferrer\">Cada persona tiene una realidad y cada persona la mira desde una perspectiva diferente. <\/a><\/span><a href='https:\/\/x.com\/intent\/tweet?url=https%3A%2F%2Fclubdepoesia.com%2Fmarcocastanomeissel%2Fentrevistas%2F&#038;text=Cada%20persona%20tiene%20una%20realidad%20y%20cada%20persona%20la%20mira%20desde%20una%20perspectiva%20diferente.&#038;via=poesiaerestu&#038;related=poesiaerestu' target='_blank' class='bctt-ctt-btn'rel=\"noopener noreferrer\">Compartir en X<\/a><\/span>\n<h2><strong>P.-Entre los poemas con t\u00edtulo tienes unos poemas que van numerados con n\u00fameros romanos. \u00bfQu\u00e9 tienen de diferente esos poemas? \u00bfPor qu\u00e9 van alternos al resto de poemas?<\/strong><\/h2>\n<p>R.-Los poemas que tienen t\u00edtulos van dirigidos a alguien, diferentes personalidades que me han hecho sentir diferentes cosas. Los poemas con n\u00fameros van m\u00e1s bien dirigidos a momentos concretos. Adem\u00e1s est\u00e1n ordenados num\u00e9ricamente exceptuando los \u00faltimos, en los que del 16 se pasa al 18 y despu\u00e9s al 1931 que, por el contexto del poema se puede extrapolar a que es debido.<\/p>\n<h2><strong>P.-\u00bfCu\u00e1les son los poetas que m\u00e1s te inspiran para escribir?<\/strong><\/h2>\n<p>R.- El principal es Jos\u00e9 \u00c1ngel Buesa, al cual descubr\u00ed gracias a Rafael Turia a trav\u00e9s de YouTube, recomiendo encarecidamente su canal. Otros poetas que me inspiraron fueron el cl\u00e1sico B\u00e9cquer y Juan Ram\u00f3n Jim\u00e9nez.<\/p>\n<span class='bctt-click-to-tweet'><span class='bctt-ctt-text'><a href='https:\/\/x.com\/intent\/tweet?url=https%3A%2F%2Fclubdepoesia.com%2Fmarcocastanomeissel%2Fentrevistas%2F&#038;text=Descubr%C3%AD%20a%20Jos%C3%A9%20%C3%81ngel%20Buesa%20gracias%20a%20Rafael%20Turia%20a%20trav%C3%A9s%20de%20YouTube&#038;via=poesiaerestu&#038;related=poesiaerestu' target='_blank'rel=\"noopener noreferrer\">Descubr\u00ed a Jos\u00e9 \u00c1ngel Buesa gracias a Rafael Turia a trav\u00e9s de YouTube <\/a><\/span><a href='https:\/\/x.com\/intent\/tweet?url=https%3A%2F%2Fclubdepoesia.com%2Fmarcocastanomeissel%2Fentrevistas%2F&#038;text=Descubr%C3%AD%20a%20Jos%C3%A9%20%C3%81ngel%20Buesa%20gracias%20a%20Rafael%20Turia%20a%20trav%C3%A9s%20de%20YouTube&#038;via=poesiaerestu&#038;related=poesiaerestu' target='_blank' class='bctt-ctt-btn'rel=\"noopener noreferrer\">Compartir en X<\/a><\/span>\n<h2><strong>P.-\u00bfSigues escribiendo despu\u00e9s de <em>Hogar de inspiraciones<\/em>?<\/strong><\/h2>\n<p>R.- Sigo escribiendo pues la poes\u00eda es una forma de vida para m\u00ed pero tambi\u00e9n estoy trabajando en un ensayo a largo plazo.<\/p>\n<span class='bctt-click-to-tweet'><span class='bctt-ctt-text'><a href='https:\/\/x.com\/intent\/tweet?url=https%3A%2F%2Fclubdepoesia.com%2Fmarcocastanomeissel%2Fentrevistas%2F&#038;text=Marco%20Casta%C3%B1o%20Meissel%3A%20La%20poes%C3%ADa%20es%20una%20forma%20de%20vida%20para%20m%C3%AD&#038;via=poesiaerestu&#038;related=poesiaerestu' target='_blank'rel=\"noopener noreferrer\">Marco Casta\u00f1o Meissel: La poes\u00eda es una forma de vida para m\u00ed <\/a><\/span><a href='https:\/\/x.com\/intent\/tweet?url=https%3A%2F%2Fclubdepoesia.com%2Fmarcocastanomeissel%2Fentrevistas%2F&#038;text=Marco%20Casta%C3%B1o%20Meissel%3A%20La%20poes%C3%ADa%20es%20una%20forma%20de%20vida%20para%20m%C3%AD&#038;via=poesiaerestu&#038;related=poesiaerestu' target='_blank' class='bctt-ctt-btn'rel=\"noopener noreferrer\">Compartir en X<\/a><\/span>\n<h4><\/h4>\n<h4><span style=\"text-decoration: underline;\"><em><strong>Es to ha sido la entrevista a Marco Casta\u00f1o Meissel tras publicar un libro de poes\u00eda: Hogar de inspiraciones con la Editorial Poes\u00eda eres t\u00fa. Todos los derechos de autor del libro de poes\u00eda \u201cHogar de inspiraciones\u201d pertenecen al escritor, poeta, Marco Casta\u00f1o Meissel que acaba de publicar un libro con la Editorial Poes\u00eda eres t\u00fa.<\/strong><\/em><\/span><\/h4>\n","protected":false},"excerpt":{"rendered":"<p>Entrevista a Marco Casta\u00f1o Meissel tras publicar un libro de poes\u00eda: Hogar de inspiraciones con la Editorial Poes\u00eda eres t\u00fa P.- \u00bfPor qu\u00e9 el t\u00edtulo de Hogar de inspiraciones? \u00bfCu\u00e1l es ese hogar al que te refieres en el t\u00edtulo de tu poemario? R.- Empec\u00e9 escribiendo en papeles sueltos, supongo que como todos y un [&hellip;]<\/p>\n","protected":false},"author":24,"featured_media":0,"parent":0,"menu_order":5,"comment_status":"closed","ping_status":"closed","template":"","meta":{"footnotes":"","_links_to":"","_links_to_target":""},"class_list":["post-105","page","type-page","status-publish","hentry"],"_links":{"self":[{"href":"https:\/\/clubdepoesia.com\/marcocastanomeissel\/wp-json\/wp\/v2\/pages\/105","targetHints":{"allow":["GET"]}}],"collection":[{"href":"https:\/\/clubdepoesia.com\/marcocastanomeissel\/wp-json\/wp\/v2\/pages"}],"about":[{"href":"https:\/\/clubdepoesia.com\/marcocastanomeissel\/wp-json\/wp\/v2\/types\/page"}],"author":[{"embeddable":true,"href":"https:\/\/clubdepoesia.com\/marcocastanomeissel\/wp-json\/wp\/v2\/users\/24"}],"replies":[{"embeddable":true,"href":"https:\/\/clubdepoesia.com\/marcocastanomeissel\/wp-json\/wp\/v2\/comments?post=105"}],"version-history":[{"count":0,"href":"https:\/\/clubdepoesia.com\/marcocastanomeissel\/wp-json\/wp\/v2\/pages\/105\/revisions"}],"wp:attachment":[{"href":"https:\/\/clubdepoesia.com\/marcocastanomeissel\/wp-json\/wp\/v2\/media?parent=105"}],"curies":[{"name":"wp","href":"https:\/\/api.w.org\/{rel}","templated":true}]}}