{"id":135,"date":"2018-09-02T10:41:43","date_gmt":"2018-09-02T10:41:43","guid":{"rendered":"https:\/\/clubdepoesia.com\/malili\/?page_id=135"},"modified":"2018-09-02T10:41:43","modified_gmt":"2018-09-02T10:41:43","slug":"poesia-de-palabras-que-dicen-algo","status":"publish","type":"page","link":"https:\/\/clubdepoesia.com\/malili\/poesia\/poesia-de-palabras-que-dicen-algo\/","title":{"rendered":"Poes\u00eda de Palabras que dicen algo"},"content":{"rendered":"<div class=\"wpb-content-wrapper\">[vc_row][vc_column]<div class='gambit_parallax_row' data-bg-align='' data-direction='up' data-opacity='100' data-velocity='-0.3' data-mobile-enabled='parallax-enable-mobile' data-bg-height='2304' data-bg-width='3274' data-bg-image='https:\/\/clubdepoesia.com\/malili\/files\/2016\/06\/2-Velas-Pag-2-Vela-blanca.jpg' data-bg-repeat='false' data-id='' style='display: none'><\/div><div class=\"gambit_fullheight_row\" data-content-location=\"center\" style=\"display: none\"><\/div>[\/vc_column][\/vc_row][vc_row][vc_column][row_scroll entrance=&#8221;fly-left&#8221; exit=&#8221;fly-left&#8221;][vc_column_text]\n<h1><a name=\"_Toc447061963\"><\/a>La Iglesia<\/h1>\n<p><strong>\u00a0<\/strong><\/p>\n<p>\u00a1Campanas! Que toquen fuerte vuestros badajos<\/p>\n<p>para que mi alma despierte de este incipiente cuerpo.<\/p>\n<p>Que en los albores rasguen el cielo y el aire, cruce melod\u00edas de ensue\u00f1o<\/p>\n<p>y yo aqu\u00ed, esper\u00e1ndoos de nuevo.[\/vc_column_text][\/vc_column][\/vc_row][vc_row][vc_column]<div class='gambit_parallax_row' data-bg-align='' data-direction='down' data-opacity='100' data-velocity='-0.3' data-mobile-enabled='parallax-enable-mobile' data-bg-height='2304' data-bg-width='3274' data-bg-image='https:\/\/clubdepoesia.com\/malili\/files\/2016\/06\/3-Dos-con-globos-Pag-7-Padres.jpg' data-bg-repeat='false' data-id='' style='display: none'><\/div><div class=\"gambit_fullheight_row\" data-content-location=\"center\" style=\"display: none\"><\/div>[\/vc_column][\/vc_row][vc_row][vc_column][row_scroll entrance=&#8221;fly-right&#8221; exit=&#8221;fly-right&#8221;][vc_column_text]\n<h1><a name=\"_Toc447061968\"><\/a>Lucha<\/h1>\n<p><strong>\u00a0<\/strong><\/p>\n<p>Tarde de paseo, de camino largo e insaciable<\/p>\n<p>pero con paso seguro me encuentro en ese punto<\/p>\n<p>en el que converjo y confluyo la espiral de mis cinco sentidos.<\/p>\n<p>Descanso y pienso, no rompo mis estribos<\/p>\n<p>que en la espera comienza, el devenir del destino.<\/p>\n[\/vc_column_text][\/vc_column][\/vc_row][vc_row][vc_column]<div class='gambit_parallax_row' data-bg-align='' data-direction='down' data-opacity='100' data-velocity='-0.3' data-mobile-enabled='parallax-enable-mobile' data-bg-height='2304' data-bg-width='3274' data-bg-image='https:\/\/clubdepoesia.com\/malili\/files\/2016\/06\/6-Cangrejos-mar-Pag-25-Suspiros-en-Portugal.jpg' data-bg-repeat='false' data-id='' style='display: none'><\/div><div class=\"gambit_fullheight_row\" data-content-location=\"center\" style=\"display: none\"><\/div>[\/vc_column][\/vc_row][vc_row][vc_column][row_scroll entrance=&#8221;fly-left&#8221; exit=&#8221;fly-left&#8221;][vc_column_text]\n<h1><a name=\"_Toc447061998\"><\/a>La fuerza de vivir<\/h1>\n<p><strong>\u00a0<\/strong><\/p>\n<p>Dios de gloria eterna<\/p>\n<p>que desbordas en abundantes y excelsas gracias<\/p>\n<p>a todos los que pretenden vivir.<\/p>\n<p>Y, a pesar de las espinosas cimas por escalar,<\/p>\n<p>no frenas los esfuerzos que el hombre en su vulnerabilidad sustenta.<\/p>\n<p>No renunciemos en esperanza aunque el dolor nos duela,<\/p>\n<p>s\u00ed al contrario, beber de los c\u00e1lices dulces que exhalan vientos de fragancia nueva.[\/vc_column_text][\/vc_column][\/vc_row][vc_row][vc_column]<div class='gambit_parallax_row' data-bg-align='' data-direction='down' data-opacity='100' data-velocity='-0.3' data-mobile-enabled='parallax-enable-mobile' data-bg-height='2304' data-bg-width='3274' data-bg-image='https:\/\/clubdepoesia.com\/malili\/files\/2016\/06\/7-Mujer-sombrilla-Pag-28-Cielo-azul.jpg' data-bg-repeat='false' data-id='' style='display: none'><\/div><div class=\"gambit_fullheight_row\" data-content-location=\"center\" style=\"display: none\"><\/div>[\/vc_column][\/vc_row][vc_row][vc_column][row_scroll entrance=&#8221;fly-right&#8221; exit=&#8221;fly-right&#8221;][vc_column_text]<a name=\"_Toc447559347\"><\/a><\/p>\n<h1><a name=\"_Toc447062015\"><\/a>Noche clara<\/h1>\n<p><strong>\u00a0<\/strong><\/p>\n<p>Con el fragor de la noche<\/p>\n<p>las estrellas aparecen, brillan y resplandecen.<\/p>\n<p>Me dejan ver, y escucharlas en la noche, es cosa divina<\/p>\n<p>porque humana, s\u00f3lo son las sombras de la noche.[\/vc_column_text][\/vc_column][\/vc_row][vc_row][vc_column]<div class='gambit_parallax_row' data-bg-align='' data-direction='down' data-opacity='100' data-velocity='-0.3' data-mobile-enabled='parallax-enable-mobile' data-bg-height='2246' data-bg-width='3175' data-bg-image='https:\/\/clubdepoesia.com\/malili\/files\/2016\/06\/10-Sentado-en-luna-Pag-42-Palabras-sencillas.jpg' data-bg-repeat='false' data-id='' style='display: none'><\/div><div class=\"gambit_fullheight_row\" data-content-location=\"center\" style=\"display: none\"><\/div>[\/vc_column][\/vc_row][vc_row][vc_column][row_scroll entrance=&#8221;fly-left&#8221; exit=&#8221;fly-left&#8221;][vc_column_text]<a name=\"_Toc447559347\"><\/a><\/p>\n<h1><a name=\"_Toc447062046\"><\/a>Sue\u00f1os de madrugada<\/h1>\n<p><strong>\u00a0<\/strong><\/p>\n<p>El \u00e1guila cae herida, tambi\u00e9n el le\u00f3n en su guarida<\/p>\n<p>y el agua siempre viva, les cambia su antigua vida.<\/p>\n<p>Vida que fluye, que no se detiene ante nada,<\/p>\n<p>que grita, pena y llora<\/p>\n<p>como lloran los que no tienen nada.<\/p>\n<p>Silencio, que se hace la noche larga<\/p>\n<p>que el sue\u00f1o me embarga<\/p>\n<p>y que llegue \u201cpronto\u201d la madrugada.<\/p>\n<p>De d\u00eda te quiero \u201cde noche\u201d, \u00a1no te digo nada![\/vc_column_text][\/vc_column][\/vc_row][vc_row][vc_column]<div class='gambit_parallax_row' data-bg-align='' data-direction='down' data-opacity='100' data-velocity='-0.3' data-mobile-enabled='parallax-enable-mobile' data-bg-height='2304' data-bg-width='3274' data-bg-image='https:\/\/clubdepoesia.com\/malili\/files\/2016\/06\/9-Pareja-caminando-Pag-34-Ciclo-vital.jpg' data-bg-repeat='false' data-id='' style='display: none'><\/div><div class=\"gambit_fullheight_row\" data-content-location=\"center\" style=\"display: none\"><\/div>[\/vc_column][\/vc_row][vc_row][vc_column][row_scroll entrance=&#8221;fly-right&#8221; exit=&#8221;fly-right&#8221;][vc_column_text]<a name=\"_Toc447559347\"><\/a><\/p>\n<h1><a name=\"_Toc447062074\"><\/a>Palabras sencillas<\/h1>\n<p><strong>\u00a0<\/strong><\/p>\n<p>Respondiendo a un pasado lejano que pregunta por el \u201cUniverso\u201d<\/p>\n<p>veo clara la respuesta, y \u00e9sta es<\/p>\n<p>que en noches de luna llena, el cielo se estremece y nos da respuesta.<\/p>\n<p>Se deja asomar con clara luz de mujer coqueta<\/p>\n<p>y en mi ventana su encanto de plata llega pronto y se refleja.<\/p>\n<p>Las estrellas permanecen quietas y se asombran de tanta belleza<\/p>\n<p>y es por esto, que me sobran una y mil palabras concretas.[\/vc_column_text][\/vc_column][\/vc_row][vc_row][vc_column]<div class='gambit_parallax_row' data-bg-align='' data-direction='down' data-opacity='100' data-velocity='-0.3' data-mobile-enabled='parallax-enable-mobile' data-bg-height='2304' data-bg-width='3274' data-bg-image='https:\/\/clubdepoesia.com\/malili\/files\/2016\/06\/11-Iglesia-Pag-42-Semana-Santa.jpg' data-bg-repeat='false' data-id='' style='display: none'><\/div><div class=\"gambit_fullheight_row\" data-content-location=\"center\" style=\"display: none\"><\/div>[\/vc_column][\/vc_row]\n<\/div>","protected":false},"excerpt":{"rendered":"<p>[vc_row][vc_column][\/vc_column][\/vc_row][vc_row][vc_column][row_scroll entrance=&#8221;fly-left&#8221; exit=&#8221;fly-left&#8221;][vc_column_text] La Iglesia \u00a0 \u00a1Campanas! Que toquen fuerte vuestros badajos para que mi alma despierte de este incipiente cuerpo. Que en los albores rasguen el cielo y el aire, cruce melod\u00edas de ensue\u00f1o y yo aqu\u00ed, esper\u00e1ndoos de nuevo.[\/vc_column_text][\/vc_column][\/vc_row][vc_row][vc_column][\/vc_column][\/vc_row][vc_row][vc_column][row_scroll entrance=&#8221;fly-right&#8221; exit=&#8221;fly-right&#8221;][vc_column_text] Lucha \u00a0 Tarde de paseo, de camino largo e insaciable pero con [&hellip;]<\/p>\n","protected":false},"author":24,"featured_media":0,"parent":57,"menu_order":1,"comment_status":"closed","ping_status":"closed","template":"","meta":{"footnotes":"","_links_to":"","_links_to_target":""},"class_list":["post-135","page","type-page","status-publish","hentry"],"_links":{"self":[{"href":"https:\/\/clubdepoesia.com\/malili\/wp-json\/wp\/v2\/pages\/135","targetHints":{"allow":["GET"]}}],"collection":[{"href":"https:\/\/clubdepoesia.com\/malili\/wp-json\/wp\/v2\/pages"}],"about":[{"href":"https:\/\/clubdepoesia.com\/malili\/wp-json\/wp\/v2\/types\/page"}],"author":[{"embeddable":true,"href":"https:\/\/clubdepoesia.com\/malili\/wp-json\/wp\/v2\/users\/24"}],"replies":[{"embeddable":true,"href":"https:\/\/clubdepoesia.com\/malili\/wp-json\/wp\/v2\/comments?post=135"}],"version-history":[{"count":0,"href":"https:\/\/clubdepoesia.com\/malili\/wp-json\/wp\/v2\/pages\/135\/revisions"}],"up":[{"embeddable":true,"href":"https:\/\/clubdepoesia.com\/malili\/wp-json\/wp\/v2\/pages\/57"}],"wp:attachment":[{"href":"https:\/\/clubdepoesia.com\/malili\/wp-json\/wp\/v2\/media?parent=135"}],"curies":[{"name":"wp","href":"https:\/\/api.w.org\/{rel}","templated":true}]}}

Poesía de Palabras que dicen algo

<div class="wpb-content-wrapper">[vc_row][vc_column]<div class='gambit_parallax_row' data-bg-align='' data-direction='up' data-opacity='100' data-velocity='-0.3' data-mobile-enabled='parallax-enable-mobile' data-bg-height='2304' data-bg-width='3274' data-bg-image='https://clubdepoesia.com/malili/files/2016/06/2-Velas-Pag-2-Vela-blanca.jpg' data-bg-repeat='false' data-id='' style='display: none'></div><div class="gambit_fullheight_row" data-content-location="center" style="display: none"></div>[/vc_column][/vc_row][vc_row][vc_column][row_scroll entrance=&#8221;fly-left&#8221; exit=&#8221;fly-left&#8221;][vc_column_text]
<h1><a name="_Toc447061963"></a>La Iglesia</h1>
<p><strong> </strong></p>
<p>¡Campanas! Que toquen fuerte vuestros badajos</p>
<p>para que mi alma despierte de este incipiente cuerpo.</p>
<p>Que en los albores rasguen el cielo y el aire, cruce melodías de ensueño</p>
<p>y yo aquí, esperándoos de nuevo.[/vc_column_text][/vc_column][/vc_row][vc_row][vc_column]<div class='gambit_parallax_row' data-bg-align='' data-direction='down' data-opacity='100' data-velocity='-0.3' data-mobile-enabled='parallax-enable-mobile' data-bg-height='2304' data-bg-width='3274' data-bg-image='https://clubdepoesia.com/malili/files/2016/06/3-Dos-con-globos-Pag-7-Padres.jpg' data-bg-repeat='false' data-id='' style='display: none'></div><div class="gambit_fullheight_row" data-content-location="center" style="display: none"></div>[/vc_column][/vc_row][vc_row][vc_column][row_scroll entrance=&#8221;fly-right&#8221; exit=&#8221;fly-right&#8221;][vc_column_text]
<h1><a name="_Toc447061968"></a>Lucha</h1>
<p><strong> </strong></p>
<p>Tarde de paseo, de camino largo e insaciable</p>
<p>pero con paso seguro me encuentro en ese punto</p>
<p>en el que converjo y confluyo la espiral de mis cinco sentidos.</p>
<p>Descanso y pienso, no rompo mis estribos</p>
<p>que en la espera comienza, el devenir del destino.</p>
[/vc_column_text][/vc_column][/vc_row][vc_row][vc_column]<div class='gambit_parallax_row' data-bg-align='' data-direction='down' data-opacity='100' data-velocity='-0.3' data-mobile-enabled='parallax-enable-mobile' data-bg-height='2304' data-bg-width='3274' data-bg-image='https://clubdepoesia.com/malili/files/2016/06/6-Cangrejos-mar-Pag-25-Suspiros-en-Portugal.jpg' data-bg-repeat='false' data-id='' style='display: none'></div><div class="gambit_fullheight_row" data-content-location="center" style="display: none"></div>[/vc_column][/vc_row][vc_row][vc_column][row_scroll entrance=&#8221;fly-left&#8221; exit=&#8221;fly-left&#8221;][vc_column_text]
<h1><a name="_Toc447061998"></a>La fuerza de vivir</h1>
<p><strong> </strong></p>
<p>Dios de gloria eterna</p>
<p>que desbordas en abundantes y excelsas gracias</p>
<p>a todos los que pretenden vivir.</p>
<p>Y, a pesar de las espinosas cimas por escalar,</p>
<p>no frenas los esfuerzos que el hombre en su vulnerabilidad sustenta.</p>
<p>No renunciemos en esperanza aunque el dolor nos duela,</p>
<p>sí al contrario, beber de los cálices dulces que exhalan vientos de fragancia nueva.[/vc_column_text][/vc_column][/vc_row][vc_row][vc_column]<div class='gambit_parallax_row' data-bg-align='' data-direction='down' data-opacity='100' data-velocity='-0.3' data-mobile-enabled='parallax-enable-mobile' data-bg-height='2304' data-bg-width='3274' data-bg-image='https://clubdepoesia.com/malili/files/2016/06/7-Mujer-sombrilla-Pag-28-Cielo-azul.jpg' data-bg-repeat='false' data-id='' style='display: none'></div><div class="gambit_fullheight_row" data-content-location="center" style="display: none"></div>[/vc_column][/vc_row][vc_row][vc_column][row_scroll entrance=&#8221;fly-right&#8221; exit=&#8221;fly-right&#8221;][vc_column_text]<a name="_Toc447559347"></a></p>
<h1><a name="_Toc447062015"></a>Noche clara</h1>
<p><strong> </strong></p>
<p>Con el fragor de la noche</p>
<p>las estrellas aparecen, brillan y resplandecen.</p>
<p>Me dejan ver, y escucharlas en la noche, es cosa divina</p>
<p>porque humana, sólo son las sombras de la noche.[/vc_column_text][/vc_column][/vc_row][vc_row][vc_column]<div class='gambit_parallax_row' data-bg-align='' data-direction='down' data-opacity='100' data-velocity='-0.3' data-mobile-enabled='parallax-enable-mobile' data-bg-height='2246' data-bg-width='3175' data-bg-image='https://clubdepoesia.com/malili/files/2016/06/10-Sentado-en-luna-Pag-42-Palabras-sencillas.jpg' data-bg-repeat='false' data-id='' style='display: none'></div><div class="gambit_fullheight_row" data-content-location="center" style="display: none"></div>[/vc_column][/vc_row][vc_row][vc_column][row_scroll entrance=&#8221;fly-left&#8221; exit=&#8221;fly-left&#8221;][vc_column_text]<a name="_Toc447559347"></a></p>
<h1><a name="_Toc447062046"></a>Sueños de madrugada</h1>
<p><strong> </strong></p>
<p>El águila cae herida, también el león en su guarida</p>
<p>y el agua siempre viva, les cambia su antigua vida.</p>
<p>Vida que fluye, que no se detiene ante nada,</p>
<p>que grita, pena y llora</p>
<p>como lloran los que no tienen nada.</p>
<p>Silencio, que se hace la noche larga</p>
<p>que el sueño me embarga</p>
<p>y que llegue “pronto” la madrugada.</p>
<p>De día te quiero “de noche”, ¡no te digo nada![/vc_column_text][/vc_column][/vc_row][vc_row][vc_column]<div class='gambit_parallax_row' data-bg-align='' data-direction='down' data-opacity='100' data-velocity='-0.3' data-mobile-enabled='parallax-enable-mobile' data-bg-height='2304' data-bg-width='3274' data-bg-image='https://clubdepoesia.com/malili/files/2016/06/9-Pareja-caminando-Pag-34-Ciclo-vital.jpg' data-bg-repeat='false' data-id='' style='display: none'></div><div class="gambit_fullheight_row" data-content-location="center" style="display: none"></div>[/vc_column][/vc_row][vc_row][vc_column][row_scroll entrance=&#8221;fly-right&#8221; exit=&#8221;fly-right&#8221;][vc_column_text]<a name="_Toc447559347"></a></p>
<h1><a name="_Toc447062074"></a>Palabras sencillas</h1>
<p><strong> </strong></p>
<p>Respondiendo a un pasado lejano que pregunta por el “Universo”</p>
<p>veo clara la respuesta, y ésta es</p>
<p>que en noches de luna llena, el cielo se estremece y nos da respuesta.</p>
<p>Se deja asomar con clara luz de mujer coqueta</p>
<p>y en mi ventana su encanto de plata llega pronto y se refleja.</p>
<p>Las estrellas permanecen quietas y se asombran de tanta belleza</p>
<p>y es por esto, que me sobran una y mil palabras concretas.[/vc_column_text][/vc_column][/vc_row][vc_row][vc_column]<div class='gambit_parallax_row' data-bg-align='' data-direction='down' data-opacity='100' data-velocity='-0.3' data-mobile-enabled='parallax-enable-mobile' data-bg-height='2304' data-bg-width='3274' data-bg-image='https://clubdepoesia.com/malili/files/2016/06/11-Iglesia-Pag-42-Semana-Santa.jpg' data-bg-repeat='false' data-id='' style='display: none'></div><div class="gambit_fullheight_row" data-content-location="center" style="display: none"></div>[/vc_column][/vc_row]
</div>

<p>[vc_row][vc_column][/vc_column][/vc_row][vc_row][vc_column][row_scroll entrance=&#8221;fly-left&#8221; exit=&#8221;fly-left&#8221;][vc_column_text] La Iglesia   ¡Campanas! Que toquen fuerte vuestros badajos para que mi alma despierte de este incipiente cuerpo. Que en los albores rasguen el cielo y el aire, cruce melodías de ensueño y yo aquí, esperándoos de nuevo.[/vc_column_text][/vc_column][/vc_row][vc_row][vc_column][/vc_column][/vc_row][vc_row][vc_column][row_scroll entrance=&#8221;fly-right&#8221; exit=&#8221;fly-right&#8221;][vc_column_text] Lucha   Tarde de paseo, de camino largo e insaciable pero con [&hellip;]</p>
