{"id":72,"date":"2017-10-07T20:28:54","date_gmt":"2017-10-07T20:28:54","guid":{"rendered":"http:\/\/clubdepoesia.com\/luisdelarosafernandez\/?page_id=72"},"modified":"2017-10-07T20:28:54","modified_gmt":"2017-10-07T20:28:54","slug":"poesia","status":"publish","type":"page","link":"https:\/\/clubdepoesia.com\/luisdelarosafernandez\/poesia\/","title":{"rendered":"Poes\u00eda"},"content":{"rendered":"<div class=\"wpb-content-wrapper\">[vc_row][vc_column extend=&#8221;false&#8221;][vc_column_text css=&#8221;.vc_custom_1507407905360{margin-top: -30000px !important;}&#8221;]<span style=\"text-decoration: underline;\"><em><strong>Poes\u00eda del libro No quedan ruise\u00f1ores junto al r\u00edo de <a href=\"https:\/\/clubdepoesia.com\/luisdelarosafernandez\/luisdelarosaescritorpoetaacabadepublicarunlibro\/\">Luis de la Rosa Fern\u00e1ndez<\/a>. El autor nos da una muestra tras <a href=\"http:\/\/poesiaerestu.com\">publicar un libro<\/a>.<img fetchpriority=\"high\" decoding=\"async\" class=\"aligncenter size-medium wp-image-21\" src=\"https:\/\/clubdepoesia.com\/luisdelarosafernandez\/files\/2017\/10\/book5NoquedanRuise\u00f1ores-300x284.png\" alt=\"Poes\u00eda del libro No quedan ruise\u00f1ores junto al r\u00edo de Luis de la Rosa Fern\u00e1ndez. El autor nos da una muestra tras publicar un libro.\" width=\"300\" height=\"284\" srcset=\"https:\/\/clubdepoesia.com\/luisdelarosafernandez\/files\/2017\/10\/book5NoquedanRuise\u00f1ores-300x284.png 300w, https:\/\/clubdepoesia.com\/luisdelarosafernandez\/files\/2017\/10\/book5NoquedanRuise\u00f1ores-768x727.png 768w, https:\/\/clubdepoesia.com\/luisdelarosafernandez\/files\/2017\/10\/book5NoquedanRuise\u00f1ores.png 839w\" sizes=\"(max-width: 300px) 100vw, 300px\" \/><\/strong><\/em><\/span><\/p>\n<h1><span style=\"text-decoration: underline;\"><em><strong>Poes\u00eda del libro No quedan ruise\u00f1ores junto al r\u00edo de <a href=\"https:\/\/clubdepoesia.com\/luisdelarosafernandez\/luisdelarosaescritorpoetaacabadepublicarunlibro\/\">Luis de la Rosa Fern\u00e1ndez<\/a>. El autor nos da una muestra tras <a href=\"http:\/\/poesiaerestu.com\">publicar un libro<\/a>.<\/strong><\/em><\/span><\/h1>\n<h2><span style=\"text-decoration: underline;\"><em><strong>Poes\u00eda del libro No quedan ruise\u00f1ores junto al r\u00edo de <a href=\"https:\/\/clubdepoesia.com\/luisdelarosafernandez\/luisdelarosaescritorpoetaacabadepublicarunlibro\/\">Luis de la Rosa Fern\u00e1ndez<\/a>. El autor nos da una muestra tras <a href=\"http:\/\/poesiaerestu.com\">publicar un libro<\/a>.<\/strong><\/em><\/span><\/h2>\n<h3><span style=\"text-decoration: underline;\"><em><strong>Poes\u00eda del libro No quedan ruise\u00f1ores junto al r\u00edo de <a href=\"https:\/\/clubdepoesia.com\/luisdelarosafernandez\/luisdelarosaescritorpoetaacabadepublicarunlibro\/\">Luis de la Rosa Fern\u00e1ndez<\/a>. El autor nos da una muestra tras <a href=\"http:\/\/poesiaerestu.com\">publicar un libro<\/a>.<\/strong><\/em><\/span><\/h3>\n<h4><span style=\"text-decoration: underline;\"><em><strong>Poes\u00eda del libro No quedan ruise\u00f1ores junto al r\u00edo de <a href=\"https:\/\/clubdepoesia.com\/luisdelarosafernandez\/luisdelarosaescritorpoetaacabadepublicarunlibro\/\">Luis de la Rosa Fern\u00e1ndez<\/a>. El autor nos da una muestra tras <a href=\"http:\/\/poesiaerestu.com\">publicar un libro<\/a>.<\/strong><\/em><\/span><\/h4>\n[\/vc_column_text][\/vc_column][\/vc_row][vc_row][vc_column extend=&#8221;false&#8221;]<div class='gambit_parallax_row' data-bg-align='' data-direction='fixed' data-opacity='100' data-velocity='-0.3' data-mobile-enabled='' data-bg-height='800' data-bg-width='600' data-bg-image='https:\/\/clubdepoesia.com\/luisdelarosafernandez\/files\/2017\/10\/Fotolia_547717_S_web.jpg' data-bg-repeat='false' data-id='' style='display: none'><\/div><div class=\"gambit_fullheight_row\" data-content-location=\"center\" style=\"display: none\"><\/div>[\/vc_column][\/vc_row][vc_row][vc_column extend=&#8221;false&#8221;][vc_column_text]\n<h1><a name=\"_Toc494234089\"><\/a><strong>MELANCOL\u00cdA<\/strong><\/h1>\n<p>&nbsp;<\/p>\n<p>Desnud\u00e1ndose est\u00e1n los chopos del r\u00edo<\/p>\n<p>ti\u00f1endo de amarillo el verde suelo;<\/p>\n<p>veloces nubes son del sol el velo<\/p>\n<p>en este gris de oto\u00f1o, hoy sombr\u00edo.<\/p>\n<p>&nbsp;<\/p>\n<p>Parecen ateridas por el fr\u00edo<\/p>\n<p>las temblorosas hojas, y revuelo<\/p>\n<p>de p\u00e1jaros distrae triste duelo<\/p>\n<p>de un pobre coraz\u00f3n, cual es el m\u00edo.<\/p>\n<p>&nbsp;<\/p>\n<p>Suave rumor de arroyo en la ribera<\/p>\n<p>endulzando su llanto lo corteja<\/p>\n<p>para aliviar congojas que tuviera.<\/p>\n<p>&nbsp;<\/p>\n<p>Grato aliento recibe ya su queja,<\/p>\n<p>mas la melancol\u00eda que sufriera<\/p>\n<p>el agua cristalina la refleja.<\/p>\n<p>&nbsp;<\/p>\n<span class='bctt-click-to-tweet'><span class='bctt-ctt-text'><a href='https:\/\/x.com\/intent\/tweet?url=https%3A%2F%2Fclubdepoesia.com%2Fluisdelarosafernandez%2Fpoesia%2F&#038;text=Melancol%C3%ADa%20del%20libro%20No%20quedan%20ruise%C3%B1ores%20junto%20al%20r%C3%ADo%20de%20Luis%20de%20la%20Rosa%20Fern%C3%A1ndez&#038;via=poesiaerestu&#038;related=poesiaerestu' target='_blank'rel=\"noopener noreferrer\">Melancol\u00eda del libro No quedan ruise\u00f1ores junto al r\u00edo de Luis de la Rosa Fern\u00e1ndez <\/a><\/span><a href='https:\/\/x.com\/intent\/tweet?url=https%3A%2F%2Fclubdepoesia.com%2Fluisdelarosafernandez%2Fpoesia%2F&#038;text=Melancol%C3%ADa%20del%20libro%20No%20quedan%20ruise%C3%B1ores%20junto%20al%20r%C3%ADo%20de%20Luis%20de%20la%20Rosa%20Fern%C3%A1ndez&#038;via=poesiaerestu&#038;related=poesiaerestu' target='_blank' class='bctt-ctt-btn'rel=\"noopener noreferrer\">Compartir en X<\/a><\/span>[\/vc_column_text][\/vc_column][\/vc_row][vc_row][vc_column extend=&#8221;false&#8221;]<div class='gambit_parallax_row' data-bg-align='' data-direction='fixed' data-opacity='100' data-velocity='-0.3' data-mobile-enabled='' data-bg-height='587' data-bg-width='817' data-bg-image='https:\/\/clubdepoesia.com\/luisdelarosafernandez\/files\/2017\/10\/Fotolia_5228154_S_web.jpg' data-bg-repeat='false' data-id='' style='display: none'><\/div><div class=\"gambit_fullheight_row\" data-content-location=\"center\" style=\"display: none\"><\/div>[\/vc_column][\/vc_row][vc_row][vc_column extend=&#8221;false&#8221;][vc_column_text]\n<h1><a name=\"_Toc494234095\"><\/a><strong>CUANDO A LA FUENTE VAYAS<\/strong><\/h1>\n<p>&nbsp;<\/p>\n<p>Cuando a la fuente vayas y no veas<\/p>\n<p>tu reflejo, mirar en tu alma debes.<\/p>\n<p>Puede que tristes y llorosos lleves<\/p>\n<p>los ojos, como hoy, que lagrimeas.<\/p>\n<p>&nbsp;<\/p>\n<p>Tal vez en ella encuentres qu\u00e9 deseas,<\/p>\n<p>qu\u00e9 te hace a ti llorar, qu\u00e9 hechos aleves<\/p>\n<p>causaron tu dolor que sobrelleves<\/p>\n<p>sin saberlo quiz\u00e1s, que t\u00fa acarreas.<\/p>\n<p>&nbsp;<\/p>\n<p>&nbsp;<\/p>\n<p>Encuentra en tu interior la aciaga causa<\/p>\n<p>que a ti te entristeci\u00f3 y, veloz, des\u00e9chala.<\/p>\n<p>\u00a1Destruye la raz\u00f3n que a ti te abrasa!<\/p>\n<p>&nbsp;<\/p>\n<p>Cuando as\u00ed lo hayas hecho, remodela<\/p>\n<p>tu vida. Donde est\u00e1 la fuente pasa<\/p>\n<p>y ver\u00e1s como el agua te revela.<\/p>\n<p>&nbsp;<\/p>\n<p>&nbsp;<\/p>\n<span class='bctt-click-to-tweet'><span class='bctt-ctt-text'><a href='https:\/\/x.com\/intent\/tweet?url=https%3A%2F%2Fclubdepoesia.com%2Fluisdelarosafernandez%2Fpoesia%2F&#038;text=Cuando%20a%20la%20fuente%20vayas%20del%20libro%20No%20quedan%20ruise%C3%B1ores%20junto%20al%20r%C3%ADo%20de%20Luis%20de%20la%20Rosa%20Fern%C3%A1ndez&#038;via=poesiaerestu&#038;related=poesiaerestu' target='_blank'rel=\"noopener noreferrer\">Cuando a la fuente vayas del libro No quedan ruise\u00f1ores junto al r\u00edo de Luis de la Rosa Fern\u00e1ndez <\/a><\/span><a href='https:\/\/x.com\/intent\/tweet?url=https%3A%2F%2Fclubdepoesia.com%2Fluisdelarosafernandez%2Fpoesia%2F&#038;text=Cuando%20a%20la%20fuente%20vayas%20del%20libro%20No%20quedan%20ruise%C3%B1ores%20junto%20al%20r%C3%ADo%20de%20Luis%20de%20la%20Rosa%20Fern%C3%A1ndez&#038;via=poesiaerestu&#038;related=poesiaerestu' target='_blank' class='bctt-ctt-btn'rel=\"noopener noreferrer\">Compartir en X<\/a><\/span>[\/vc_column_text][\/vc_column][\/vc_row][vc_row][vc_column extend=&#8221;false&#8221;]<div class='gambit_parallax_row' data-bg-align='' data-direction='fixed' data-opacity='100' data-velocity='-0.3' data-mobile-enabled='' data-bg-height='566' data-bg-width='849' data-bg-image='https:\/\/clubdepoesia.com\/luisdelarosafernandez\/files\/2017\/10\/Fotolia_7186179_S_web.jpg' data-bg-repeat='false' data-id='' style='display: none'><\/div><div class=\"gambit_fullheight_row\" data-content-location=\"center\" style=\"display: none\"><\/div>[\/vc_column][\/vc_row][vc_row][vc_column extend=&#8221;false&#8221;][vc_column_text]\n<h1><a name=\"_Toc494234109\"><\/a><strong>ATARDECER<\/strong><\/h1>\n<p>&nbsp;<\/p>\n<p>Por un largo sendero caminando<\/p>\n<p>observo los almendros florecidos.<\/p>\n<p>La tarde va cayendo y el crep\u00fasculo<\/p>\n<p>se torna azul y rojo. Suave brisa<\/p>\n<p>mi sudorosa frente refrescando<\/p>\n<p>me anima a continuar hasta el otero.<\/p>\n<p>All\u00ed sobre una piedra yo me siento;<\/p>\n<p>miro serenamente el bello ocaso.<\/p>\n<p>El Sol, con su pijama de colores,<\/p>\n<p>va cayendo muy lento. Una hurraca<\/p>\n<p>se posa en una rama, contemplando<\/p>\n<p>conmigo la ca\u00edda de la tarde.<\/p>\n<p>\u00bfPor qu\u00e9 todo se acaba?, me pregunto;<\/p>\n<p>y una melancol\u00eda me domina<\/p>\n<p>el alma porque sabe la respuesta<\/p>\n<p>pero impotente, no quiere aceptarla.<\/p>\n<p>&nbsp;<\/p>\n<p>&nbsp;<\/p>\n<span class='bctt-click-to-tweet'><span class='bctt-ctt-text'><a href='https:\/\/x.com\/intent\/tweet?url=https%3A%2F%2Fclubdepoesia.com%2Fluisdelarosafernandez%2Fpoesia%2F&#038;text=ATARDECER%20del%20libro%20No%20quedan%20ruise%C3%B1ores%20junto%20al%20r%C3%ADo%20de%20Luis%20de%20la%20Rosa%20Fern%C3%A1ndez&#038;via=poesiaerestu&#038;related=poesiaerestu' target='_blank'rel=\"noopener noreferrer\">ATARDECER del libro No quedan ruise\u00f1ores junto al r\u00edo de Luis de la Rosa Fern\u00e1ndez <\/a><\/span><a href='https:\/\/x.com\/intent\/tweet?url=https%3A%2F%2Fclubdepoesia.com%2Fluisdelarosafernandez%2Fpoesia%2F&#038;text=ATARDECER%20del%20libro%20No%20quedan%20ruise%C3%B1ores%20junto%20al%20r%C3%ADo%20de%20Luis%20de%20la%20Rosa%20Fern%C3%A1ndez&#038;via=poesiaerestu&#038;related=poesiaerestu' target='_blank' class='bctt-ctt-btn'rel=\"noopener noreferrer\">Compartir en X<\/a><\/span>[\/vc_column_text][\/vc_column][\/vc_row][vc_row][vc_column extend=&#8221;false&#8221;]<div class='gambit_parallax_row' data-bg-align='' data-direction='fixed' data-opacity='100' data-velocity='-0.3' data-mobile-enabled='' data-bg-height='1194' data-bg-width='1592' data-bg-image='https:\/\/clubdepoesia.com\/luisdelarosafernandez\/files\/2017\/10\/Fotolia_3531676_M_web.jpg' data-bg-repeat='false' data-id='' style='display: none'><\/div><div class=\"gambit_fullheight_row\" data-content-location=\"center\" style=\"display: none\"><\/div>[\/vc_column][\/vc_row][vc_row][vc_column extend=&#8221;false&#8221;][vc_column_text]\n<h1><a name=\"_Toc494234118\"><\/a><strong>MI PRIMER AMOR<\/strong><\/h1>\n<p>&nbsp;<\/p>\n<p>Yo soy el que te espera en la distancia<\/p>\n<p>con un ramo de rosas, ya hoy ajadas,<\/p>\n<p>triste vestigio de aquellas pasadas<\/p>\n<p>horas de fantas\u00eda de mi infancia.<\/p>\n<p>&nbsp;<\/p>\n<p>Vivos a\u00fan los recuerdos: la fragancia<\/p>\n<p>de tu rostro, confianzas generadas,<\/p>\n<p>de amor las confesiones expresadas,<\/p>\n<p>tu gracia, tu donaire, tu elegancia.<\/p>\n<p>&nbsp;<\/p>\n<p>Y a pesar de los a\u00f1os ya vividos,<\/p>\n<p>\u00edntegra la ilusi\u00f3n, aqu\u00ed te espero<\/p>\n<p>con mi af\u00e1n y los sue\u00f1os compartidos,<\/p>\n<p>&nbsp;<\/p>\n<p>con la esperanza intacta, prisionero<\/p>\n<p>de aquella gran pasi\u00f3n, a\u00fan encendidos<\/p>\n<p>los delirios de aquel amor primero.<\/p>\n<p>&nbsp;<\/p>\n<p>&nbsp;<\/p>\n<span class='bctt-click-to-tweet'><span class='bctt-ctt-text'><a href='https:\/\/x.com\/intent\/tweet?url=https%3A%2F%2Fclubdepoesia.com%2Fluisdelarosafernandez%2Fpoesia%2F&#038;text=Mi%20primer%20amor%20del%20libro%20No%20quedan%20ruise%C3%B1ores%20junto%20al%20r%C3%ADo%20de%20Luis%20de%20la%20Rosa%20Fern%C3%A1ndez&#038;via=poesiaerestu&#038;related=poesiaerestu' target='_blank'rel=\"noopener noreferrer\">Mi primer amor del libro No quedan ruise\u00f1ores junto al r\u00edo de Luis de la Rosa Fern\u00e1ndez <\/a><\/span><a href='https:\/\/x.com\/intent\/tweet?url=https%3A%2F%2Fclubdepoesia.com%2Fluisdelarosafernandez%2Fpoesia%2F&#038;text=Mi%20primer%20amor%20del%20libro%20No%20quedan%20ruise%C3%B1ores%20junto%20al%20r%C3%ADo%20de%20Luis%20de%20la%20Rosa%20Fern%C3%A1ndez&#038;via=poesiaerestu&#038;related=poesiaerestu' target='_blank' class='bctt-ctt-btn'rel=\"noopener noreferrer\">Compartir en X<\/a><\/span>[\/vc_column_text][\/vc_column][\/vc_row][vc_row][vc_column extend=&#8221;false&#8221;]<div class='gambit_parallax_row' data-bg-align='' data-direction='fixed' data-opacity='100' data-velocity='-0.3' data-mobile-enabled='' data-bg-height='565' data-bg-width='850' data-bg-image='https:\/\/clubdepoesia.com\/luisdelarosafernandez\/files\/2017\/10\/Fotolia_562395_S_web.jpg' data-bg-repeat='false' data-id='' style='display: none'><\/div><div class=\"gambit_fullheight_row\" data-content-location=\"center\" style=\"display: none\"><\/div>[\/vc_column][\/vc_row][vc_row][vc_column extend=&#8221;false&#8221;][vc_column_text]\n<h1><a name=\"_Toc494234141\"><\/a><strong>PETICI\u00d3N<\/strong><\/h1>\n<p>&nbsp;<\/p>\n<p>R\u00fabricas en el cielo del infierno<\/p>\n<p>sellan la eterna paz de muchos muertos.<\/p>\n<p>Garabatos silbantes son conciertos<\/p>\n<p>de ruina y destrucci\u00f3n, \u00a1de odio fraterno!<\/p>\n<p>&nbsp;<\/p>\n<p>Surcos de aciagos buques del averno<\/p>\n<p>que navegan por sangre hacia los puertos<\/p>\n<p>de la abominaci\u00f3n, de horror cubiertos:<\/p>\n<p>\u00a1firmas son que acreditan mal eterno!<\/p>\n<p>&nbsp;<\/p>\n<p>Crueldad, muerte, homicidio, destrucci\u00f3n:<\/p>\n<p>los hijos predilectos del poder<\/p>\n<p>que pretende imponer su condici\u00f3n.<\/p>\n<p>&nbsp;<\/p>\n<p>\u00a1L\u00edbranos, oh Se\u00f1or, de la pasi\u00f3n<\/p>\n<p>que en tu nombre asesina, o por tener,<\/p>\n<p>del hombre cruel que tiene esta ambici\u00f3n!<\/p>\n<p>&nbsp;<\/p>\n<span class='bctt-click-to-tweet'><span class='bctt-ctt-text'><a href='https:\/\/x.com\/intent\/tweet?url=https%3A%2F%2Fclubdepoesia.com%2Fluisdelarosafernandez%2Fpoesia%2F&#038;text=Petici%C3%B3n%20del%20libro%20No%20qued%C3%A1n%20ruise%C3%B1ores%20junto%20al%20r%C3%ADo%20de%20Luis%20de%20la%20Rosa%20Fern%C3%A1ndez&#038;via=poesiaerestu&#038;related=poesiaerestu' target='_blank'rel=\"noopener noreferrer\">Petici\u00f3n del libro No qued\u00e1n ruise\u00f1ores junto al r\u00edo de Luis de la Rosa Fern\u00e1ndez <\/a><\/span><a href='https:\/\/x.com\/intent\/tweet?url=https%3A%2F%2Fclubdepoesia.com%2Fluisdelarosafernandez%2Fpoesia%2F&#038;text=Petici%C3%B3n%20del%20libro%20No%20qued%C3%A1n%20ruise%C3%B1ores%20junto%20al%20r%C3%ADo%20de%20Luis%20de%20la%20Rosa%20Fern%C3%A1ndez&#038;via=poesiaerestu&#038;related=poesiaerestu' target='_blank' class='bctt-ctt-btn'rel=\"noopener noreferrer\">Compartir en X<\/a><\/span>[\/vc_column_text][\/vc_column][\/vc_row][vc_row][vc_column extend=&#8221;false&#8221;]<div class='gambit_parallax_row' data-bg-align='' data-direction='fixed' data-opacity='100' data-velocity='-0.3' data-mobile-enabled='' data-bg-height='667' data-bg-width='1000' data-bg-image='https:\/\/clubdepoesia.com\/luisdelarosafernandez\/files\/2017\/10\/Fotolia_85204701_L_web.jpg' data-bg-repeat='false' data-id='' style='display: none'><\/div><div class=\"gambit_fullheight_row\" data-content-location=\"center\" style=\"display: none\"><\/div>[\/vc_column][\/vc_row][vc_row][vc_column extend=&#8221;false&#8221;][vc_column_text css=&#8221;.vc_custom_1507407905360{margin-top: -30000px !important;}&#8221;]<span style=\"text-decoration: underline;\"><em><strong>Poes\u00eda del libro No quedan ruise\u00f1ores junto al r\u00edo de <a href=\"https:\/\/clubdepoesia.com\/luisdelarosafernandez\/luisdelarosaescritorpoetaacabadepublicarunlibro\/\">Luis de la Rosa Fern\u00e1ndez<\/a>. El autor nos da una muestra tras <a href=\"http:\/\/poesiaerestu.com\">publicar un libro<\/a>.<img fetchpriority=\"high\" decoding=\"async\" class=\"aligncenter size-medium wp-image-21\" src=\"https:\/\/clubdepoesia.com\/luisdelarosafernandez\/files\/2017\/10\/book5NoquedanRuise\u00f1ores-300x284.png\" alt=\"Poes\u00eda del libro No quedan ruise\u00f1ores junto al r\u00edo de Luis de la Rosa Fern\u00e1ndez. El autor nos da una muestra tras publicar un libro.\" width=\"300\" height=\"284\" srcset=\"https:\/\/clubdepoesia.com\/luisdelarosafernandez\/files\/2017\/10\/book5NoquedanRuise\u00f1ores-300x284.png 300w, https:\/\/clubdepoesia.com\/luisdelarosafernandez\/files\/2017\/10\/book5NoquedanRuise\u00f1ores-768x727.png 768w, https:\/\/clubdepoesia.com\/luisdelarosafernandez\/files\/2017\/10\/book5NoquedanRuise\u00f1ores.png 839w\" sizes=\"(max-width: 300px) 100vw, 300px\" \/><\/strong><\/em><\/span><\/p>\n<h1><span style=\"text-decoration: underline;\"><em><strong>Poes\u00eda del libro No quedan ruise\u00f1ores junto al r\u00edo de <a href=\"https:\/\/clubdepoesia.com\/luisdelarosafernandez\/luisdelarosaescritorpoetaacabadepublicarunlibro\/\">Luis de la Rosa Fern\u00e1ndez<\/a>. El autor nos da una muestra tras <a href=\"http:\/\/poesiaerestu.com\">publicar un libro<\/a>.<\/strong><\/em><\/span><\/h1>\n<h2><span style=\"text-decoration: underline;\"><em><strong>Poes\u00eda del libro No quedan ruise\u00f1ores junto al r\u00edo de <a href=\"https:\/\/clubdepoesia.com\/luisdelarosafernandez\/luisdelarosaescritorpoetaacabadepublicarunlibro\/\">Luis de la Rosa Fern\u00e1ndez<\/a>. El autor nos da una muestra tras <a href=\"http:\/\/poesiaerestu.com\">publicar un libro<\/a>.<\/strong><\/em><\/span><\/h2>\n<h3><span style=\"text-decoration: underline;\"><em><strong>Poes\u00eda del libro No quedan ruise\u00f1ores junto al r\u00edo de <a href=\"https:\/\/clubdepoesia.com\/luisdelarosafernandez\/luisdelarosaescritorpoetaacabadepublicarunlibro\/\">Luis de la Rosa Fern\u00e1ndez<\/a>. El autor nos da una muestra tras <a href=\"http:\/\/poesiaerestu.com\">publicar un libro<\/a>.<\/strong><\/em><\/span><\/h3>\n<h4><span style=\"text-decoration: underline;\"><em><strong>Poes\u00eda del libro No quedan ruise\u00f1ores junto al r\u00edo de <a href=\"https:\/\/clubdepoesia.com\/luisdelarosafernandez\/luisdelarosaescritorpoetaacabadepublicarunlibro\/\">Luis de la Rosa Fern\u00e1ndez<\/a>. El autor nos da una muestra tras <a href=\"http:\/\/poesiaerestu.com\">publicar un libro<\/a>.<\/strong><\/em><\/span><\/h4>\n[\/vc_column_text][\/vc_column][\/vc_row]\n<\/div>","protected":false},"excerpt":{"rendered":"<p>[vc_row][vc_column extend=&#8221;false&#8221;][vc_column_text css=&#8221;.vc_custom_1507407905360{margin-top: -30000px !important;}&#8221;]Poes\u00eda del libro No quedan ruise\u00f1ores junto al r\u00edo de Luis de la Rosa Fern\u00e1ndez. El autor nos da una muestra tras publicar un libro. Poes\u00eda del libro No quedan ruise\u00f1ores junto al r\u00edo de Luis de la Rosa Fern\u00e1ndez. El autor nos da una muestra tras publicar un libro. Poes\u00eda [&hellip;]<\/p>\n","protected":false},"author":24,"featured_media":0,"parent":0,"menu_order":4,"comment_status":"closed","ping_status":"closed","template":"","meta":{"footnotes":"","_links_to":"","_links_to_target":""},"class_list":["post-72","page","type-page","status-publish","hentry"],"_links":{"self":[{"href":"https:\/\/clubdepoesia.com\/luisdelarosafernandez\/wp-json\/wp\/v2\/pages\/72","targetHints":{"allow":["GET"]}}],"collection":[{"href":"https:\/\/clubdepoesia.com\/luisdelarosafernandez\/wp-json\/wp\/v2\/pages"}],"about":[{"href":"https:\/\/clubdepoesia.com\/luisdelarosafernandez\/wp-json\/wp\/v2\/types\/page"}],"author":[{"embeddable":true,"href":"https:\/\/clubdepoesia.com\/luisdelarosafernandez\/wp-json\/wp\/v2\/users\/24"}],"replies":[{"embeddable":true,"href":"https:\/\/clubdepoesia.com\/luisdelarosafernandez\/wp-json\/wp\/v2\/comments?post=72"}],"version-history":[{"count":0,"href":"https:\/\/clubdepoesia.com\/luisdelarosafernandez\/wp-json\/wp\/v2\/pages\/72\/revisions"}],"wp:attachment":[{"href":"https:\/\/clubdepoesia.com\/luisdelarosafernandez\/wp-json\/wp\/v2\/media?parent=72"}],"curies":[{"name":"wp","href":"https:\/\/api.w.org\/{rel}","templated":true}]}}