{"id":49,"date":"2018-06-18T09:52:16","date_gmt":"2018-06-18T09:52:16","guid":{"rendered":"https:\/\/clubdepoesia.com\/juanmorenoramos\/?page_id=49"},"modified":"2018-06-18T10:23:14","modified_gmt":"2018-06-18T10:23:14","slug":"poesias","status":"publish","type":"page","link":"https:\/\/clubdepoesia.com\/juanmorenoramos\/poesias\/","title":{"rendered":"Poes\u00edas"},"content":{"rendered":"<div class=\"wpb-content-wrapper\">[vc_row][vc_column extend=&#8221;false&#8221;][vc_column_text css=&#8221;.vc_custom_1529315356170{margin-top: -30000px !important;}&#8221;]\n<h1><strong><em><u>Poes\u00eda del libro Rosas de noviembre de Juan Moreno Ramos. El escritor nos da una muestra tras publicar un libro.<\/u><\/em><\/strong><\/h1>\n<h2><strong><em><u><img fetchpriority=\"high\" decoding=\"async\" class=\"aligncenter size-full wp-image-27\" src=\"https:\/\/clubdepoesia.com\/juanmorenoramos\/files\/2018\/06\/book5Rosasdenoviembre.png\" alt=\"Rosas de noviembre\" width=\"839\" height=\"794\" srcset=\"https:\/\/clubdepoesia.com\/juanmorenoramos\/files\/2018\/06\/book5Rosasdenoviembre.png 839w, https:\/\/clubdepoesia.com\/juanmorenoramos\/files\/2018\/06\/book5Rosasdenoviembre-300x284.png 300w, https:\/\/clubdepoesia.com\/juanmorenoramos\/files\/2018\/06\/book5Rosasdenoviembre-768x727.png 768w\" sizes=\"(max-width: 839px) 100vw, 839px\" \/>Poes\u00eda del libro Rosas de noviembre de Juan Moreno Ramos El poeta nos da una muestra tras publicar un libro.<\/u><\/em><\/strong><\/h2>\n<h3><strong><em><u>Poes\u00eda del libro Rosas de noviembre de Juan Moreno Ramos El autor nos da una muestra tras publicar un libro.<\/u><\/em><\/strong><\/h3>\n<h4><strong><em><u>Poes\u00eda del libro Rosas de noviembre de Juan Moreno Ramos El autor nos da una muestra tras publicar un libro.<\/u><\/em><\/strong><\/h4>\n<h5><strong><em><u>Poes\u00eda del libro Rosas de noviembre de Juan Moreno Ramos El autor nos da una muestra tras publicar un libro.<\/u><\/em><\/strong><\/h5>\n[\/vc_column_text][\/vc_column][\/vc_row][vc_row][vc_column extend=&#8221;false&#8221;]<div class='gambit_parallax_row' data-bg-align='' data-direction='fixed' data-opacity='100' data-velocity='-0.3' data-mobile-enabled='' data-bg-height='480' data-bg-width='720' data-bg-image='https:\/\/clubdepoesia.com\/juanmorenoramos\/files\/2018\/06\/0_vintage-1170652_1920-720480.jpg' data-bg-repeat='false' data-id='' style='display: none'><\/div><div class=\"gambit_fullheight_row\" data-content-location=\"center\" style=\"display: none\"><\/div>[\/vc_column][\/vc_row][vc_row][vc_column extend=&#8221;false&#8221;][vc_column_text]\n<h1><a name=\"_Toc512191084\"><\/a><strong>Nostalgia<\/strong><\/h1>\n<p>&nbsp;<\/p>\n<p>Las tinieblas que ti\u00f1en mi coraz\u00f3n,<\/p>\n<p>la oscuridad que habita en mis entra\u00f1as,<\/p>\n<p>la soledad como gu\u00eda y tim\u00f3n,<\/p>\n<p>las heridas que rompen mi alma,<\/p>\n<p>la guerra como principal emblema,<\/p>\n<p>la existencia como personal batalla.<\/p>\n<p>&nbsp;<\/p>\n<p>Peleo con la coraza donde habito,<\/p>\n<p>mis rosas est\u00e1n ya marchitadas,<\/p>\n<p>Dios no responde a mis gritos,<\/p>\n<p>a pesar de esperar impaciente su llamada.<\/p>\n<p>En el espejo no me encuentro<\/p>\n<p>y mi yo se encuentra donde no debo nada.<\/p>\n<p>&nbsp;<\/p>\n<p>Mis problemas se llaman complejos,<\/p>\n<p>y se apellidan nostalgia.<\/p>\n<p>&nbsp;<\/p>\n<h1>&nbsp;<\/h1>\n<p>&nbsp;<\/p>\n<span class='bctt-click-to-tweet'><span class='bctt-ctt-text'><a href='https:\/\/x.com\/intent\/tweet?url=https%3A%2F%2Fclubdepoesia.com%2Fjuanmorenoramos%2Fpoesias%2F&#038;text=Nostalgia%C2%A0del%20libro%20Rosas%20de%20noviembre%20de%20Juan%20Moreno%20Ramos&#038;via=poesiaerestu&#038;related=poesiaerestu' target='_blank'rel=\"noopener noreferrer\">Nostalgia&nbsp;del libro Rosas de noviembre de Juan Moreno Ramos <\/a><\/span><a href='https:\/\/x.com\/intent\/tweet?url=https%3A%2F%2Fclubdepoesia.com%2Fjuanmorenoramos%2Fpoesias%2F&#038;text=Nostalgia%C2%A0del%20libro%20Rosas%20de%20noviembre%20de%20Juan%20Moreno%20Ramos&#038;via=poesiaerestu&#038;related=poesiaerestu' target='_blank' class='bctt-ctt-btn'rel=\"noopener noreferrer\">Compartir en X<\/a><\/span>[\/vc_column_text][\/vc_column][\/vc_row][vc_row][vc_column extend=&#8221;false&#8221;]<div class='gambit_parallax_row' data-bg-align='' data-direction='fixed' data-opacity='100' data-velocity='-0.3' data-mobile-enabled='' data-bg-height='480' data-bg-width='640' data-bg-image='https:\/\/clubdepoesia.com\/juanmorenoramos\/files\/2018\/06\/writing-1209121_1920-640480.jpg' data-bg-repeat='false' data-id='' style='display: none'><\/div><div class=\"gambit_fullheight_row\" data-content-location=\"center\" style=\"display: none\"><\/div>[\/vc_column][\/vc_row][vc_row][vc_column extend=&#8221;false&#8221;][vc_column_text]\n<h1><a name=\"_Toc512191093\"><\/a><strong>Ella<\/strong><\/h1>\n<p>&nbsp;<\/p>\n<p>Salgo con ella, y ella me acompa\u00f1a;<br \/>\nindulgente y esperanzada en borrar<br \/>\nlos hilos de ara\u00f1a que un d\u00eda dieron<br \/>\ncalor y tejieron una coraza de hierro<br \/>\ncontra los perfumes de la primavera<\/p>\n<p>y contra los embarazos de afrodita.<br \/>\nElla, que siempre todo lo consigui\u00f3,<br \/>\npor su perseverancia y dedicaci\u00f3n<br \/>\nhoy se ve desesperada ante un ser<br \/>\nsuperdotado en la virtud de la soledad infinita.<\/p>\n<p>Ella, busca algo que la permita<br \/>\nintroducirse en su cuerpo, para<br \/>\nas\u00ed formar un todo et\u00e9reo e inhumano.<br \/>\nElla, que en el bullicio es silencio,<br \/>\nque es determinista ante el azar,<\/p>\n<p>que es materia en el fr\u00edo y sombra<br \/>\noscura azabache en agosto,<br \/>\nes la esperanza del que todo lo ha perdido,<br \/>\nes el beso que brota en labios afligidos<br \/>\ny es olvido para mis recuerdos olvidados.<\/p>\n<p>&nbsp;<\/p>\n<span class='bctt-click-to-tweet'><span class='bctt-ctt-text'><a href='https:\/\/x.com\/intent\/tweet?url=https%3A%2F%2Fclubdepoesia.com%2Fjuanmorenoramos%2Fpoesias%2F&#038;text=Ella%20del%20libro%20Rosas%20de%20noviembre%20de%20Juan%20Moreno%20Ramos&#038;via=poesiaerestu&#038;related=poesiaerestu' target='_blank'rel=\"noopener noreferrer\">Ella del libro Rosas de noviembre de Juan Moreno Ramos <\/a><\/span><a href='https:\/\/x.com\/intent\/tweet?url=https%3A%2F%2Fclubdepoesia.com%2Fjuanmorenoramos%2Fpoesias%2F&#038;text=Ella%20del%20libro%20Rosas%20de%20noviembre%20de%20Juan%20Moreno%20Ramos&#038;via=poesiaerestu&#038;related=poesiaerestu' target='_blank' class='bctt-ctt-btn'rel=\"noopener noreferrer\">Compartir en X<\/a><\/span>[\/vc_column_text][\/vc_column][\/vc_row][vc_row][vc_column extend=&#8221;false&#8221;]<div class='gambit_parallax_row' data-bg-align='' data-direction='fixed' data-opacity='100' data-velocity='-0.3' data-mobile-enabled='' data-bg-height='480' data-bg-width='640' data-bg-image='https:\/\/clubdepoesia.com\/juanmorenoramos\/files\/2018\/06\/notebook-2586283_1920-640480.jpg' data-bg-repeat='false' data-id='' style='display: none'><\/div><div class=\"gambit_fullheight_row\" data-content-location=\"center\" style=\"display: none\"><\/div>[\/vc_column][\/vc_row][vc_row][vc_column extend=&#8221;false&#8221;][vc_column_text]\n<h1>&nbsp;<\/h1>\n<h1><a name=\"_Toc512191095\"><\/a><strong>Invierno<\/strong><\/h1>\n<p>&nbsp;<\/p>\n<p>Pensando en las nubes que me visitan,<\/p>\n<p>sintiendo las tormentas que las acompa\u00f1an,<\/p>\n<p>y que susurran en lo m\u00e1s hondo de mis entra\u00f1as,<\/p>\n<p>que mi coraz\u00f3n muere, que ya no palpita.<\/p>\n<p>&nbsp;<\/p>\n<p>En el fondo es algo que no me irrita,<\/p>\n<p>pues para mi raz\u00f3n la muerte no es extra\u00f1a,<\/p>\n<p>a todos nos visita la guada\u00f1a<\/p>\n<p>y toda flor con el fr\u00edo se marchita.<\/p>\n<h1>&nbsp;<\/h1>\n<p>&nbsp;<\/p>\n<span class='bctt-click-to-tweet'><span class='bctt-ctt-text'><a href='https:\/\/x.com\/intent\/tweet?url=https%3A%2F%2Fclubdepoesia.com%2Fjuanmorenoramos%2Fpoesias%2F&#038;text=Invierno%20del%20libro%20Rosas%20de%20noviembre%20de%20Juan%20Moreno%20Ramos&#038;via=poesiaerestu&#038;related=poesiaerestu' target='_blank'rel=\"noopener noreferrer\">Invierno del libro Rosas de noviembre de Juan Moreno Ramos <\/a><\/span><a href='https:\/\/x.com\/intent\/tweet?url=https%3A%2F%2Fclubdepoesia.com%2Fjuanmorenoramos%2Fpoesias%2F&#038;text=Invierno%20del%20libro%20Rosas%20de%20noviembre%20de%20Juan%20Moreno%20Ramos&#038;via=poesiaerestu&#038;related=poesiaerestu' target='_blank' class='bctt-ctt-btn'rel=\"noopener noreferrer\">Compartir en X<\/a><\/span>[\/vc_column_text][\/vc_column][\/vc_row][vc_row][vc_column extend=&#8221;false&#8221;]<div class='gambit_parallax_row' data-bg-align='' data-direction='fixed' data-opacity='100' data-velocity='-0.3' data-mobile-enabled='' data-bg-height='480' data-bg-width='720' data-bg-image='https:\/\/clubdepoesia.com\/juanmorenoramos\/files\/2018\/06\/notebook-933362_1920-720480.jpg' data-bg-repeat='false' data-id='' style='display: none'><\/div><div class=\"gambit_fullheight_row\" data-content-location=\"center\" style=\"display: none\"><\/div>[\/vc_column][\/vc_row][vc_row][vc_column extend=&#8221;false&#8221;][vc_column_text]\n<h1><a name=\"_Toc512191101\"><\/a><strong>Esperanza marchita<\/strong><\/h1>\n<p><u>&nbsp;<\/u><\/p>\n<p>Desfallec\u00ed ante la lumbre,<\/p>\n<p>en la cumbre de la nostalgia,<\/p>\n<p>ya no hay nada que relumbre,<\/p>\n<p>solo mugre que surge en el cerco<\/p>\n<p>donde un d\u00eda florec\u00eda esperanza.<\/p>\n<p>&nbsp;<\/p>\n<p>Hasta las manos lloraron;<\/p>\n<p>ellas, solo fueron mandadas,<\/p>\n<p>arrancarla no deseaban.<\/p>\n<p>Ahora, la consciencia les condena,<\/p>\n<p>cuando recuerdan la savia derramada<\/p>\n<p>y las espinas en sus dedos clavadas.<\/p>\n<p>&nbsp;<\/p>\n<p>Roja flor, cuyo color vida daba,<\/p>\n<p>se ve en el arriate sus hojas marchitadas;<\/p>\n<p>donde ahora hay tierra,<\/p>\n<p>las abejas hace un tiempo se peleaban;<\/p>\n<p>donde antes el agua regaba,<\/p>\n<p>hoy solo quedan gotas de dolor saladas.<\/p>\n<p>&nbsp;<\/p>\n<h1><strong>&nbsp;<\/strong><\/h1>\n<h1>&nbsp;<\/h1>\n<span class='bctt-click-to-tweet'><span class='bctt-ctt-text'><a href='https:\/\/x.com\/intent\/tweet?url=https%3A%2F%2Fclubdepoesia.com%2Fjuanmorenoramos%2Fpoesias%2F&#038;text=Esperanza%20marchita%C2%A0del%20libro%20Rosas%20de%20noviembre%20de%20Juan%20Moreno%20Ramos&#038;via=poesiaerestu&#038;related=poesiaerestu' target='_blank'rel=\"noopener noreferrer\">Esperanza marchita&nbsp;del libro Rosas de noviembre de Juan Moreno Ramos <\/a><\/span><a href='https:\/\/x.com\/intent\/tweet?url=https%3A%2F%2Fclubdepoesia.com%2Fjuanmorenoramos%2Fpoesias%2F&#038;text=Esperanza%20marchita%C2%A0del%20libro%20Rosas%20de%20noviembre%20de%20Juan%20Moreno%20Ramos&#038;via=poesiaerestu&#038;related=poesiaerestu' target='_blank' class='bctt-ctt-btn'rel=\"noopener noreferrer\">Compartir en X<\/a><\/span>[\/vc_column_text][\/vc_column][\/vc_row][vc_row][vc_column extend=&#8221;false&#8221;]<div class='gambit_parallax_row' data-bg-align='' data-direction='fixed' data-opacity='100' data-velocity='-0.3' data-mobile-enabled='' data-bg-height='480' data-bg-width='720' data-bg-image='https:\/\/clubdepoesia.com\/juanmorenoramos\/files\/2018\/06\/fountain-pen-745308_1920-720480.jpg' data-bg-repeat='false' data-id='' style='display: none'><\/div><div class=\"gambit_fullheight_row\" data-content-location=\"center\" style=\"display: none\"><\/div>[vc_column_text]\n<p style=\"text-align: center;\"><a class=\"fasc-button fasc-size-medium fasc-type-flat\" style=\"background-color: #33809e; color: #ffffff;\" href=\"https:\/\/librodepoesia.com\/producto\/rosas-de-noviembre-juan-moreno-ramos\/\">Comprar el libro<\/a><\/p>\n[\/vc_column_text][\/vc_column][\/vc_row][vc_row][vc_column extend=&#8221;false&#8221;][vc_column_text css=&#8221;.vc_custom_1529315393352{margin-top: -30000px !important;}&#8221;]\n<h1><strong><em><u>Poes\u00eda del libro Rosas de noviembre de Juan Moreno Ramos. El escritor nos da una muestra tras publicar un libro.<\/u><\/em><\/strong><\/h1>\n<h2><strong><em><u><img fetchpriority=\"high\" decoding=\"async\" class=\"aligncenter size-full wp-image-27\" src=\"https:\/\/clubdepoesia.com\/juanmorenoramos\/files\/2018\/06\/book5Rosasdenoviembre.png\" alt=\"Rosas de noviembre\" width=\"839\" height=\"794\" srcset=\"https:\/\/clubdepoesia.com\/juanmorenoramos\/files\/2018\/06\/book5Rosasdenoviembre.png 839w, https:\/\/clubdepoesia.com\/juanmorenoramos\/files\/2018\/06\/book5Rosasdenoviembre-300x284.png 300w, https:\/\/clubdepoesia.com\/juanmorenoramos\/files\/2018\/06\/book5Rosasdenoviembre-768x727.png 768w\" sizes=\"(max-width: 839px) 100vw, 839px\" \/>Poes\u00eda del libro Rosas de noviembre de Juan Moreno Ramos El poeta nos da una muestra tras publicar un libro.<\/u><\/em><\/strong><\/h2>\n<h3><strong><em><u>Poes\u00eda del libro Rosas de noviembre de Juan Moreno Ramos El autor nos da una muestra tras publicar un libro.<\/u><\/em><\/strong><\/h3>\n<h4><strong><em><u>Poes\u00eda del libro Rosas de noviembre de Juan Moreno Ramos El autor nos da una muestra tras publicar un libro.<\/u><\/em><\/strong><\/h4>\n<h5><strong><em><u>Poes\u00eda del libro Rosas de noviembre de Juan Moreno Ramos El autor nos da una muestra tras publicar un libro.<\/u><\/em><\/strong><\/h5>\n[\/vc_column_text][\/vc_column][\/vc_row]\n<\/div>","protected":false},"excerpt":{"rendered":"<p>[vc_row][vc_column extend=&#8221;false&#8221;][vc_column_text css=&#8221;.vc_custom_1529315356170{margin-top: -30000px !important;}&#8221;] Poes\u00eda del libro Rosas de noviembre de Juan Moreno Ramos. El escritor nos da una muestra tras publicar un libro. Poes\u00eda del libro Rosas de noviembre de Juan Moreno Ramos El poeta nos da una muestra tras publicar un libro. Poes\u00eda del libro Rosas de noviembre de Juan Moreno Ramos [&hellip;]<\/p>\n","protected":false},"author":24,"featured_media":0,"parent":0,"menu_order":3,"comment_status":"closed","ping_status":"closed","template":"","meta":{"footnotes":"","_links_to":"","_links_to_target":""},"class_list":["post-49","page","type-page","status-publish","hentry"],"_links":{"self":[{"href":"https:\/\/clubdepoesia.com\/juanmorenoramos\/wp-json\/wp\/v2\/pages\/49","targetHints":{"allow":["GET"]}}],"collection":[{"href":"https:\/\/clubdepoesia.com\/juanmorenoramos\/wp-json\/wp\/v2\/pages"}],"about":[{"href":"https:\/\/clubdepoesia.com\/juanmorenoramos\/wp-json\/wp\/v2\/types\/page"}],"author":[{"embeddable":true,"href":"https:\/\/clubdepoesia.com\/juanmorenoramos\/wp-json\/wp\/v2\/users\/24"}],"replies":[{"embeddable":true,"href":"https:\/\/clubdepoesia.com\/juanmorenoramos\/wp-json\/wp\/v2\/comments?post=49"}],"version-history":[{"count":0,"href":"https:\/\/clubdepoesia.com\/juanmorenoramos\/wp-json\/wp\/v2\/pages\/49\/revisions"}],"wp:attachment":[{"href":"https:\/\/clubdepoesia.com\/juanmorenoramos\/wp-json\/wp\/v2\/media?parent=49"}],"curies":[{"name":"wp","href":"https:\/\/api.w.org\/{rel}","templated":true}]}}