{"id":22,"date":"2013-09-16T17:38:38","date_gmt":"2013-09-16T17:38:38","guid":{"rendered":"http:\/\/clubdepoesia.com\/joseluislopezenamorado\/?page_id=22"},"modified":"2013-09-16T17:38:38","modified_gmt":"2013-09-16T17:38:38","slug":"poemas","status":"publish","type":"page","link":"https:\/\/clubdepoesia.com\/joseluislopezenamorado\/poemas\/","title":{"rendered":"Poemas"},"content":{"rendered":"<h1>Mi mar<\/h1>\n<p align=\"right\">(Soneto dedicado a mi firme escuchante)<\/p>\n<p>&nbsp;<\/p>\n<p>El Mediterr\u00e1neo es mi mar,<\/p>\n<p>se ondula ante m\u00ed como confidente<\/p>\n<p>de dudas en mi destino doliente<\/p>\n<p>que le lanzo en un descarado clamar.<\/p>\n<p>Pido amor que pueda consumar<\/p>\n<p>\u00e9sta congoja de h\u00famedo ambiente,<\/p>\n<p>grito a la sorda ausencia insistente<\/p>\n<p>de sombras de duelo por arracimar.<\/p>\n<p>Busco imagen a dolores pasados<\/p>\n<p>iluminada con la luz futura<\/p>\n<p>del ocaso de este mar que me puebla.<\/p>\n<p>\u00c9l dirige mis trazos ondulados<\/p>\n<p>por papel liso y seco sin hechura<\/p>\n<p>con er\u00f3tica oculta tras la niebla.<\/p>\n<p>&nbsp;<\/p>\n<p>&nbsp;<\/p>\n<h1>Se me ha ca\u00eddo un beso<\/h1>\n<p>&nbsp;<\/p>\n<p>Se me ha ca\u00eddo un beso.<\/p>\n<p>Ha resbalado por mi cuerpo\u2026<\/p>\n<p>como si fuera tuyo\u2026<\/p>\n<p>y ha escapado enloquecido,<\/p>\n<p>busc\u00e1ndote,<\/p>\n<p>llam\u00e1ndote,<\/p>\n<p>rompiendo barreras y llenando p\u00e1ginas<\/p>\n<p>con textos callados,<\/p>\n<p>ocultos como tesoros de ni\u00f1os.<\/p>\n<p>Se me ha ca\u00eddo un beso\u2026<\/p>\n<p>otro m\u00e1s de los muchos<\/p>\n<p>que almacenan mis labios<\/p>\n<p>d\u00eda tras d\u00eda,<\/p>\n<p>noche tras noche,<\/p>\n<p>verso tras verso.<\/p>\n<p>Son besos frescos, renovados,<\/p>\n<p>siempre prestos\u2026<\/p>\n<p>por si acaso abrimos el tesoro.<\/p>\n<p>Se me caen los besos<\/p>\n<p>en un derroche de deseos\u2026<\/p>\n<p>de ti.<\/p>\n<p>&nbsp;<\/p>\n<h1>Es as\u00ed<\/h1>\n<p>&nbsp;<\/p>\n<p>S\u00e9 que no es as\u00ed.<\/p>\n<p>No puede ser que tu cuerpo y tu alma<\/p>\n<p>me pertenezcan.<\/p>\n<p>S\u00e9 que no es as\u00ed pero as\u00ed me siento,<\/p>\n<p>due\u00f1o,<\/p>\n<p>\u00fanico inquilino de tus desnudos.<\/p>\n<p>Mi pasi\u00f3n ahora recoge pruebas<\/p>\n<p>de entre tus pliegues y sombras,<\/p>\n<p>para analizarlas y degustarlas.<\/p>\n<p>Resbalan mis dedos entre tus labios esponjosos,<\/p>\n<p>primero por unos\u2026<\/p>\n<p>despu\u00e9s por otros\u2026<\/p>\n<p>m\u00e1s tarde subo para ver<\/p>\n<p>c\u00f3mo miras\u2026<\/p>\n<p>y tu boca me provoca<\/p>\n<p>y se apodera de m\u00ed.<\/p>\n<p>Te pertenezco ahora,<\/p>\n<p>estoy seguro, es as\u00ed.<\/p>\n","protected":false},"excerpt":{"rendered":"<p>Mi mar (Soneto dedicado a mi firme escuchante) &nbsp; El Mediterr\u00e1neo es mi mar, se ondula ante m\u00ed como confidente de dudas en mi destino doliente que le lanzo en un descarado clamar. Pido amor que pueda consumar \u00e9sta congoja de h\u00famedo ambiente, grito a la sorda ausencia insistente de sombras de duelo por arracimar. [&hellip;]<\/p>\n","protected":false},"author":1,"featured_media":0,"parent":0,"menu_order":6,"comment_status":"open","ping_status":"open","template":"","meta":{"footnotes":"","_links_to":"","_links_to_target":""},"class_list":["post-22","page","type-page","status-publish","hentry"],"_links":{"self":[{"href":"https:\/\/clubdepoesia.com\/joseluislopezenamorado\/wp-json\/wp\/v2\/pages\/22","targetHints":{"allow":["GET"]}}],"collection":[{"href":"https:\/\/clubdepoesia.com\/joseluislopezenamorado\/wp-json\/wp\/v2\/pages"}],"about":[{"href":"https:\/\/clubdepoesia.com\/joseluislopezenamorado\/wp-json\/wp\/v2\/types\/page"}],"author":[{"embeddable":true,"href":"https:\/\/clubdepoesia.com\/joseluislopezenamorado\/wp-json\/wp\/v2\/users\/1"}],"replies":[{"embeddable":true,"href":"https:\/\/clubdepoesia.com\/joseluislopezenamorado\/wp-json\/wp\/v2\/comments?post=22"}],"version-history":[{"count":0,"href":"https:\/\/clubdepoesia.com\/joseluislopezenamorado\/wp-json\/wp\/v2\/pages\/22\/revisions"}],"wp:attachment":[{"href":"https:\/\/clubdepoesia.com\/joseluislopezenamorado\/wp-json\/wp\/v2\/media?parent=22"}],"curies":[{"name":"wp","href":"https:\/\/api.w.org\/{rel}","templated":true}]}}