{"id":12,"date":"2013-08-17T18:28:40","date_gmt":"2013-08-17T18:28:40","guid":{"rendered":"http:\/\/clubdepoesia.com\/joseluislopezenamorado\/?page_id=12"},"modified":"2014-06-24T16:37:52","modified_gmt":"2014-06-24T16:37:52","slug":"entrevistas","status":"publish","type":"page","link":"https:\/\/clubdepoesia.com\/joseluislopezenamorado\/entrevistas\/","title":{"rendered":"Entrevistas"},"content":{"rendered":"<h1>Entrevista realizada para la Revista Poes\u00eda eres t\u00fa, en el a\u00f1o 2014.<\/h1>\n<p>&nbsp;<\/p>\n[intense_animated type=&#8221;rotateInDownLeft&#8221; trigger=&#8221;scroll&#8221; scroll_percent=&#8221;10&#8243; delay=&#8221;0&#8243;]\n<p><strong>1.-Se me ha ca\u00eddo un beso es un poemario de tem\u00e1tica amorosa. Muchos autores piensan que el amor es uno de los principales temas de la poes\u00eda. \u00bfCrees tambi\u00e9n que el amor es uno de los principales motores del arte?<\/strong><\/p>\n[\/intense_animated]\n[intense_animated type=&#8221;rotateInUpRight&#8221; trigger=&#8221;scroll&#8221; scroll_percent=&#8221;10&#8243; delay=&#8221;0&#8243;]\nSi no es uno de los principales motores s\u00ed creo que es base impulsora de otros motores. Detr\u00e1s de cada situaci\u00f3n en la vida hay una historia de amor que ha participado en ella con mayor o menor protagonismo. El amor origina situaciones de todo tipo en la vida del ser humano: alegr\u00eda, odio, pelea, reconciliaci\u00f3n, venganza, juegos de conquista, locura, obsesi\u00f3n, bienestar, placer\u2026 Cada una de estas posibilidades puede ser escrita, puede ser descrita desde la s\u00edntesis de la poes\u00eda. Por lo tanto, creo que s\u00ed, que el amor es uno de los principales temas de la poes\u00eda.<\/p>\n[\/intense_animated]\n[intense_animated type=&#8221;rotateInDownLeft&#8221; trigger=&#8221;scroll&#8221; scroll_percent=&#8221;10&#8243; delay=&#8221;0&#8243;]\n<p><strong>2.-El paso del tiempo hace que las personas cambiemos, tambi\u00e9n cambia la forma de entender el mundo que nos rodea y la forma de amar. \u00bfEs Se me ha ca\u00eddo un beso una fotograf\u00eda de un momento de tu vida, un descubrimiento de una evoluci\u00f3n en el amor?<\/strong><\/p>\n[\/intense_animated]\n[intense_animated type=&#8221;rotateInUpRight&#8221; trigger=&#8221;scroll&#8221; scroll_percent=&#8221;10&#8243; delay=&#8221;0&#8243;]\nSin duda ninguna es la fotograf\u00eda de un momento de mi vida aunque no tanto un descubrimiento de una evoluci\u00f3n en el amor. Ha pasado por m\u00ed la vida con diferentes escaparates amorosos que han estado decorados con los materiales de cada momento\u2026 y esos momentos han ido dando forma a mi manera de amar, de entender el amor, han evolucionado conmigo forjando mi personalidad. Se me ha ca\u00eddo un beso llega en el momento actual de mi vida, cuando asoma, hace un lustro ya, un amor nuevo, tard\u00edo si pero no por ello extra\u00f1o. Tard\u00edo pero fuerte, intenso, al amparo del conocimiento adquirido que ahora permite interpretar las situaciones con otra calma, otra autenticidad, m\u00e1s sabiamente me atrever\u00eda a decir.<\/p>\n[\/intense_animated]\n[intense_animated type=&#8221;rotateInDownLeft&#8221; trigger=&#8221;scroll&#8221; scroll_percent=&#8221;10&#8243; delay=&#8221;0&#8243;]\n<p><strong>3.-Granada, la tierra que te acoge, es la cuna de la poes\u00eda de la experiencia. \u00bfTe consideras un poeta de la experiencia? \u00bfQu\u00e9 papel juegan las vivencias en tus poemas?<\/strong><\/p>\n[\/intense_animated]\n[intense_animated type=&#8221;rotateInUpRight&#8221; trigger=&#8221;scroll&#8221; scroll_percent=&#8221;10&#8243; delay=&#8221;0&#8243;]\nMi poes\u00eda est\u00e1 escrita desde la experiencia por lo tanto, s\u00ed me considero un poeta de la experiencia. Mi poes\u00eda es confidencia que quiero dar a conocer, comunicar a quien la lea, las razones de mi vida en cualquier aspecto desde mi prisma personal, desde mi experiencia porque me sentir\u00eda incapaz de escribir sobre algo que no haya tenido en mis manos alguna vez. En este poemario, Se me ha ca\u00eddo un beso, la fuente experimental ha sido el amor, pero escribo del mismo modo, con la misma sinceridad, en los nuevos temas que estoy trabajando ya sean de denuncia social, de realidad urbana, de pensamiento o de m\u00fasica.<\/p>\n[\/intense_animated]\n[intense_animated type=&#8221;rotateInDownLeft&#8221; trigger=&#8221;scroll&#8221; scroll_percent=&#8221;10&#8243; delay=&#8221;0&#8243;]\n<p><strong>4.-En Se me ha ca\u00eddo un beso hay un importante contenido pl\u00e1stico a trav\u00e9s de im\u00e1genes. \u00bfPod\u00edamos hablar de poes\u00eda visual? \u00bfQu\u00e9 relaci\u00f3n tienen dichas im\u00e1genes con los poemas?<\/strong><\/p>\n[\/intense_animated]\n[intense_animated type=&#8221;rotateInUpRight&#8221; trigger=&#8221;scroll&#8221; scroll_percent=&#8221;10&#8243; delay=&#8221;0&#8243;]\nSoy un hombre que precisa cada d\u00eda sus dosis de palabras, m\u00fasicas e im\u00e1genes. A cada palabra trato de ponerle imagen y m\u00fasica. Es evidente la importancia del contenido pl\u00e1stico en Se me ha ca\u00eddo un beso pero no creo que deba hablar de poes\u00eda visual porque las palabras pueden caminar solas sin el soporte de la ilustraci\u00f3n. No obstante, determinados poemas me ped\u00edan im\u00e1genes a medida que los escrib\u00eda para contar, con m\u00e1s notoriedad, el momento amoroso que estaba transmitiendo; no una notoriedad gr\u00e1fica con los cuerpos que originaban los poemas sino una notoriedad sentimental trasladada a veces a dise\u00f1os on\u00edricos para dejar que sean las flores, las fuentes, los mimbres, el jazz\u2026 quienes transmitan, con otras formas, lo que estoy sintiendo en cada momento de amor o de contemplaci\u00f3n.<\/p>\n[\/intense_animated]\n[intense_animated type=&#8221;rotateInDownLeft&#8221; trigger=&#8221;scroll&#8221; scroll_percent=&#8221;10&#8243; delay=&#8221;0&#8243;]\n<p><strong>5.-Nos encontramos ante una poes\u00eda muy descriptiva, donde el yo po\u00e9tico aparece muchas veces de manera impersonal y relacion\u00e1ndose con el ser amado. \u00bfCu\u00e1nto hay de Jos\u00e9 Luis L\u00f3pez Enamorado en los poemas? \u00bfQu\u00e9 es m\u00e1s importante el poeta o el acto po\u00e9tico?<\/strong><\/p>\n[\/intense_animated]\n[intense_animated type=&#8221;rotateInUpRight&#8221; trigger=&#8221;scroll&#8221; scroll_percent=&#8221;10&#8243; delay=&#8221;0&#8243;]\nEn todos los poemas de Se me ha ca\u00eddo un beso estoy yo descrito con mi forma de sentir y de interpretar cada momento. Cada poema es un brote de sinceridad que se esparce por el papel con m\u00e1s o menos acierto y belleza, no ser\u00e9 yo quien juzgue esto \u00faltimo, pero sinceridad al cabo con la que me desnudo ante el lector. No puedo escribir para enga\u00f1ar, mi reto a la hora de plantearme este poemario fue el de asumir la responsabilidad de contar mis experiencias desde la sinceridad. Despu\u00e9s, me gustar\u00eda comprobar si mis experiencias coinciden con las del resto de la sociedad y en qu\u00e9 medida.<br \/>\nPoeta y acto po\u00e9tico caminan juntos. El poeta es el origen, es el volc\u00e1n que vomita aquello que se mueve en su interior y el acto po\u00e9tico es la distribuci\u00f3n de ese magma de un modo progresivo para, al final, componer un decorado atractivo que puede tener resultados duros, de impacto o por el contrario, procurar una conducci\u00f3n cuidada y delicadamente bella del magma para crear un nuevo paisaje inocuo que invite a la contemplaci\u00f3n. El acto po\u00e9tico es la lucha que tiene el poeta consigo mismo para dar forma a sus ideas.<\/p>\n[\/intense_animated]\n[intense_animated type=&#8221;rotateInDownLeft&#8221; trigger=&#8221;scroll&#8221; scroll_percent=&#8221;10&#8243; delay=&#8221;0&#8243;]\n<p><strong>6.-Muchos pensamos que el amor se refleja en la poes\u00eda por el deseo del amante ante la ausencia del ser amado. Sin embargo encontramos excepciones en algunos poemas de tu poes\u00eda amorosa, en la que el ser amado y el amante interact\u00faan en el poema. \u00bfPodr\u00edamos estar hablando de una poes\u00eda er\u00f3tica?<\/strong><\/p>\n[\/intense_animated]\n[intense_animated type=&#8221;rotateInUpRight&#8221; trigger=&#8221;scroll&#8221; scroll_percent=&#8221;10&#8243; delay=&#8221;0&#8243;]\nMi poes\u00eda tiene dos circunstancias que son como los ra\u00edles por donde se conduce el amor: distancia y ausencia. Efectivamente ese deseo del amante ante la ausencia del ser amado se da en algunos de los poemas, m\u00e1s en los que pertenecen a la segunda parte del libro dedicada a la contemplaci\u00f3n y el pensamiento. Sin embargo, las situaciones de acto amoroso que describo en los poemas no son sue\u00f1os, no son salidos pensamiento del deseo; son situaciones reales, descripciones que hago con la mayor delicadeza posible del acto sexual. Por lo tanto si hablamos de una poes\u00eda er\u00f3tica.<\/p>\n[\/intense_animated]\n[intense_animated type=&#8221;rotateInDownLeft&#8221; trigger=&#8221;scroll&#8221; scroll_percent=&#8221;10&#8243; delay=&#8221;0&#8243;]\n<p><strong>7.-El amor ha sido el eje central de tu obra, \u00bfSe ha planteado tocar el tema o ha surgido de manera espont\u00e1nea?<\/strong><\/p>\n[\/intense_animated]\n[intense_animated type=&#8221;rotateInUpRight&#8221; trigger=&#8221;scroll&#8221; scroll_percent=&#8221;10&#8243; delay=&#8221;0&#8243;]\nEl tema me ha venido impuesto m\u00e1s bien. Como describo en mi pr\u00f3logo, la idea de escribir este libro nace en una tertulia m\u00e1s de las mantenidas con mis amigos David Zaafra, pintor granadino, y Lu\u00eds Javier Garrido, hombre pr\u00f3ximo al mundo del baile y cante flamenco. Una tarde Luis Javier propuso a David que ilustrara los poemas que escribiera yo. David acept\u00f3 pero con la condici\u00f3n de que se tratara de poes\u00eda er\u00f3tica. Como quiera que yo tuviera escritos casi un centenar de poemas de amor acept\u00e9 el reto y me puse a ello. M\u00e1s tarde David Zaafra no pudo cumplir con su palabra por razones de trabajo personal. Como quiera que me gusta y me muevo bastante bien por el dibujo, la pintura y el dise\u00f1o, decid\u00ed ocuparme yo de ello. Creo que fue una suerte que se diera esta circunstancia porque nadie como yo, protagonista de cada momento amoroso, puede interpretarlo en im\u00e1genes aunque no lleven el sello profesional de David Zaafra.<\/p>\n[\/intense_animated]\n[intense_animated type=&#8221;rotateInDownLeft&#8221; trigger=&#8221;scroll&#8221; scroll_percent=&#8221;10&#8243; delay=&#8221;0&#8243;]\n<p><strong>8.-Se me ha ca\u00eddo un beso es una obra casual, o tiene planeado seguir escribiendo. \u00bfTocar\u00e1 otra tem\u00e1tica en futuros trabajos o ahondar\u00e1 en el tema del amor?<\/strong><\/p>\n[\/intense_animated]\n[intense_animated type=&#8221;rotateInUpRight&#8221; trigger=&#8221;scroll&#8221; scroll_percent=&#8221;10&#8243; delay=&#8221;0&#8243;]\nSe me ha ca\u00eddo un beso no es una obra casual. Toda vez que he finalizado mi trabajo en Televisi\u00f3n Espa\u00f1ola que me ha obligado a la escritura de guiones, proyectos de programas y entrevistas, estoy volcado de lleno en la escritura de nuevos libros. Se me ha ca\u00eddo un beso es mi segundo libro publicado. En 1992 pude escribir e ilustrar un libro de acercamiento al mundo de la m\u00fasica que edit\u00f3 Narcea S.A. con el t\u00edtulo Ilusi\u00f3n Musical. Estoy preparando un nuevo libro de poes\u00eda que aglutinar\u00e1 contenidos diferentes, amor, pol\u00edtica, pensamiento, denuncia social\u2026 Tambi\u00e9n manejo textos escritos por m\u00ed hace a\u00f1os que quiero reunir a modo de ensayo en otro libro y una tercera tarea que reunir\u00e1 varios relatos cortos.<\/p>\n[\/intense_animated]\n","protected":false},"excerpt":{"rendered":"<p>Entrevista realizada para la Revista Poes\u00eda eres t\u00fa, en el a\u00f1o 2014. &nbsp; [intense_animated type=&#8221;rotateInDownLeft&#8221; trigger=&#8221;scroll&#8221; scroll_percent=&#8221;10&#8243; delay=&#8221;0&#8243;] 1.-Se me ha ca\u00eddo un beso es un poemario de tem\u00e1tica amorosa. Muchos autores piensan que el amor es uno de los principales temas de la poes\u00eda. \u00bfCrees tambi\u00e9n que el amor es uno de los principales [&hellip;]<\/p>\n","protected":false},"author":1,"featured_media":0,"parent":0,"menu_order":3,"comment_status":"open","ping_status":"open","template":"","meta":{"footnotes":"","_links_to":"","_links_to_target":""},"class_list":["post-12","page","type-page","status-publish","hentry"],"_links":{"self":[{"href":"https:\/\/clubdepoesia.com\/joseluislopezenamorado\/wp-json\/wp\/v2\/pages\/12","targetHints":{"allow":["GET"]}}],"collection":[{"href":"https:\/\/clubdepoesia.com\/joseluislopezenamorado\/wp-json\/wp\/v2\/pages"}],"about":[{"href":"https:\/\/clubdepoesia.com\/joseluislopezenamorado\/wp-json\/wp\/v2\/types\/page"}],"author":[{"embeddable":true,"href":"https:\/\/clubdepoesia.com\/joseluislopezenamorado\/wp-json\/wp\/v2\/users\/1"}],"replies":[{"embeddable":true,"href":"https:\/\/clubdepoesia.com\/joseluislopezenamorado\/wp-json\/wp\/v2\/comments?post=12"}],"version-history":[{"count":0,"href":"https:\/\/clubdepoesia.com\/joseluislopezenamorado\/wp-json\/wp\/v2\/pages\/12\/revisions"}],"wp:attachment":[{"href":"https:\/\/clubdepoesia.com\/joseluislopezenamorado\/wp-json\/wp\/v2\/media?parent=12"}],"curies":[{"name":"wp","href":"https:\/\/api.w.org\/{rel}","templated":true}]}}