{"id":66,"date":"2018-01-13T11:42:02","date_gmt":"2018-01-13T11:42:02","guid":{"rendered":"https:\/\/clubdepoesia.com\/ignaciomonfortgonzalez\/?page_id=66"},"modified":"2018-01-13T11:43:55","modified_gmt":"2018-01-13T11:43:55","slug":"poesia","status":"publish","type":"page","link":"https:\/\/clubdepoesia.com\/ignaciomonfortgonzalez\/poesia\/","title":{"rendered":"Poes\u00eda"},"content":{"rendered":"<div class=\"wpb-content-wrapper\">[vc_row][vc_column extend=&#8221;false&#8221;][vc_column_text css=&#8221;.vc_custom_1515843000519{margin-top: -30000px !important;}&#8221;]\n<p><span style=\"text-decoration: underline;\"><em><strong>Poes\u00eda del libro DESDE MI ALMA TOCada. de Ignacio Monfort Gonz\u00e1lez. El autor nos da una muestra tras <a href=\"http:\/\/poesiaerestu.com\">publicar un libro<\/a>.<\/strong><\/em><\/span><\/p>\n<h1><span style=\"text-decoration: underline;\"><em><strong><img decoding=\"async\" class=\"alignleft size-full wp-image-24\" src=\"https:\/\/clubdepoesia.com\/lauramondelogarcia\/files\/2018\/01\/0_portadadeella-1.jpg\" alt=\"Ignacio Monfort Gonz\u00e1lez\" width=\"104\" height=\"148\" \/>Poes\u00eda del libro Poes\u00eda del libro DESDE MI ALMA TOCada. de Ignacio Monfort Gonz\u00e1lez. El autor nos da una muestra tras <a href=\"https:\/\/agenciadellibro.com\">publicar un libro<\/a>.<\/strong><\/em><\/span><\/h1>\n<h2><span style=\"text-decoration: underline;\"><em><strong>Poes\u00eda del libro Poes\u00eda del libro DESDE MI ALMA TOCada. de Ignacio Monfort Gonz\u00e1lez. El autor nos da una muestra tras <a href=\"http:\/\/edicionesmaniel.com\">publicar un libro<\/a>.<\/strong><\/em><\/span><\/h2>\n<h3><span style=\"text-decoration: underline;\"><em><strong>Poes\u00eda del libro <a href=\"https:\/\/clubdepoesia.com\/lauramondelogarcia\/17-2\/\">Poes\u00eda del libro DESDE MI ALMA TOCada<\/a>. de Ignacio Monfort Gonz\u00e1lez. El autor nos da una muestra tras <a href=\"https:\/\/agenciadellibro.com\">publicar un libro<\/a>.<\/strong><\/em><\/span><\/h3>\n<h4><span style=\"text-decoration: underline;\"><em><strong>Poes\u00eda del libro Poes\u00eda del libro DESDE MI ALMA TOCada. de Ignacio Monfort Gonz\u00e1lez. El autor nos da una muestra tras <a href=\"http:\/\/edicionesazorin.com\">publicar un libro<\/a>.<\/strong><\/em><\/span><\/h4>\n[\/vc_column_text][\/vc_column][\/vc_row][vc_row][vc_column extend=&#8221;false&#8221;]<div class='gambit_parallax_row' data-bg-align='' data-direction='fixed' data-opacity='100' data-velocity='-0.3' data-mobile-enabled='' data-bg-height='768' data-bg-width='1152' data-bg-image='https:\/\/clubdepoesia.com\/ignaciomonfortgonzalez\/files\/2018\/01\/56.jpg' data-bg-repeat='false' data-id='' style='display: none'><\/div><div class=\"gambit_fullheight_row\" data-content-location=\"center\" style=\"display: none\"><\/div>[\/vc_column][\/vc_row][vc_row][vc_column extend=&#8221;false&#8221;][vc_column_text]\n<h1><strong>Carta de un alma a su hu\u00e9sped; a un gorr\u00f3n<\/strong><\/h1>\n<p>&nbsp;<\/p>\n<p>De sangre y vino decoro mis venas.<\/p>\n<p>Y de ellas supuran gotas, que como l\u00e1grimas discurren en vital sinton\u00eda.<\/p>\n<p>Que escriben lo que mi psique, \u2014lo m\u00e1s \u00edntimo de mi ser, lo que yo hasta de m\u00ed desconozco\u2014<\/p>\n<p>quiere manifestar<\/p>\n<p>como desterrado de lo m\u00e1s banal que compone mi persona, aflora lo m\u00e1s esencial; lo \u00fanico que realmente me convierte en lo que yo soy.<\/p>\n<p>Porque como t\u00edmido sollozo, mi alma acongojada quiere gritar m\u00e1s all\u00e1 de estas paredes;<\/p>\n<p>que, estructuradas desde la base m\u00e1s superflua, conforman la materia.<\/p>\n<p>Que no hace m\u00e1s que mostrar a los ajenos un ser arquet\u00edpico, que realmente no hace sino esconder mis verdaderas razones del porque estoy.<\/p>\n<p>Por ello, hoy he decidido desmantelar este genocidio sentimental. Y mostrar a este viciado mundo lo que soy, y no lo que ellos se han propuesto que sea.\n<\/p>\n<p>&nbsp;<\/p>\n<p>&nbsp;<\/p>\n<span class='bctt-click-to-tweet'><span class='bctt-ctt-text'><a href='https:\/\/x.com\/intent\/tweet?url=https%3A%2F%2Fclubdepoesia.com%2Fignaciomonfortgonzalez%2Fpoesia%2F&#038;text=%E2%80%9D%3ECarta&#038;via&#8221;poesiaerestu&#8221;&#038;related&#8221;poesiaerestu&#8221;' target='_blank'rel=\"noopener noreferrer\">&#8221;&gt;Carta <\/a><\/span><a href='https:\/\/x.com\/intent\/tweet?url=https%3A%2F%2Fclubdepoesia.com%2Fignaciomonfortgonzalez%2Fpoesia%2F&#038;text=%E2%80%9D%3ECarta&#038;via&#8221;poesiaerestu&#8221;&#038;related&#8221;poesiaerestu&#8221;' target='_blank' class='bctt-ctt-btn'rel=\"noopener noreferrer\">Compartir en X<\/a><\/span>\n[\/vc_column_text][\/vc_column][\/vc_row][vc_row][vc_column extend=&#8221;false&#8221;]<div class='gambit_parallax_row' data-bg-align='' data-direction='fixed' data-opacity='100' data-velocity='-0.3' data-mobile-enabled='' data-bg-height='768' data-bg-width='729' data-bg-image='https:\/\/clubdepoesia.com\/ignaciomonfortgonzalez\/files\/2018\/01\/53.jpg' data-bg-repeat='false' data-id='' style='display: none'><\/div><div class=\"gambit_fullheight_row\" data-content-location=\"center\" style=\"display: none\"><\/div>[\/vc_column][\/vc_row][vc_row][vc_column extend=&#8221;false&#8221;][vc_column_text]\n<h1><strong>Lucha<\/strong><\/h1>\n<p>&nbsp;<\/p>\n<p>Humedad, que agarrotas mis d\u00edas.<br \/>\nLluvia, \u00bfacaso tratas de ahogar mis alegr\u00edas?<br \/>\nSemblante de eterna sonrisa.<br \/>\nPues si no hay Sol,<br \/>\nt\u00fa eres Lorenzo entre sombr\u00eda.<br \/>\nNo parar\u00e9 de abanderar esta causa tan justa.<br \/>\nQue es la de ensalzar la vida<br \/>\nenarbolando ilusiones<br \/>\nal son del brindis<br \/>\nque con vosotros, padres, amigos;<\/p>\n<p>y t\u00fa,<br \/>\nla que de ilusiones contagia mis d\u00edas.<\/p>\n<p>&nbsp;<\/p>\n<p>&nbsp;<\/p>\n<p>&nbsp;<\/p>\n<span class='bctt-click-to-tweet'><span class='bctt-ctt-text'><a href='https:\/\/x.com\/intent\/tweet?url=https%3A%2F%2Fclubdepoesia.com%2Fignaciomonfortgonzalez%2Fpoesia%2F&#038;text=Lucha%20del%20libro%20DESDE%20MI%20ALMA%20TOCada%20de%20Ignacio%20Monfort%20Gonz%C3%A1lez&#038;via=poesiaerestu&#038;related=poesiaerestu' target='_blank'rel=\"noopener noreferrer\">Lucha del libro DESDE MI ALMA TOCada de Ignacio Monfort Gonz\u00e1lez <\/a><\/span><a href='https:\/\/x.com\/intent\/tweet?url=https%3A%2F%2Fclubdepoesia.com%2Fignaciomonfortgonzalez%2Fpoesia%2F&#038;text=Lucha%20del%20libro%20DESDE%20MI%20ALMA%20TOCada%20de%20Ignacio%20Monfort%20Gonz%C3%A1lez&#038;via=poesiaerestu&#038;related=poesiaerestu' target='_blank' class='bctt-ctt-btn'rel=\"noopener noreferrer\">Compartir en X<\/a><\/span>\n[\/vc_column_text][\/vc_column][\/vc_row][vc_row][vc_column extend=&#8221;false&#8221;]<div class='gambit_parallax_row' data-bg-align='' data-direction='fixed' data-opacity='100' data-velocity='-0.3' data-mobile-enabled='' data-bg-height='768' data-bg-width='1152' data-bg-image='https:\/\/clubdepoesia.com\/ignaciomonfortgonzalez\/files\/2018\/01\/67.jpg' data-bg-repeat='false' data-id='' style='display: none'><\/div><div class=\"gambit_fullheight_row\" data-content-location=\"center\" style=\"display: none\"><\/div>[\/vc_column][\/vc_row][vc_row][vc_column extend=&#8221;false&#8221;][vc_column_text]\n<h1>\u00a1<strong>En las noches<\/strong><\/h1>\n<h1><strong> <\/strong><\/h1>\n<p>En las noches me dejo embaucar por las musas;<\/p>\n<p>porque es en las noches, cuando me fuerzan a mantenerme en vela.<\/p>\n<p>Anda mi caletre revuelta,<\/p>\n<p>profiriendo mil ideas,<\/p>\n<p>que se vuelcan ensuciando el p\u00e1lido papiro,<\/p>\n<p>con sus corrompidos versos.<\/p>\n<p>Insomne,<\/p>\n<p>es la soledad<\/p>\n<p>la que motiva mis anhelos.<\/p>\n<p>Y la tristeza, la que vuelve mi lucha,<\/p>\n<p>en hast\u00edo.\n<\/p>\n<p>&nbsp;<\/p>\n<span class='bctt-click-to-tweet'><span class='bctt-ctt-text'><a href='https:\/\/x.com\/intent\/tweet?url=https%3A%2F%2Fclubdepoesia.com%2Fignaciomonfortgonzalez%2Fpoesia%2F&#038;text=En%20las%20nochesdel%20libro%20Desde%20mi%20alma%20TOCada%20de%20Ignacio%20Monfort%20Gonz%C3%A1lez&#038;via=poesiaerestu&#038;related=poesiaerestu' target='_blank'rel=\"noopener noreferrer\">En las nochesdel libro Desde mi alma TOCada de Ignacio Monfort Gonz\u00e1lez <\/a><\/span><a href='https:\/\/x.com\/intent\/tweet?url=https%3A%2F%2Fclubdepoesia.com%2Fignaciomonfortgonzalez%2Fpoesia%2F&#038;text=En%20las%20nochesdel%20libro%20Desde%20mi%20alma%20TOCada%20de%20Ignacio%20Monfort%20Gonz%C3%A1lez&#038;via=poesiaerestu&#038;related=poesiaerestu' target='_blank' class='bctt-ctt-btn'rel=\"noopener noreferrer\">Compartir en X<\/a><\/span>\n[\/vc_column_text][\/vc_column][\/vc_row][vc_row][vc_column extend=&#8221;false&#8221;]<div class='gambit_parallax_row' data-bg-align='' data-direction='fixed' data-opacity='100' data-velocity='-0.3' data-mobile-enabled='' data-bg-height='768' data-bg-width='1152' data-bg-image='https:\/\/clubdepoesia.com\/ignaciomonfortgonzalez\/files\/2018\/01\/77.jpg' data-bg-repeat='false' data-id='' style='display: none'><\/div><div class=\"gambit_fullheight_row\" data-content-location=\"center\" style=\"display: none\"><\/div>[\/vc_column][\/vc_row][vc_row][vc_column extend=&#8221;false&#8221;][vc_column_text]\n<h1><strong>Savia (familia)<\/strong><\/h1>\n<p>&nbsp;<\/p>\n<p>No soy hombre de banderas,<br \/>\npero si por un color muriera,<br \/>\nser\u00eda por el rojo que fluye entre mis venas.<br \/>\nLas \u00fanicas fronteras que me frenan,<br \/>\nson las que impiden<br \/>\nemerger a los actos que os duelan.<br \/>\nNo aplico lo que me ordenan,<br \/>\nni soy un tipo marcial;<br \/>\npues solo soy sumiso<br \/>\na lo que mi latir<br \/>\nsuplica.<\/p>\n<p>Mi patria tiene dos ej\u00e9rcitos,<br \/>\nbatallando por una misma raz\u00f3n<br \/>\nde lucha.<br \/>\nY soy fruto,<br \/>\nde ese \u00e1rbol<br \/>\ndonde fluye la savia de dos sangres,<br \/>\nque confluyen en mi esencia.<br \/>\n(En mis entra\u00f1as no hay dicotom\u00edas:<br \/>\nNi de madre ni de padre,<br \/>\nsino de los dos).<\/p>\n<p>&nbsp;<\/p>\n<p>&nbsp;<\/p>\n<p>&nbsp;<\/p>\n<p>&nbsp;<\/p>\n<span class='bctt-click-to-tweet'><span class='bctt-ctt-text'><a href='https:\/\/x.com\/intent\/tweet?url=https%3A%2F%2Fclubdepoesia.com%2Fignaciomonfortgonzalez%2Fpoesia%2F&#038;text=Savia%20%28familia%29%20del%20libro%20DESDE%20MI%20ALMA%20TOCada%20de%20Ignacio%20Monfort%20Gonz%C3%A1lez&#038;via=poesiaerestu&#038;related=poesiaerestu' target='_blank'rel=\"noopener noreferrer\">Savia (familia) del libro DESDE MI ALMA TOCada de Ignacio Monfort Gonz\u00e1lez <\/a><\/span><a href='https:\/\/x.com\/intent\/tweet?url=https%3A%2F%2Fclubdepoesia.com%2Fignaciomonfortgonzalez%2Fpoesia%2F&#038;text=Savia%20%28familia%29%20del%20libro%20DESDE%20MI%20ALMA%20TOCada%20de%20Ignacio%20Monfort%20Gonz%C3%A1lez&#038;via=poesiaerestu&#038;related=poesiaerestu' target='_blank' class='bctt-ctt-btn'rel=\"noopener noreferrer\">Compartir en X<\/a><\/span>\n[\/vc_column_text][\/vc_column][\/vc_row][vc_row][vc_column extend=&#8221;false&#8221;]<div class='gambit_parallax_row' data-bg-align='' data-direction='fixed' data-opacity='100' data-velocity='-0.3' data-mobile-enabled='' data-bg-height='768' data-bg-width='1152' data-bg-image='https:\/\/clubdepoesia.com\/ignaciomonfortgonzalez\/files\/2018\/01\/73.jpg' data-bg-repeat='false' data-id='' style='display: none'><\/div><div class=\"gambit_fullheight_row\" data-content-location=\"center\" style=\"display: none\"><\/div>[\/vc_column][\/vc_row][vc_row][vc_column extend=&#8221;false&#8221;][vc_column_text css=&#8221;.vc_custom_1515843057277{margin-top: -30000px !important;}&#8221;]\n<p><span style=\"text-decoration: underline;\"><em><strong>Poes\u00eda del libro DESDE MI ALMA TOCada. de Ignacio Monfort Gonz\u00e1lez. El autor nos da una muestra tras <a href=\"http:\/\/poesiaerestu.com\">publicar un libro<\/a>.<\/strong><\/em><\/span><\/p>\n<h1><span style=\"text-decoration: underline;\"><em><strong><img decoding=\"async\" class=\"alignleft size-full wp-image-24\" src=\"https:\/\/clubdepoesia.com\/lauramondelogarcia\/files\/2018\/01\/0_portadadeella-1.jpg\" alt=\"Ignacio Monfort Gonz\u00e1lez\" width=\"104\" height=\"148\" \/>Poes\u00eda del libro Poes\u00eda del libro DESDE MI ALMA TOCada. de Ignacio Monfort Gonz\u00e1lez. El autor nos da una muestra tras <a href=\"https:\/\/agenciadellibro.com\">publicar un libro<\/a>.<\/strong><\/em><\/span><\/h1>\n<h2><span style=\"text-decoration: underline;\"><em><strong>Poes\u00eda del libro Poes\u00eda del libro DESDE MI ALMA TOCada. de Ignacio Monfort Gonz\u00e1lez. El autor nos da una muestra tras <a href=\"http:\/\/edicionesmaniel.com\">publicar un libro<\/a>.<\/strong><\/em><\/span><\/h2>\n<h3><span style=\"text-decoration: underline;\"><em><strong>Poes\u00eda del libro <a href=\"https:\/\/clubdepoesia.com\/lauramondelogarcia\/17-2\/\">Poes\u00eda del libro DESDE MI ALMA TOCada<\/a>. de Ignacio Monfort Gonz\u00e1lez. El autor nos da una muestra tras <a href=\"https:\/\/agenciadellibro.com\">publicar un libro<\/a>.<\/strong><\/em><\/span><\/h3>\n<h4><span style=\"text-decoration: underline;\"><em><strong>Poes\u00eda del libro Poes\u00eda del libro DESDE MI ALMA TOCada. de Ignacio Monfort Gonz\u00e1lez. El autor nos da una muestra tras <a href=\"http:\/\/edicionesazorin.com\">publicar un libro<\/a>.<\/strong><\/em><\/span><\/h4>\n[\/vc_column_text][\/vc_column][\/vc_row]\n<\/div>","protected":false},"excerpt":{"rendered":"<p>[vc_row][vc_column extend=&#8221;false&#8221;][vc_column_text css=&#8221;.vc_custom_1515843000519{margin-top: -30000px !important;}&#8221;] Poes\u00eda del libro DESDE MI ALMA TOCada. de Ignacio Monfort Gonz\u00e1lez. El autor nos da una muestra tras publicar un libro. Poes\u00eda del libro Poes\u00eda del libro DESDE MI ALMA TOCada. de Ignacio Monfort Gonz\u00e1lez. El autor nos da una muestra tras publicar un libro. Poes\u00eda del libro Poes\u00eda del [&hellip;]<\/p>\n","protected":false},"author":24,"featured_media":0,"parent":0,"menu_order":3,"comment_status":"closed","ping_status":"closed","template":"","meta":{"footnotes":"","_links_to":"","_links_to_target":""},"class_list":["post-66","page","type-page","status-publish","hentry"],"_links":{"self":[{"href":"https:\/\/clubdepoesia.com\/ignaciomonfortgonzalez\/wp-json\/wp\/v2\/pages\/66","targetHints":{"allow":["GET"]}}],"collection":[{"href":"https:\/\/clubdepoesia.com\/ignaciomonfortgonzalez\/wp-json\/wp\/v2\/pages"}],"about":[{"href":"https:\/\/clubdepoesia.com\/ignaciomonfortgonzalez\/wp-json\/wp\/v2\/types\/page"}],"author":[{"embeddable":true,"href":"https:\/\/clubdepoesia.com\/ignaciomonfortgonzalez\/wp-json\/wp\/v2\/users\/24"}],"replies":[{"embeddable":true,"href":"https:\/\/clubdepoesia.com\/ignaciomonfortgonzalez\/wp-json\/wp\/v2\/comments?post=66"}],"version-history":[{"count":0,"href":"https:\/\/clubdepoesia.com\/ignaciomonfortgonzalez\/wp-json\/wp\/v2\/pages\/66\/revisions"}],"wp:attachment":[{"href":"https:\/\/clubdepoesia.com\/ignaciomonfortgonzalez\/wp-json\/wp\/v2\/media?parent=66"}],"curies":[{"name":"wp","href":"https:\/\/api.w.org\/{rel}","templated":true}]}}