{"id":218,"date":"2018-03-18T21:52:08","date_gmt":"2018-03-18T21:52:08","guid":{"rendered":"https:\/\/clubdepoesia.com\/evaramirezmiras\/?page_id=218"},"modified":"2018-03-18T21:52:08","modified_gmt":"2018-03-18T21:52:08","slug":"poesia-del-libro-te-escucho-en-verso","status":"publish","type":"page","link":"https:\/\/clubdepoesia.com\/evaramirezmiras\/poesia-del-libro-te-escucho-en-verso\/","title":{"rendered":"Poes\u00eda del libro Te escucho en verso"},"content":{"rendered":"<div class=\"wpb-content-wrapper\">[vc_row][vc_column extend=&#8221;false&#8221;][vc_column_text css=&#8221;.vc_custom_1521408994492{margin-top: -30000px !important;}&#8221;]<strong><em><u>Poes\u00eda del libro TE ESCUCHO EN VERSO de EVA RAM\u00cdREZ. El escritor nos da una muestra tras publicar un libro.<\/u><\/em><\/strong><\/p>\n<figure id=\"attachment_199\" aria-describedby=\"caption-attachment-199\" style=\"width: 211px\" class=\"wp-caption aligncenter\"><img fetchpriority=\"high\" decoding=\"async\" class=\"size-full wp-image-199\" src=\"https:\/\/clubdepoesia.com\/evaramirezmiras\/files\/2018\/03\/0_Portadateescuchoenverso.jpg\" alt=\"TE ESCUCHO EN VERSO de EVA RAM\u00cdREZ\" width=\"211\" height=\"300\" \/><figcaption id=\"caption-attachment-199\" class=\"wp-caption-text\">TE ESCUCHO EN VERSO de EVA RAM\u00cdREZ<\/figcaption><\/figure>\n<h1><strong><em><u>Poes\u00eda del libro TE ESCUCHO EN VERSO de EVA RAM\u00cdREZ . El poeta nos da una muestra tras publicar un libro.<\/u><\/em><\/strong><\/h1>\n<h2><strong><em><u>Poes\u00eda del libro TE ESCUCHO EN VERSO de EVA RAM\u00cdREZ. El autor nos da una muestra tras publicar un libro.<\/u><\/em><\/strong><\/h2>\n<h3><strong><em><u>Poes\u00eda del libro TE ESCUCHO EN VERSO de EVA RAM\u00cdREZ. El autor nos da una muestra tras publicar un libro.<\/u><\/em><\/strong><\/h3>\n<h4><strong><em><u>Poes\u00eda del libro TE ESCUCHO EN VERSO de EVA RAM\u00cdREZ . El autor nos da una muestra tras publicar un libro.<\/u><\/em><\/strong><\/h4>\n[\/vc_column_text][\/vc_column][\/vc_row][vc_row][vc_column extend=&#8221;false&#8221;]<div class='gambit_parallax_row' data-bg-align='' data-direction='fixed' data-opacity='100' data-velocity='-0.3' data-mobile-enabled='' data-bg-height='768' data-bg-width='1024' data-bg-image='https:\/\/clubdepoesia.com\/evaramirezmiras\/files\/2018\/03\/aaron-burden-236415.jpg' data-bg-repeat='false' data-id='' style='display: none'><\/div><div class=\"gambit_fullheight_row\" data-content-location=\"center\" style=\"display: none\"><\/div>[\/vc_column][\/vc_row][vc_row][vc_column extend=&#8221;false&#8221;][vc_column_text]\n<h1><a name=\"_Toc508292196\"><\/a><strong>EXPLORA<\/strong><\/h1>\n<p>&nbsp;<\/p>\n<p>Explorador de recovecos rec\u00f3nditos,<\/p>\n<p>casi herm\u00e9ticos.<\/p>\n<p>Escapista de sombras,<\/p>\n<p>buscador del aliento que aviva la antorcha,<\/p>\n<p>resplandor de las m\u00e1s bajas e in\u00e9ditas pasiones.<\/p>\n<p>&nbsp;<\/p>\n<p>Permanece en ti.<\/p>\n<p>No cesa la b\u00fasqueda del epicentro.<\/p>\n<p>El calor es humano,<\/p>\n<p>el fuego eterno.<\/p>\n<p>&nbsp;<\/p>\n<p>Anda lejos la desidia,<\/p>\n<p>sutil y mort\u00edfera compa\u00f1era de viaje.<\/p>\n<p>&nbsp;<\/p>\n<p>Fuego.<\/p>\n<p>Aire.<\/p>\n<p>&nbsp;<\/p>\n<p>&nbsp;<\/p>\n<p>&nbsp;<\/p>\n<span class='bctt-click-to-tweet'><span class='bctt-ctt-text'><a href='https:\/\/x.com\/intent\/tweet?url=https%3A%2F%2Fclubdepoesia.com%2Fevaramirezmiras%2Fpoesia-del-libro-te-escucho-en-verso%2F&#038;text=EXPLORA%20del%20libro%20Te%20escucho%20en%20verso%20de%20Eva%20Ram%C3%ADrez&#038;via=poesiaerestu&#038;related=poesiaerestu' target='_blank'rel=\"noopener noreferrer\">EXPLORA del libro Te escucho en verso de Eva Ram\u00edrez <\/a><\/span><a href='https:\/\/x.com\/intent\/tweet?url=https%3A%2F%2Fclubdepoesia.com%2Fevaramirezmiras%2Fpoesia-del-libro-te-escucho-en-verso%2F&#038;text=EXPLORA%20del%20libro%20Te%20escucho%20en%20verso%20de%20Eva%20Ram%C3%ADrez&#038;via=poesiaerestu&#038;related=poesiaerestu' target='_blank' class='bctt-ctt-btn'rel=\"noopener noreferrer\">Compartir en X<\/a><\/span>[\/vc_column_text][\/vc_column][\/vc_row][vc_row][vc_column extend=&#8221;false&#8221;]<div class='gambit_parallax_row' data-bg-align='' data-direction='fixed' data-opacity='100' data-velocity='-0.3' data-mobile-enabled='' data-bg-height='768' data-bg-width='1147' data-bg-image='https:\/\/clubdepoesia.com\/evaramirezmiras\/files\/2018\/03\/amador-loureiro-779-Medium.jpg' data-bg-repeat='false' data-id='' style='display: none'><\/div><div class=\"gambit_fullheight_row\" data-content-location=\"center\" style=\"display: none\"><\/div>[\/vc_column][\/vc_row][vc_row][vc_column extend=&#8221;false&#8221;][vc_column_text]\n<h1><a name=\"_Toc508292207\"><\/a><strong>DESDE MI VENTANA<\/strong><\/h1>\n<p>&nbsp;<\/p>\n<p>De verde y malva se ungen las piedras,<\/p>\n<p>alg\u00fan que otro cipr\u00e9s<\/p>\n<p>emerge de entre los olivos y encinas.<\/p>\n<p>En la intersecci\u00f3n de c\u00fapulas esf\u00e9ricas<\/p>\n<p>se habilita un espacio donde comulgan<\/p>\n<p>seres alados y trovadores mel\u00f3dicos.<\/p>\n<p>&nbsp;<\/p>\n<p>Bancos reci\u00e9n pintados<\/p>\n<p>que invitan al descanso t\u00f3rrido<\/p>\n<p>de un sol que despert\u00f3 hace horas.<\/p>\n<p>Setos recostados sobre alfombras de c\u00e9sped,<\/p>\n<p>palmeras que se desparraman, euf\u00f3ricas,<\/p>\n<p>cual manojo de abanicos orientales.<\/p>\n<p>&nbsp;<\/p>\n<p>Reloj de agua que chorrea<\/p>\n<p>en un tiempo que no existe.<\/p>\n<p>Lunas de acero y vidrio<\/p>\n<p>colgando de un cielo inverso.<\/p>\n<p>&nbsp;<\/p>\n<p>Irrumpe el transe\u00fante inoportuno.<\/p>\n<p>Se funde con el j\u00fabilo y las pinceladas<\/p>\n<p>que ofrece el lienzo de mi ventana.<\/p>\n<p>&nbsp;<\/p>\n<p>&nbsp;<\/p>\n<p>Hoy he sido feliz\u2026<\/p>\n<p>quiz\u00e1 lo consiga ma\u00f1ana.<\/p>\n<p>&nbsp;<\/p>\n<p>&nbsp;<\/p>\n<span class='bctt-click-to-tweet'><span class='bctt-ctt-text'><a href='https:\/\/x.com\/intent\/tweet?url=https%3A%2F%2Fclubdepoesia.com%2Fevaramirezmiras%2Fpoesia-del-libro-te-escucho-en-verso%2F&#038;text=DESDE%20MI%20VENTANA%20del%20libro%20Te%20escucho%20en%20verso%20de%20Eva%20Ram%C3%ADrez&#038;via=poesiaerestu&#038;related=poesiaerestu' target='_blank'rel=\"noopener noreferrer\">DESDE MI VENTANA del libro Te escucho en verso de Eva Ram\u00edrez <\/a><\/span><a href='https:\/\/x.com\/intent\/tweet?url=https%3A%2F%2Fclubdepoesia.com%2Fevaramirezmiras%2Fpoesia-del-libro-te-escucho-en-verso%2F&#038;text=DESDE%20MI%20VENTANA%20del%20libro%20Te%20escucho%20en%20verso%20de%20Eva%20Ram%C3%ADrez&#038;via=poesiaerestu&#038;related=poesiaerestu' target='_blank' class='bctt-ctt-btn'rel=\"noopener noreferrer\">Compartir en X<\/a><\/span>[\/vc_column_text][\/vc_column][\/vc_row][vc_row][vc_column extend=&#8221;false&#8221;]<div class='gambit_parallax_row' data-bg-align='' data-direction='fixed' data-opacity='100' data-velocity='-0.3' data-mobile-enabled='' data-bg-height='768' data-bg-width='1024' data-bg-image='https:\/\/clubdepoesia.com\/evaramirezmiras\/files\/2018\/03\/107.jpg' data-bg-repeat='false' data-id='' style='display: none'><\/div><div class=\"gambit_fullheight_row\" data-content-location=\"center\" style=\"display: none\"><\/div>[\/vc_column][\/vc_row][vc_row][vc_column extend=&#8221;false&#8221;][vc_column_text]\n<h1><a name=\"_Toc508292212\"><\/a><strong>ENSALME<\/strong><\/h1>\n<p>&nbsp;<\/p>\n<p>Luna rota,<\/p>\n<p>vieja sabia,<\/p>\n<p>brotes de romero,<\/p>\n<p>aceituna y palma.<\/p>\n<p>&nbsp;<\/p>\n<p>Sangre oscura,<\/p>\n<p>hambre a\u00f1eja<\/p>\n<p>artes de hechicero<\/p>\n<p>guardando la puerta.<\/p>\n<p>&nbsp;<\/p>\n<p>Loco errante<\/p>\n<p>sin destino.<\/p>\n<p>Aleja el tormento,<\/p>\n<p>luz en el camino.<\/p>\n<p>&nbsp;<\/p>\n<p>Ca\u00f1a dulce,<\/p>\n<p>mesa y plata.<\/p>\n<p>Uno con la fuente<\/p>\n<p>que trae abundancia.<\/p>\n<p>&nbsp;<\/p>\n<p>Pan divino,<\/p>\n<p>voz en calma.<\/p>\n<p>Pronuncia un ensalme,<\/p>\n<p>eleva mi alma.<\/p>\n<p>&nbsp;<\/p>\n<span class='bctt-click-to-tweet'><span class='bctt-ctt-text'><a href='https:\/\/x.com\/intent\/tweet?url=https%3A%2F%2Fclubdepoesia.com%2Fevaramirezmiras%2Fpoesia-del-libro-te-escucho-en-verso%2F&#038;text=Ensalme%20del%20libro%20TE%20ESCUCHO%20EN%20VERSO%20de%20EVA%20RAM%C3%8DREZ&#038;via=poesiaerestu&#038;related=poesiaerestu' target='_blank'rel=\"noopener noreferrer\">Ensalme del libro TE ESCUCHO EN VERSO de EVA RAM\u00cdREZ <\/a><\/span><a href='https:\/\/x.com\/intent\/tweet?url=https%3A%2F%2Fclubdepoesia.com%2Fevaramirezmiras%2Fpoesia-del-libro-te-escucho-en-verso%2F&#038;text=Ensalme%20del%20libro%20TE%20ESCUCHO%20EN%20VERSO%20de%20EVA%20RAM%C3%8DREZ&#038;via=poesiaerestu&#038;related=poesiaerestu' target='_blank' class='bctt-ctt-btn'rel=\"noopener noreferrer\">Compartir en X<\/a><\/span>[\/vc_column_text][\/vc_column][\/vc_row][vc_row][vc_column extend=&#8221;false&#8221;]<div class='gambit_parallax_row' data-bg-align='' data-direction='fixed' data-opacity='100' data-velocity='-0.3' data-mobile-enabled='' data-bg-height='3233' data-bg-width='2423' data-bg-image='https:\/\/clubdepoesia.com\/evaramirezmiras\/files\/2018\/03\/99.jpg' data-bg-repeat='false' data-id='' style='display: none'><\/div><div class=\"gambit_fullheight_row\" data-content-location=\"center\" style=\"display: none\"><\/div>[\/vc_column][\/vc_row][vc_row][vc_column extend=&#8221;false&#8221;][vc_column_text]\n<h1><a name=\"_Toc508292219\"><\/a><strong>ABRAZO ETERNO<\/strong><\/h1>\n<p>&nbsp;<\/p>\n<p>Abr\u00e1zate a la Luz.<\/p>\n<p>Abr\u00e1zame en la sombra<\/p>\n<p>donde sigo siendo t\u00fa.<\/p>\n<p>Tan grande, tan hermosa<\/p>\n<p>que florezco en tu regazo.<\/p>\n<p>\u00a1No me niegues el abrazo!<\/p>\n<p>Soy lo mismo al otro lado,<\/p>\n<p>la presencia que no ves<\/p>\n<p>por el miedo a ser negado.<\/p>\n<p>&nbsp;<\/p>\n<p>F\u00fandete conmigo, Amor.<\/p>\n<p>\u00a1No m\u00e1s sue\u00f1os inventados!<\/p>\n<p>&nbsp;<\/p>\n<p>Ignoremos el futuro<\/p>\n<p>olvidemos el pasado.<\/p>\n<p>En la Luz no somos dos,<\/p>\n<p>\u00bflo recuerdas?&#8230; ya has estado.<\/p>\n<p>&nbsp;<\/p>\n<audio class=\"wp-audio-shortcode\" id=\"audio-218-1\" preload=\"none\" style=\"width: 100%;\" controls=\"controls\"><source type=\"audio\/mpeg\" src=\"https:\/\/clubdepoesia.com\/evaramirezmiras\/files\/2018\/02\/Abrazo-Eterno.mp3?_=1\" \/><a href=\"https:\/\/clubdepoesia.com\/evaramirezmiras\/files\/2018\/02\/Abrazo-Eterno.mp3\">https:\/\/clubdepoesia.com\/evaramirezmiras\/files\/2018\/02\/Abrazo-Eterno.mp3<\/a><\/audio>\n<p>&nbsp;<\/p>\n<span class='bctt-click-to-tweet'><span class='bctt-ctt-text'><a href='https:\/\/x.com\/intent\/tweet?url=https%3A%2F%2Fclubdepoesia.com%2Fevaramirezmiras%2Fpoesia-del-libro-te-escucho-en-verso%2F&#038;text=ABRAZO%20ETERNO%20del%20libro%20TE%20ESCUCHO%20EN%20VERSO%20de%20EVA%20RAM%C3%8DREZ&#038;via=poesiaerestu&#038;related=poesiaerestu' target='_blank'rel=\"noopener noreferrer\">ABRAZO ETERNO del libro TE ESCUCHO EN VERSO de EVA RAM\u00cdREZ <\/a><\/span><a href='https:\/\/x.com\/intent\/tweet?url=https%3A%2F%2Fclubdepoesia.com%2Fevaramirezmiras%2Fpoesia-del-libro-te-escucho-en-verso%2F&#038;text=ABRAZO%20ETERNO%20del%20libro%20TE%20ESCUCHO%20EN%20VERSO%20de%20EVA%20RAM%C3%8DREZ&#038;via=poesiaerestu&#038;related=poesiaerestu' target='_blank' class='bctt-ctt-btn'rel=\"noopener noreferrer\">Compartir en X<\/a><\/span>[\/vc_column_text][\/vc_column][\/vc_row][vc_row][vc_column extend=&#8221;false&#8221;]<div class='gambit_parallax_row' data-bg-align='' data-direction='fixed' data-opacity='100' data-velocity='-0.3' data-mobile-enabled='' data-bg-height='2304' data-bg-width='3456' data-bg-image='https:\/\/clubdepoesia.com\/evaramirezmiras\/files\/2018\/03\/9c_djeqtdyy-joao-silas.jpg' data-bg-repeat='false' data-id='' style='display: none'><\/div><div class=\"gambit_fullheight_row\" data-content-location=\"center\" style=\"display: none\"><\/div>[\/vc_column][\/vc_row][vc_row][vc_column extend=&#8221;false&#8221;][vc_column_text css=&#8221;.vc_custom_1521408994492{margin-top: -30000px !important;}&#8221;]<strong><em><u>Poes\u00eda del libro TE ESCUCHO EN VERSO de EVA RAM\u00cdREZ. El escritor nos da una muestra tras publicar un libro.<\/u><\/em><\/strong><\/p>\n<figure id=\"attachment_199\" aria-describedby=\"caption-attachment-199\" style=\"width: 211px\" class=\"wp-caption aligncenter\"><img fetchpriority=\"high\" decoding=\"async\" class=\"size-full wp-image-199\" src=\"https:\/\/clubdepoesia.com\/evaramirezmiras\/files\/2018\/03\/0_Portadateescuchoenverso.jpg\" alt=\"TE ESCUCHO EN VERSO de EVA RAM\u00cdREZ\" width=\"211\" height=\"300\" \/><figcaption id=\"caption-attachment-199\" class=\"wp-caption-text\">TE ESCUCHO EN VERSO de EVA RAM\u00cdREZ<\/figcaption><\/figure>\n<h1><strong><em><u>Poes\u00eda del libro TE ESCUCHO EN VERSO de EVA RAM\u00cdREZ . El poeta nos da una muestra tras publicar un libro.<\/u><\/em><\/strong><\/h1>\n<h2><strong><em><u>Poes\u00eda del libro TE ESCUCHO EN VERSO de EVA RAM\u00cdREZ. El autor nos da una muestra tras publicar un libro.<\/u><\/em><\/strong><\/h2>\n<h3><strong><em><u>Poes\u00eda del libro TE ESCUCHO EN VERSO de EVA RAM\u00cdREZ. El autor nos da una muestra tras publicar un libro.<\/u><\/em><\/strong><\/h3>\n<h4><strong><em><u>Poes\u00eda del libro TE ESCUCHO EN VERSO de EVA RAM\u00cdREZ . El autor nos da una muestra tras publicar un libro.<\/u><\/em><\/strong><\/h4>\n[\/vc_column_text][\/vc_column][\/vc_row]\n<\/div>","protected":false},"excerpt":{"rendered":"<p>[vc_row][vc_column extend=&#8221;false&#8221;][vc_column_text css=&#8221;.vc_custom_1521408994492{margin-top: -30000px !important;}&#8221;]Poes\u00eda del libro TE ESCUCHO EN VERSO de EVA RAM\u00cdREZ. El escritor nos da una muestra tras publicar un libro. Poes\u00eda del libro TE ESCUCHO EN VERSO de EVA RAM\u00cdREZ . El poeta nos da una muestra tras publicar un libro. Poes\u00eda del libro TE ESCUCHO EN VERSO de EVA RAM\u00cdREZ. [&hellip;]<\/p>\n","protected":false},"author":24,"featured_media":0,"parent":0,"menu_order":3,"comment_status":"closed","ping_status":"closed","template":"","meta":{"footnotes":"","_links_to":"","_links_to_target":""},"class_list":["post-218","page","type-page","status-publish","hentry"],"_links":{"self":[{"href":"https:\/\/clubdepoesia.com\/evaramirezmiras\/wp-json\/wp\/v2\/pages\/218","targetHints":{"allow":["GET"]}}],"collection":[{"href":"https:\/\/clubdepoesia.com\/evaramirezmiras\/wp-json\/wp\/v2\/pages"}],"about":[{"href":"https:\/\/clubdepoesia.com\/evaramirezmiras\/wp-json\/wp\/v2\/types\/page"}],"author":[{"embeddable":true,"href":"https:\/\/clubdepoesia.com\/evaramirezmiras\/wp-json\/wp\/v2\/users\/24"}],"replies":[{"embeddable":true,"href":"https:\/\/clubdepoesia.com\/evaramirezmiras\/wp-json\/wp\/v2\/comments?post=218"}],"version-history":[{"count":0,"href":"https:\/\/clubdepoesia.com\/evaramirezmiras\/wp-json\/wp\/v2\/pages\/218\/revisions"}],"wp:attachment":[{"href":"https:\/\/clubdepoesia.com\/evaramirezmiras\/wp-json\/wp\/v2\/media?parent=218"}],"curies":[{"name":"wp","href":"https:\/\/api.w.org\/{rel}","templated":true}]}}