{"id":58,"date":"2018-06-21T21:45:52","date_gmt":"2018-06-21T21:45:52","guid":{"rendered":"https:\/\/clubdepoesia.com\/danielvinambresmartinez\/?page_id=58"},"modified":"2020-01-19T21:36:04","modified_gmt":"2020-01-19T21:36:04","slug":"poesias-de-miserias","status":"publish","type":"page","link":"https:\/\/clubdepoesia.com\/danielvinambresmartinez\/poesia\/poesias-de-miserias\/","title":{"rendered":"Poes\u00edas de Miserias"},"content":{"rendered":"<div class=\"wpb-content-wrapper\">[vc_row][vc_column extend=&#8221;false&#8221;][vc_column_text css=&#8221;.vc_custom_1529427240948{margin-top: -30000px !important;}&#8221;]\n<h1><strong><em><u>Poes\u00eda del libro Miserias de Daniel Vi\u00f1ambres. El escritor nos da una muestra tras publicar un libro.<\/u><\/em><\/strong><\/h1>\n<h2><strong><em><u><img fetchpriority=\"high\" decoding=\"async\" class=\"aligncenter size-full wp-image-33\" src=\"https:\/\/clubdepoesia.com\/pedropariciodamian\/files\/2018\/06\/book5Miedoescenico.png\" alt=\"Miedo escenico Pedro Paricio Damian\" width=\"839\" height=\"794\">Poes\u00eda del libro Miserias de Daniel Vi\u00f1ambres El poeta nos da una muestra tras publicar un libro.<\/u><\/em><\/strong><\/h2>\n<h3><strong><em><u>Poes\u00eda del libro Miserias de Daniel Vi\u00f1ambres El autor nos da una muestra tras publicar un libro.<\/u><\/em><\/strong><\/h3>\n<h4><strong><em><u>Poes\u00eda del libro Miserias de Daniel Vi\u00f1ambres El autor nos da una muestra tras publicar un libro.<\/u><\/em><\/strong><\/h4>\n<h5><strong><em><u>Poes\u00eda del libro Miserias de Daniel Vi\u00f1ambres El autor nos da una muestra tras publicar un libro.<\/u><\/em><\/strong><\/h5>\n[\/vc_column_text][\/vc_column][\/vc_row][vc_row][vc_column extend=&#8221;false&#8221;]<div class='gambit_parallax_row' data-bg-align='' data-direction='fixed' data-opacity='100' data-velocity='-0.3' data-mobile-enabled='' data-bg-height='595' data-bg-width='480' data-bg-image='https:\/\/clubdepoesia.com\/danielvinambresmartinez\/files\/2018\/06\/Imagenportada480595.png' data-bg-repeat='false' data-id='' style='display: none'><\/div><div class=\"gambit_fullheight_row\" data-content-location=\"center\" style=\"display: none\"><\/div>[\/vc_column][\/vc_row][vc_row][vc_column extend=&#8221;false&#8221;][vc_column_text]\n<h1>&nbsp;<\/h1>\n<h1><a name=\"_Toc515037175\"><\/a><a name=\"_Toc515034501\"><\/a><strong>NO ES POES\u00cdA<\/strong><\/h1>\n<p>&nbsp;<\/p>\n<p>Yo no tengo ni zorra de poes\u00eda<\/p>\n<p>ni de nada en la vida.<\/p>\n<p>Pero la poes\u00eda no es rimar<\/p>\n<p>no es hacerlo bonito<\/p>\n<p>ni escribir endecas\u00edlabos.<\/p>\n<p>No.<\/p>\n<p>Poes\u00eda no es lo que t\u00fa quieras.<\/p>\n<p>Puedes hablar de follar,<\/p>\n<p>crey\u00e9ndote un poeta moderno,<\/p>\n<p>pero lo mismo es que eres gilipollas.<\/p>\n<p>Poes\u00eda no es hablar de \u00e1rboles<\/p>\n<p>ni de aguas<\/p>\n<p>ni de flores<\/p>\n<p>ni de amor.<\/p>\n<p>Poes\u00eda no es escupir lo que sientes.<\/p>\n<p>Poes\u00eda no es hablarle al papel.<\/p>\n<p>Poes\u00eda, desde luego, que esto no es.<\/p>\n<p>Pero qu\u00e9 co\u00f1o,<\/p>\n<p>nunca he dicho que sea poeta.<\/p>\n<p>Ni que esto sea poes\u00eda.<\/p>\n<span class='bctt-click-to-tweet'><span class='bctt-ctt-text'><a href='https:\/\/x.com\/intent\/tweet?url=https%3A%2F%2Fclubdepoesia.com%2Fdanielvinambresmartinez%2Fpoesia%2Fpoesias-de-miserias%2F&#038;text=No%20es%20poes%C3%ADa%C2%A0del%20libro%20Miserias%20de%20Daniel%20Vi%C3%B1ambres&#038;via=poesiaerestu&#038;related=poesiaerestu' target='_blank'rel=\"noopener noreferrer\">No es poes\u00eda&nbsp;del libro Miserias de Daniel Vi\u00f1ambres <\/a><\/span><a href='https:\/\/x.com\/intent\/tweet?url=https%3A%2F%2Fclubdepoesia.com%2Fdanielvinambresmartinez%2Fpoesia%2Fpoesias-de-miserias%2F&#038;text=No%20es%20poes%C3%ADa%C2%A0del%20libro%20Miserias%20de%20Daniel%20Vi%C3%B1ambres&#038;via=poesiaerestu&#038;related=poesiaerestu' target='_blank' class='bctt-ctt-btn'rel=\"noopener noreferrer\">Compartir en X<\/a><\/span>[\/vc_column_text][\/vc_column][\/vc_row][vc_row][vc_column extend=&#8221;false&#8221;]<div class='gambit_parallax_row' data-bg-align='' data-direction='fixed' data-opacity='100' data-velocity='-0.3' data-mobile-enabled='' data-bg-height='480' data-bg-width='719' data-bg-image='https:\/\/clubdepoesia.com\/danielvinambresmartinez\/files\/2018\/06\/Fotolia_71187896_XL-Peque\u00f1o.jpg' data-bg-repeat='false' data-id='' style='display: none'><\/div><div class=\"gambit_fullheight_row\" data-content-location=\"center\" style=\"display: none\"><\/div>[\/vc_column][\/vc_row][vc_row][vc_column extend=&#8221;false&#8221;][vc_column_text]\n<h1><a name=\"_Toc515037180\"><\/a><a name=\"_Toc515034506\"><\/a><strong>CIUDAD<\/strong><\/h1>\n<p>&nbsp;<\/p>\n<p>\u00daltimamente,<\/p>\n<p>cuando salgo a la calle,<\/p>\n<p>lo hago con los cascos.<\/p>\n<p>M\u00fasica a tope<\/p>\n<p>y mirando a la nada.<\/p>\n<p>No lo hago por creerme superior<\/p>\n<p>ni por puro pasotismo.<\/p>\n<p>Lo hago para evitar que la ciudad me consuma<\/p>\n<p>y preservar lo \u00fanico puro que queda de m\u00ed:<\/p>\n<p>mis pensamientos m\u00e1s \u00edntimos.<\/p>\n<p>M\u00e1s profundos.<\/p>\n<p>M\u00e1s enterrados.<\/p>\n<p>&nbsp;<\/p>\n<span class='bctt-click-to-tweet'><span class='bctt-ctt-text'><a href='https:\/\/x.com\/intent\/tweet?url=https%3A%2F%2Fclubdepoesia.com%2Fdanielvinambresmartinez%2Fpoesia%2Fpoesias-de-miserias%2F&#038;text=Ciudad%20del%20libro%20Miserias%20de%20Daniel%20Vi%C3%B1ambres&#038;via=poesiaerestu&#038;related=poesiaerestu' target='_blank'rel=\"noopener noreferrer\">Ciudad del libro Miserias de Daniel Vi\u00f1ambres <\/a><\/span><a href='https:\/\/x.com\/intent\/tweet?url=https%3A%2F%2Fclubdepoesia.com%2Fdanielvinambresmartinez%2Fpoesia%2Fpoesias-de-miserias%2F&#038;text=Ciudad%20del%20libro%20Miserias%20de%20Daniel%20Vi%C3%B1ambres&#038;via=poesiaerestu&#038;related=poesiaerestu' target='_blank' class='bctt-ctt-btn'rel=\"noopener noreferrer\">Compartir en X<\/a><\/span>[\/vc_column_text][\/vc_column][\/vc_row][vc_row][vc_column extend=&#8221;false&#8221;]<div class='gambit_parallax_row' data-bg-align='' data-direction='fixed' data-opacity='100' data-velocity='-0.3' data-mobile-enabled='' data-bg-height='580' data-bg-width='828' data-bg-image='https:\/\/clubdepoesia.com\/danielvinambresmartinez\/files\/2018\/06\/Fotolia_249717_S.jpg' data-bg-repeat='false' data-id='' style='display: none'><\/div><div class=\"gambit_fullheight_row\" data-content-location=\"center\" style=\"display: none\"><\/div>[\/vc_column][\/vc_row][vc_row][vc_column extend=&#8221;false&#8221;][vc_column_text]\n<h1>&nbsp;<\/h1>\n<h1><a name=\"_Toc515037189\"><\/a><a name=\"_Toc515034515\"><\/a><strong>LA SILUETA DEL CAMPANARIO<\/strong><\/h1>\n<p>&nbsp;<\/p>\n<p>La silueta del campanario,<\/p>\n<p>la luna llena de fondo,<\/p>\n<p>una estrella fugaz,<\/p>\n<p>mear con la luz de la luna.<\/p>\n<p>Joder, eso es poes\u00eda,<\/p>\n<p>y no ser lo suficientemente bueno<\/p>\n<p>para expresarlo<\/p>\n<p>es desesperante.<\/p>\n<h1>&nbsp;<\/h1>\n<p>&nbsp;<\/p>\n<span class='bctt-click-to-tweet'><span class='bctt-ctt-text'><a href='https:\/\/x.com\/intent\/tweet?url=https%3A%2F%2Fclubdepoesia.com%2Fdanielvinambresmartinez%2Fpoesia%2Fpoesias-de-miserias%2F&#038;text=La%20silueta%20del%20campanario%20del%20libro%20Miserias%20de%20Daniel%20Vi%C3%B1ambres&#038;via=poesiaerestu&#038;related=poesiaerestu' target='_blank'rel=\"noopener noreferrer\">La silueta del campanario del libro Miserias de Daniel Vi\u00f1ambres <\/a><\/span><a href='https:\/\/x.com\/intent\/tweet?url=https%3A%2F%2Fclubdepoesia.com%2Fdanielvinambresmartinez%2Fpoesia%2Fpoesias-de-miserias%2F&#038;text=La%20silueta%20del%20campanario%20del%20libro%20Miserias%20de%20Daniel%20Vi%C3%B1ambres&#038;via=poesiaerestu&#038;related=poesiaerestu' target='_blank' class='bctt-ctt-btn'rel=\"noopener noreferrer\">Compartir en X<\/a><\/span>[\/vc_column_text][\/vc_column][\/vc_row][vc_row][vc_column extend=&#8221;false&#8221;]<div class='gambit_parallax_row' data-bg-align='' data-direction='fixed' data-opacity='100' data-velocity='-0.3' data-mobile-enabled='' data-bg-height='1924' data-bg-width='1924' data-bg-image='https:\/\/clubdepoesia.com\/danielvinambresmartinez\/files\/2018\/06\/Fotolia_80790594_L.jpg' data-bg-repeat='false' data-id='' style='display: none'><\/div><div class=\"gambit_fullheight_row\" data-content-location=\"center\" style=\"display: none\"><\/div>[\/vc_column][\/vc_row][vc_row][vc_column extend=&#8221;false&#8221;][vc_column_text]\n<h1><a name=\"_Toc515037195\"><\/a><a name=\"_Toc515034521\"><\/a><strong>SONRISA TRISTE<\/strong><\/h1>\n<p>&nbsp;<\/p>\n<p>La sonrisa triste predomina.<\/p>\n<p>El gesto en reposo de la cara es el de la tristeza.<\/p>\n<p>Me pregunto por qu\u00e9 es esto.<\/p>\n<p>Probablemente la \u00fanica explicaci\u00f3n,<\/p>\n<p>m\u00e1s rom\u00e1ntica que l\u00f3gica,<\/p>\n<p>es que las personas no hemos nacido para ser inexpresivos.<\/p>\n<h1>&nbsp;<\/h1>\n<span class='bctt-click-to-tweet'><span class='bctt-ctt-text'><a href='https:\/\/x.com\/intent\/tweet?url=https%3A%2F%2Fclubdepoesia.com%2Fdanielvinambresmartinez%2Fpoesia%2Fpoesias-de-miserias%2F&#038;text=Sonrisa%20triste%C2%A0del%20libro%20Miserias%20de%20Daniel%20Vi%C3%B1ambres&#038;via=poesiaerestu&#038;related=poesiaerestu' target='_blank'rel=\"noopener noreferrer\">Sonrisa triste&nbsp;del libro Miserias de Daniel Vi\u00f1ambres <\/a><\/span><a href='https:\/\/x.com\/intent\/tweet?url=https%3A%2F%2Fclubdepoesia.com%2Fdanielvinambresmartinez%2Fpoesia%2Fpoesias-de-miserias%2F&#038;text=Sonrisa%20triste%C2%A0del%20libro%20Miserias%20de%20Daniel%20Vi%C3%B1ambres&#038;via=poesiaerestu&#038;related=poesiaerestu' target='_blank' class='bctt-ctt-btn'rel=\"noopener noreferrer\">Compartir en X<\/a><\/span>[\/vc_column_text][\/vc_column][\/vc_row][vc_row][vc_column extend=&#8221;false&#8221;]<div class='gambit_parallax_row' data-bg-align='' data-direction='fixed' data-opacity='100' data-velocity='-0.3' data-mobile-enabled='' data-bg-height='2367' data-bg-width='1563' data-bg-image='https:\/\/clubdepoesia.com\/danielvinambresmartinez\/files\/2018\/06\/Fotolia_51799997_L.jpg' data-bg-repeat='false' data-id='' style='display: none'><\/div><div class=\"gambit_fullheight_row\" data-content-location=\"center\" style=\"display: none\"><\/div>[vc_column_text]\n<p style=\"text-align: center;\"><a class=\"fasc-button fasc-size-medium fasc-type-flat\" style=\"background-color: #33809e; color: #ffffff;\" href=\"https:\/\/librodepoesia.com\/autor\/daniel-vinambres\/\">Comprar el libro<\/a><\/p>\n[\/vc_column_text][\/vc_column][\/vc_row][vc_row][vc_column extend=&#8221;false&#8221;][vc_column_text css=&#8221;.vc_custom_1529427271092{margin-top: -30000px !important;}&#8221;]\n<h1><strong><em><u>Poes\u00eda del libro Miserias de Daniel Vi\u00f1ambres. El escritor nos da una muestra tras publicar un libro.<\/u><\/em><\/strong><\/h1>\n<h2><strong><em><u><img fetchpriority=\"high\" decoding=\"async\" class=\"aligncenter size-full wp-image-33\" src=\"https:\/\/clubdepoesia.com\/pedropariciodamian\/files\/2018\/06\/book5Miedoescenico.png\" alt=\"Miedo escenico Pedro Paricio Damian\" width=\"839\" height=\"794\">Poes\u00eda del libro Miserias de Daniel Vi\u00f1ambres El poeta nos da una muestra tras publicar un libro.<\/u><\/em><\/strong><\/h2>\n<h3><strong><em><u>Poes\u00eda del libro Miserias de Daniel Vi\u00f1ambres El autor nos da una muestra tras publicar un libro.<\/u><\/em><\/strong><\/h3>\n<h4><strong><em><u>Poes\u00eda del libro Miserias de Daniel Vi\u00f1ambres El autor nos da una muestra tras publicar un libro.<\/u><\/em><\/strong><\/h4>\n<h5><strong><em><u>Poes\u00eda del libro Miserias de Daniel Vi\u00f1ambres El autor nos da una muestra tras publicar un libro.<\/u><\/em><\/strong><\/h5>\n[\/vc_column_text][\/vc_column][\/vc_row]\n<\/div>","protected":false},"excerpt":{"rendered":"<p>[vc_row][vc_column extend=&#8221;false&#8221;][vc_column_text css=&#8221;.vc_custom_1529427240948{margin-top: -30000px !important;}&#8221;] Poes\u00eda del libro Miserias de Daniel Vi\u00f1ambres. El escritor nos da una muestra tras publicar un libro. Poes\u00eda del libro Miserias de Daniel Vi\u00f1ambres El poeta nos da una muestra tras publicar un libro. Poes\u00eda del libro Miserias de Daniel Vi\u00f1ambres El autor nos da una muestra tras publicar un [&hellip;]<\/p>\n","protected":false},"author":24,"featured_media":0,"parent":113,"menu_order":3,"comment_status":"closed","ping_status":"closed","template":"","meta":{"footnotes":"","_links_to":"","_links_to_target":""},"class_list":["post-58","page","type-page","status-publish","hentry"],"_links":{"self":[{"href":"https:\/\/clubdepoesia.com\/danielvinambresmartinez\/wp-json\/wp\/v2\/pages\/58","targetHints":{"allow":["GET"]}}],"collection":[{"href":"https:\/\/clubdepoesia.com\/danielvinambresmartinez\/wp-json\/wp\/v2\/pages"}],"about":[{"href":"https:\/\/clubdepoesia.com\/danielvinambresmartinez\/wp-json\/wp\/v2\/types\/page"}],"author":[{"embeddable":true,"href":"https:\/\/clubdepoesia.com\/danielvinambresmartinez\/wp-json\/wp\/v2\/users\/24"}],"replies":[{"embeddable":true,"href":"https:\/\/clubdepoesia.com\/danielvinambresmartinez\/wp-json\/wp\/v2\/comments?post=58"}],"version-history":[{"count":0,"href":"https:\/\/clubdepoesia.com\/danielvinambresmartinez\/wp-json\/wp\/v2\/pages\/58\/revisions"}],"up":[{"embeddable":true,"href":"https:\/\/clubdepoesia.com\/danielvinambresmartinez\/wp-json\/wp\/v2\/pages\/113"}],"wp:attachment":[{"href":"https:\/\/clubdepoesia.com\/danielvinambresmartinez\/wp-json\/wp\/v2\/media?parent=58"}],"curies":[{"name":"wp","href":"https:\/\/api.w.org\/{rel}","templated":true}]}}