{"id":110,"date":"2020-01-19T21:30:46","date_gmt":"2020-01-19T21:30:46","guid":{"rendered":"https:\/\/clubdepoesia.com\/danielvinambresmartinez\/?page_id=110"},"modified":"2020-01-19T21:36:45","modified_gmt":"2020-01-19T21:36:45","slug":"poesia-de-la-belleza-del-fracaso","status":"publish","type":"page","link":"https:\/\/clubdepoesia.com\/danielvinambresmartinez\/poesia\/poesia-de-la-belleza-del-fracaso\/","title":{"rendered":"Poes\u00eda de La belleza del fracaso"},"content":{"rendered":"<div class=\"wpb-content-wrapper\">[vc_row][vc_column extend=&#8221;false&#8221;][vc_column_text css=&#8221;.vc_custom_1529427240948{margin-top: -30000px !important;}&#8221;]\n<h1><strong><em><u>Poes\u00eda del libro La belleza del fracaso de Daniel Vi\u00f1ambres. El escritor nos da una muestra tras publicar un libro.<\/u><\/em><\/strong><\/h1>\n<h2><strong><em><u><img fetchpriority=\"high\" decoding=\"async\" class=\"alignleft size-medium wp-image-76\" src=\"https:\/\/clubdepoesia.com\/danielvinambresmartinez\/files\/2020\/01\/0_Portada_LaBelleza-211x300.jpg\" alt=\"\" width=\"211\" height=\"300\" srcset=\"https:\/\/clubdepoesia.com\/danielvinambresmartinez\/files\/2020\/01\/0_Portada_LaBelleza-211x300.jpg 211w, https:\/\/clubdepoesia.com\/danielvinambresmartinez\/files\/2020\/01\/0_Portada_LaBelleza.jpg 559w\" sizes=\"(max-width: 211px) 100vw, 211px\" \/>Poes\u00eda del libro La belleza del fracaso de Daniel Vi\u00f1ambres El poeta nos da una muestra tras publicar un libro.<\/u><\/em><\/strong><\/h2>\n<h3><strong><em><u>Poes\u00eda del libro La belleza del fracaso de Daniel Vi\u00f1ambres El autor nos da una muestra tras publicar un libro.<\/u><\/em><\/strong><\/h3>\n<h4><strong><em><u>Poes\u00eda del libro La belleza del fracaso de Daniel Vi\u00f1ambres El autor nos da una muestra tras publicar un libro.<\/u><\/em><\/strong><\/h4>\n<h5><strong><em><u>Poes\u00eda del libro La belleza del fracaso de Daniel Vi\u00f1ambres El autor nos da una muestra tras publicar un libro.<\/u><\/em><\/strong><\/h5>\n[\/vc_column_text][\/vc_column][\/vc_row][vc_row][vc_column extend=&#8221;false&#8221;]<div class='gambit_parallax_row' data-bg-align='' data-direction='fixed' data-opacity='100' data-velocity='-0.3' data-mobile-enabled='' data-bg-height='1024' data-bg-width='768' data-bg-image='https:\/\/clubdepoesia.com\/danielvinambresmartinez\/files\/2020\/01\/Ilustraci\u00f3n-sin-t\u00edtulo-1-Mediano.png' data-bg-repeat='false' data-id='' style='display: none'><\/div><div class=\"gambit_fullheight_row\" data-content-location=\"center\" style=\"display: none\"><\/div>[\/vc_column][\/vc_row][vc_row][vc_column extend=&#8221;false&#8221;][vc_column_text]\n<h1><a name=\"_Toc26211562\"><\/a><a name=\"_Toc22841012\"><\/a><strong>QUIMERAS<\/strong><\/h1>\n<p>&nbsp;<\/p>\n<p>Yo no tengo sue\u00f1os,<\/p>\n<p>tengo quimeras,<\/p>\n<p>y cada una de ellas,<\/p>\n<p>es una losa sobre los hombros<\/p>\n<p>de un peso insalvable,<\/p>\n<p>que solo lleva a la dislocaci\u00f3n de estos<\/p>\n<p>y al hundimiento de mi ser<\/p>\n<p>hasta el m\u00e1s profundo de los infiernos<\/p>\n<p>que, de l\u00e1grimas,<\/p>\n<p>ser\u00e1n regados.<\/p>\n<span class='bctt-click-to-tweet'><span class='bctt-ctt-text'><a href='https:\/\/x.com\/intent\/tweet?url=https%3A%2F%2Fclubdepoesia.com%2Fdanielvinambresmartinez%2Fpoesia%2Fpoesia-de-la-belleza-del-fracaso%2F&#038;text=QUIMERAS%C2%A0del%20libro%20La%20belleza%20del%20fracaso%20de%20Daniel%20Vi%C3%B1ambres&#038;via=poesiaerestu&#038;related=poesiaerestu' target='_blank'rel=\"noopener noreferrer\">QUIMERAS&nbsp;del libro La belleza del fracaso de Daniel Vi\u00f1ambres <\/a><\/span><a href='https:\/\/x.com\/intent\/tweet?url=https%3A%2F%2Fclubdepoesia.com%2Fdanielvinambresmartinez%2Fpoesia%2Fpoesia-de-la-belleza-del-fracaso%2F&#038;text=QUIMERAS%C2%A0del%20libro%20La%20belleza%20del%20fracaso%20de%20Daniel%20Vi%C3%B1ambres&#038;via=poesiaerestu&#038;related=poesiaerestu' target='_blank' class='bctt-ctt-btn'rel=\"noopener noreferrer\">Compartir en X<\/a><\/span>[\/vc_column_text][\/vc_column][\/vc_row][vc_row][vc_column extend=&#8221;false&#8221;]<div class='gambit_parallax_row' data-bg-align='' data-direction='fixed' data-opacity='100' data-velocity='-0.3' data-mobile-enabled='' data-bg-height='480' data-bg-width='719' data-bg-image='https:\/\/clubdepoesia.com\/danielvinambresmartinez\/files\/2018\/06\/Fotolia_71187896_XL-Peque\u00f1o.jpg' data-bg-repeat='false' data-id='' style='display: none'><\/div><div class=\"gambit_fullheight_row\" data-content-location=\"center\" style=\"display: none\"><\/div>[\/vc_column][\/vc_row][vc_row][vc_column extend=&#8221;false&#8221;][vc_column_text]\n<h1><a name=\"_Toc26211566\"><\/a><a name=\"_Toc22841016\"><\/a><strong>DESIDIA<\/strong><\/h1>\n<p>&nbsp;<\/p>\n<p>Anta\u00f1o cre\u00ed que,<\/p>\n<p>la vida,<\/p>\n<p>eran etapas.<\/p>\n<p>Hoy,<\/p>\n<p>me he dado cuenta,<\/p>\n<p>de que las etapas no existen.<\/p>\n<p>Simplemente,<\/p>\n<p>la vida es la manera cruel<\/p>\n<p>y despiadada<\/p>\n<p>que tiene el mundo de decirnos<\/p>\n<p>que<\/p>\n<p>valemos<\/p>\n<p>una<\/p>\n<p>puta<\/p>\n<p>mierda.<\/p>\n<p>&nbsp;<\/p>\n<span class='bctt-click-to-tweet'><span class='bctt-ctt-text'><a href='https:\/\/x.com\/intent\/tweet?url=https%3A%2F%2Fclubdepoesia.com%2Fdanielvinambresmartinez%2Fpoesia%2Fpoesia-de-la-belleza-del-fracaso%2F&#038;text=DESIDIA%C2%A0del%20libro%20La%20belleza%20del%20fracaso%20de%20Daniel%20Vi%C3%B1ambres&#038;via=poesiaerestu&#038;related=poesiaerestu' target='_blank'rel=\"noopener noreferrer\">DESIDIA&nbsp;del libro La belleza del fracaso de Daniel Vi\u00f1ambres <\/a><\/span><a href='https:\/\/x.com\/intent\/tweet?url=https%3A%2F%2Fclubdepoesia.com%2Fdanielvinambresmartinez%2Fpoesia%2Fpoesia-de-la-belleza-del-fracaso%2F&#038;text=DESIDIA%C2%A0del%20libro%20La%20belleza%20del%20fracaso%20de%20Daniel%20Vi%C3%B1ambres&#038;via=poesiaerestu&#038;related=poesiaerestu' target='_blank' class='bctt-ctt-btn'rel=\"noopener noreferrer\">Compartir en X<\/a><\/span>[\/vc_column_text][\/vc_column][\/vc_row][vc_row][vc_column extend=&#8221;false&#8221;]<div class='gambit_parallax_row' data-bg-align='' data-direction='fixed' data-opacity='100' data-velocity='-0.3' data-mobile-enabled='' data-bg-height='580' data-bg-width='828' data-bg-image='https:\/\/clubdepoesia.com\/danielvinambresmartinez\/files\/2018\/06\/Fotolia_249717_S.jpg' data-bg-repeat='false' data-id='' style='display: none'><\/div><div class=\"gambit_fullheight_row\" data-content-location=\"center\" style=\"display: none\"><\/div>[\/vc_column][\/vc_row][vc_row][vc_column extend=&#8221;false&#8221;][vc_column_text]\n<h1><a name=\"_Toc26211577\"><\/a><a name=\"_Toc22841028\"><\/a><strong>QUISIERA<\/strong><\/h1>\n<p>&nbsp;<\/p>\n<p>Quisiera que no te fueras.<\/p>\n<p>Quisiera que estuvieras a mi lado,<\/p>\n<p>soport\u00e1ndome,<\/p>\n<p>aguantando mis malas caras<\/p>\n<p>y mi profundo amargor.<\/p>\n<p>Quisiera que tus brazos me rodearan<\/p>\n<p>fundi\u00e9ndonos en un abrazo eterno.<\/p>\n<p>Quisiera la eternidad,<\/p>\n<p>a tu lado.<\/p>\n<p>Quisiera besarte.<\/p>\n<p>Perderme en ese cent\u00edmetro<\/p>\n<p>que separa tu mirada de mis ojos.<\/p>\n<p>Quisiera saber de ti cada ma\u00f1ana,<\/p>\n<p>de tus idas y venidas,<\/p>\n<p>de tus triunfos y fracasos.<\/p>\n<p>Quisiera recordarte<\/p>\n<p>sin ponerme triste,<\/p>\n<p>sin a\u00f1orarte.<\/p>\n<p>Sin pensar en lo que pudo ser<\/p>\n<p>y no fue.<\/p>\n<p>Quisiera no recordarte en la embriaguez,<\/p>\n<p>ni embriagarme para no recordarte.<\/p>\n<p>Quisiera que estos versos fueran tuyos<\/p>\n<p>por m\u00ed, y no por ti.<\/p>\n<p>Quisiera ser otro y no el otro.<\/p>\n<p>Quisiera no tener que obligarme a echarte de m\u00e1s,<\/p>\n<p>pero la realidad,<\/p>\n<p>es que cada d\u00eda te echo m\u00e1s de menos.<\/p>\n<p>Quisiera no echarte de menos.<\/p>\n<p>&nbsp;<\/p>\n<p>&nbsp;<\/p>\n<span class='bctt-click-to-tweet'><span class='bctt-ctt-text'><a href='https:\/\/x.com\/intent\/tweet?url=https%3A%2F%2Fclubdepoesia.com%2Fdanielvinambresmartinez%2Fpoesia%2Fpoesia-de-la-belleza-del-fracaso%2F&#038;text=QUISIERA%20del%20libro%20La%20belleza%20del%20fracaso%20de%20Daniel%20Vi%C3%B1ambres&#038;via=poesiaerestu&#038;related=poesiaerestu' target='_blank'rel=\"noopener noreferrer\">QUISIERA del libro La belleza del fracaso de Daniel Vi\u00f1ambres <\/a><\/span><a href='https:\/\/x.com\/intent\/tweet?url=https%3A%2F%2Fclubdepoesia.com%2Fdanielvinambresmartinez%2Fpoesia%2Fpoesia-de-la-belleza-del-fracaso%2F&#038;text=QUISIERA%20del%20libro%20La%20belleza%20del%20fracaso%20de%20Daniel%20Vi%C3%B1ambres&#038;via=poesiaerestu&#038;related=poesiaerestu' target='_blank' class='bctt-ctt-btn'rel=\"noopener noreferrer\">Compartir en X<\/a><\/span>[\/vc_column_text][\/vc_column][\/vc_row][vc_row][vc_column extend=&#8221;false&#8221;]<div class='gambit_parallax_row' data-bg-align='' data-direction='fixed' data-opacity='100' data-velocity='-0.3' data-mobile-enabled='' data-bg-height='1924' data-bg-width='1924' data-bg-image='https:\/\/clubdepoesia.com\/danielvinambresmartinez\/files\/2018\/06\/Fotolia_80790594_L.jpg' data-bg-repeat='false' data-id='' style='display: none'><\/div><div class=\"gambit_fullheight_row\" data-content-location=\"center\" style=\"display: none\"><\/div>[\/vc_column][\/vc_row][vc_row][vc_column extend=&#8221;false&#8221;][vc_column_text]\n<h1><a name=\"_Toc26211589\"><\/a><a name=\"_Toc22841040\"><\/a><strong>EBRIO AMANTE<\/strong><\/h1>\n<p>&nbsp;<\/p>\n<p>Haciendo memoria<\/p>\n<p>me he dado cuenta de un dato que me preocupa:<\/p>\n<p>la mayor\u00eda de las veces<\/p>\n<p>que unos labios me han correspondido<\/p>\n<p>se han tenido que encontrar con mis labios<\/p>\n<p>ebrios.<\/p>\n<p>Con una boca que sabe a whisky<\/p>\n<p>o a cerveza<\/p>\n<p>y con un tipo que no deja de hacer<\/p>\n<p>estupideces.<\/p>\n<p>Un ebrio amante.<\/p>\n<p>A m\u00ed me hace gracia.<\/p>\n<p>A ellas,<\/p>\n<p>espero por mis muertos que tambi\u00e9n.<\/p>\n<p>Imagino que al menos Baco<\/p>\n<p>estar\u00e1 orgulloso,<\/p>\n<p>porque yo, no lo s\u00e9.<\/p>\n<h1>&nbsp;<\/h1>\n<span class='bctt-click-to-tweet'><span class='bctt-ctt-text'><a href='https:\/\/x.com\/intent\/tweet?url=https%3A%2F%2Fclubdepoesia.com%2Fdanielvinambresmartinez%2Fpoesia%2Fpoesia-de-la-belleza-del-fracaso%2F&#038;text=EBRIO%20AMANTE%C2%A0del%20libro%20La%20belleza%20del%20fracaso%20de%20Daniel%20Vi%C3%B1ambres&#038;via=poesiaerestu&#038;related=poesiaerestu' target='_blank'rel=\"noopener noreferrer\">EBRIO AMANTE&nbsp;del libro La belleza del fracaso de Daniel Vi\u00f1ambres <\/a><\/span><a href='https:\/\/x.com\/intent\/tweet?url=https%3A%2F%2Fclubdepoesia.com%2Fdanielvinambresmartinez%2Fpoesia%2Fpoesia-de-la-belleza-del-fracaso%2F&#038;text=EBRIO%20AMANTE%C2%A0del%20libro%20La%20belleza%20del%20fracaso%20de%20Daniel%20Vi%C3%B1ambres&#038;via=poesiaerestu&#038;related=poesiaerestu' target='_blank' class='bctt-ctt-btn'rel=\"noopener noreferrer\">Compartir en X<\/a><\/span>[\/vc_column_text][\/vc_column][\/vc_row][vc_row][vc_column extend=&#8221;false&#8221;]<div class='gambit_parallax_row' data-bg-align='' data-direction='fixed' data-opacity='100' data-velocity='-0.3' data-mobile-enabled='' data-bg-height='2367' data-bg-width='1563' data-bg-image='https:\/\/clubdepoesia.com\/danielvinambresmartinez\/files\/2018\/06\/Fotolia_51799997_L.jpg' data-bg-repeat='false' data-id='' style='display: none'><\/div><div class=\"gambit_fullheight_row\" data-content-location=\"center\" style=\"display: none\"><\/div>[vc_column_text]\n<p style=\"text-align: center;\"><a class=\"fasc-button fasc-size-medium fasc-type-flat\" style=\"background-color: #33809e; color: #ffffff;\" href=\"https:\/\/librodepoesia.com\/autor\/daniel-vinambres\/\">Comprar el libro<\/a><\/p>\n[\/vc_column_text][\/vc_column][\/vc_row][vc_row][vc_column extend=&#8221;false&#8221;][vc_column_text css=&#8221;.vc_custom_1529427271092{margin-top: -30000px !important;}&#8221;]\n<h1><strong><em><u>Poes\u00eda del libro La belleza del fracaso de Daniel Vi\u00f1ambres. El escritor nos da una muestra tras publicar un libro.<\/u><\/em><\/strong><\/h1>\n<h2><strong><em><u><img decoding=\"async\" class=\"aligncenter size-full wp-image-33\" src=\"https:\/\/clubdepoesia.com\/pedropariciodamian\/files\/2018\/06\/book5Miedoescenico.png\" alt=\"Miedo escenico Pedro Paricio Damian\" width=\"839\" height=\"794\">Poes\u00eda del libro La belleza del fracaso de Daniel Vi\u00f1ambres El poeta nos da una muestra tras publicar un libro.<\/u><\/em><\/strong><\/h2>\n<h3><strong><em><u>Poes\u00eda del libro La belleza del fracaso de Daniel Vi\u00f1ambres El autor nos da una muestra tras publicar un libro.<\/u><\/em><\/strong><\/h3>\n<h4><strong><em><u>Poes\u00eda del libro La belleza del fracaso de Daniel Vi\u00f1ambres El autor nos da una muestra tras publicar un libro.<\/u><\/em><\/strong><\/h4>\n<h5><strong><em><u>Poes\u00eda del libro La belleza del fracaso de Daniel Vi\u00f1ambres El autor nos da una muestra tras publicar un libro.<\/u><\/em><\/strong><\/h5>\n[\/vc_column_text][\/vc_column][\/vc_row]\n<\/div>","protected":false},"excerpt":{"rendered":"<p>[vc_row][vc_column extend=&#8221;false&#8221;][vc_column_text css=&#8221;.vc_custom_1529427240948{margin-top: -30000px !important;}&#8221;] Poes\u00eda del libro La belleza del fracaso de Daniel Vi\u00f1ambres. El escritor nos da una muestra tras publicar un libro. Poes\u00eda del libro La belleza del fracaso de Daniel Vi\u00f1ambres El poeta nos da una muestra tras publicar un libro. Poes\u00eda del libro La belleza del fracaso de Daniel Vi\u00f1ambres [&hellip;]<\/p>\n","protected":false},"author":24,"featured_media":0,"parent":113,"menu_order":2,"comment_status":"closed","ping_status":"closed","template":"","meta":{"footnotes":"","_links_to":"","_links_to_target":""},"class_list":["post-110","page","type-page","status-publish","hentry"],"_links":{"self":[{"href":"https:\/\/clubdepoesia.com\/danielvinambresmartinez\/wp-json\/wp\/v2\/pages\/110","targetHints":{"allow":["GET"]}}],"collection":[{"href":"https:\/\/clubdepoesia.com\/danielvinambresmartinez\/wp-json\/wp\/v2\/pages"}],"about":[{"href":"https:\/\/clubdepoesia.com\/danielvinambresmartinez\/wp-json\/wp\/v2\/types\/page"}],"author":[{"embeddable":true,"href":"https:\/\/clubdepoesia.com\/danielvinambresmartinez\/wp-json\/wp\/v2\/users\/24"}],"replies":[{"embeddable":true,"href":"https:\/\/clubdepoesia.com\/danielvinambresmartinez\/wp-json\/wp\/v2\/comments?post=110"}],"version-history":[{"count":0,"href":"https:\/\/clubdepoesia.com\/danielvinambresmartinez\/wp-json\/wp\/v2\/pages\/110\/revisions"}],"up":[{"embeddable":true,"href":"https:\/\/clubdepoesia.com\/danielvinambresmartinez\/wp-json\/wp\/v2\/pages\/113"}],"wp:attachment":[{"href":"https:\/\/clubdepoesia.com\/danielvinambresmartinez\/wp-json\/wp\/v2\/media?parent=110"}],"curies":[{"name":"wp","href":"https:\/\/api.w.org\/{rel}","templated":true}]}}