{"id":9,"date":"2012-06-28T18:24:06","date_gmt":"2012-06-28T18:24:06","guid":{"rendered":"http:\/\/clubdepoesia.com\/antoniogildezuniga\/?page_id=9"},"modified":"2012-06-28T18:24:06","modified_gmt":"2012-06-28T18:24:06","slug":"palabras-para-este-tiempo","status":"publish","type":"page","link":"https:\/\/clubdepoesia.com\/antoniogildezuniga\/palabras-para-este-tiempo\/","title":{"rendered":"Palabras para este tiempo"},"content":{"rendered":"<p><a href=\"https:\/\/clubdepoesia.com\/antoniogildezuniga\/files\/2012\/06\/CubiertasPalabras1.jpg\"><img fetchpriority=\"high\" decoding=\"async\" class=\"alignleft size-medium wp-image-10\" title=\"CubiertasPalabras\" src=\"https:\/\/clubdepoesia.com\/antoniogildezuniga\/files\/2012\/06\/CubiertasPalabras1-217x300.jpg\" alt=\"\" width=\"217\" height=\"300\" srcset=\"https:\/\/clubdepoesia.com\/antoniogildezuniga\/files\/2012\/06\/CubiertasPalabras1-217x300.jpg 217w, https:\/\/clubdepoesia.com\/antoniogildezuniga\/files\/2012\/06\/CubiertasPalabras1-250x345.jpg 250w, https:\/\/clubdepoesia.com\/antoniogildezuniga\/files\/2012\/06\/CubiertasPalabras1.jpg 572w\" sizes=\"(max-width: 217px) 100vw, 217px\" \/><\/a><\/p>\n<p><strong>T\u00edtulo:<\/strong> PALABRAS PARA ESTE TIEMPO<\/p>\n<p><strong>Autor:<\/strong> Antonio Gil de Z\u00fa\u00f1iga<\/p>\n<p>&nbsp;<\/p>\n<p>A\u00f1o de Publicaci\u00f3n: 2012<\/p>\n<p>Colecci\u00f3n: Poes\u00eda eres t\u00fa<\/p>\n<p>ISBN-13: <em>978-84-15006-50-3<\/em><em><\/em><\/p>\n<p>Editorial: Poes\u00eda eres t\u00fa <a href=\"http:\/\/www.poesiaerestu.com\/\">http:\/\/www.poesiaerestu.com<\/a><\/p>\n<p>PVP:12 Euros (IVA Incluido).<\/p>\n<p><strong>\u00a0<\/strong><\/p>\n<p><strong>\u00a0<\/strong><\/p>\n<p><strong>\u00a0<\/strong><br \/>\n<strong>\u00a0<\/strong><\/p>\n<p><strong>RESE\u00d1A:<\/strong><\/p>\n<p>&nbsp;<\/p>\n<p>Para Antonio Machado la poes\u00eda es \u201cpalabra esencial en el tiempo\u201d; es en este territorio donde se sit\u00faa <em>Palabras para este tiempo<\/em>. Una palabra po\u00e9tica para desentra\u00f1ar la realidad circundante, puesto que el ser humano es un \u201cyo y sus circunstancias\u201d; e iluminarla al mismo tiempo. En definitiva, es una palabra po\u00e9tica que, por una parte, pretende bucear en la dimensi\u00f3n vertical del ser humano y, por eso, hay un n\u00facleo po\u00e9tico sobre las hondas cuestiones del ser humano y de su religaci\u00f3n con lo trascendente; y, por otra, la dimensi\u00f3n horizontal, es decir, echar una mirada a lo que acontece en el interior del yo (poemas l\u00edricos) y a lo que acontece en el otro, en nuestra historia de aqu\u00ed y ahora (poemas de denuncia).<\/p>\n<p>&nbsp;<\/p>\n","protected":false},"excerpt":{"rendered":"<p>T\u00edtulo: PALABRAS PARA ESTE TIEMPO Autor: Antonio Gil de Z\u00fa\u00f1iga &nbsp; A\u00f1o de Publicaci\u00f3n: 2012 Colecci\u00f3n: Poes\u00eda eres t\u00fa ISBN-13: 978-84-15006-50-3 Editorial: Poes\u00eda eres t\u00fa http:\/\/www.poesiaerestu.com PVP:12 Euros (IVA Incluido). \u00a0 \u00a0 \u00a0 \u00a0 RESE\u00d1A: &nbsp; Para Antonio Machado la poes\u00eda es \u201cpalabra esencial en el tiempo\u201d; es en este territorio donde se sit\u00faa Palabras [&hellip;]<\/p>\n","protected":false},"author":1,"featured_media":0,"parent":0,"menu_order":0,"comment_status":"open","ping_status":"open","template":"","meta":{"footnotes":"","_links_to":"","_links_to_target":""},"class_list":["post-9","page","type-page","status-publish","hentry"],"_links":{"self":[{"href":"https:\/\/clubdepoesia.com\/antoniogildezuniga\/wp-json\/wp\/v2\/pages\/9","targetHints":{"allow":["GET"]}}],"collection":[{"href":"https:\/\/clubdepoesia.com\/antoniogildezuniga\/wp-json\/wp\/v2\/pages"}],"about":[{"href":"https:\/\/clubdepoesia.com\/antoniogildezuniga\/wp-json\/wp\/v2\/types\/page"}],"author":[{"embeddable":true,"href":"https:\/\/clubdepoesia.com\/antoniogildezuniga\/wp-json\/wp\/v2\/users\/1"}],"replies":[{"embeddable":true,"href":"https:\/\/clubdepoesia.com\/antoniogildezuniga\/wp-json\/wp\/v2\/comments?post=9"}],"version-history":[{"count":0,"href":"https:\/\/clubdepoesia.com\/antoniogildezuniga\/wp-json\/wp\/v2\/pages\/9\/revisions"}],"wp:attachment":[{"href":"https:\/\/clubdepoesia.com\/antoniogildezuniga\/wp-json\/wp\/v2\/media?parent=9"}],"curies":[{"name":"wp","href":"https:\/\/api.w.org\/{rel}","templated":true}]}}