{"id":27,"date":"2015-05-09T07:15:39","date_gmt":"2015-05-09T07:15:39","guid":{"rendered":"http:\/\/clubdepoesia.com\/antoliniglesias\/?page_id=27"},"modified":"2015-05-09T08:28:22","modified_gmt":"2015-05-09T08:28:22","slug":"antolin-iglesias-paramo","status":"publish","type":"page","link":"https:\/\/clubdepoesia.com\/antoliniglesias\/antolin-iglesias-paramo\/","title":{"rendered":"Antol\u00edn Iglesias P\u00e1ramo"},"content":{"rendered":"<div class=\"wpb-content-wrapper\">[vc_row full_width=&#8221;&#8221; parallax=&#8221;&#8221; parallax_image=&#8221;&#8221; bg_type=&#8221;&#8221; parallax_style=&#8221;&#8221; bg_image_new=&#8221;&#8221; layer_image=&#8221;&#8221; bg_image_repeat=&#8221;&#8221; bg_image_size=&#8221;&#8221; bg_cstm_size=&#8221;&#8221; bg_img_attach=&#8221;&#8221; parallax_sense=&#8221;&#8221; bg_image_posiiton=&#8221;&#8221; animation_direction=&#8221;&#8221; animation_repeat=&#8221;&#8221; video_url=&#8221;&#8221; video_url_2=&#8221;&#8221; u_video_url=&#8221;&#8221; video_opts=&#8221;&#8221; video_poster=&#8221;&#8221; u_start_time=&#8221;&#8221; u_stop_time=&#8221;&#8221; viewport_vdo=&#8221;&#8221; enable_controls=&#8221;&#8221; bg_override=&#8221;&#8221; disable_on_mobile_img_parallax=&#8221;&#8221; parallax_content=&#8221;&#8221; parallax_content_sense=&#8221;&#8221; fadeout_row=&#8221;&#8221; fadeout_start_effect=&#8221;&#8221; enable_overlay=&#8221;&#8221; overlay_color=&#8221;&#8221; overlay_pattern=&#8221;&#8221; overlay_pattern_opacity=&#8221;&#8221; overlay_pattern_size=&#8221;&#8221; overlay_pattern_attachment=&#8221;&#8221; multi_color_overlay=&#8221;&#8221; multi_color_overlay_opacity=&#8221;&#8221; seperator_enable=&#8221;&#8221; seperator_type=&#8221;&#8221; seperator_position=&#8221;&#8221; seperator_shape_size=&#8221;&#8221; seperator_svg_height=&#8221;&#8221; seperator_shape_background=&#8221;&#8221; seperator_shape_border=&#8221;&#8221; seperator_shape_border_color=&#8221;&#8221; seperator_shape_border_width=&#8221;&#8221; icon_type=&#8221;&#8221; icon=&#8221;&#8221; icon_size=&#8221;&#8221; icon_color=&#8221;&#8221; icon_style=&#8221;&#8221; icon_color_bg=&#8221;&#8221; icon_border_style=&#8221;&#8221; icon_color_border=&#8221;&#8221; icon_border_size=&#8221;&#8221; icon_border_radius=&#8221;&#8221; icon_border_spacing=&#8221;&#8221; icon_img=&#8221;&#8221; img_width=&#8221;&#8221; ult_hide_row=&#8221;&#8221; ult_hide_row_large_screen=&#8221;&#8221; ult_hide_row_desktop=&#8221;&#8221; ult_hide_row_tablet=&#8221;&#8221; ult_hide_row_tablet_small=&#8221;&#8221; ult_hide_row_mobile=&#8221;&#8221; ult_hide_row_mobile_large=&#8221;&#8221;][vc_column width=&#8221;1\/1&#8243;][vc_message message_box_style=&#8221;standard&#8221; style=&#8221;rounded&#8221; message_box_color=&#8221;blue&#8221; icon_type=&#8221;entypo&#8221; icon_fontawesome=&#8221;fa fa-info-circle&#8221; css_animation=&#8221;appear&#8221; icon_openiconic=&#8221;vc-oi vc-oi-pencil&#8221; icon_typicons=&#8221;typcn typcn-adjust-brightness&#8221; icon_entypo=&#8221;entypo-icon entypo-icon-user&#8221; icon_linecons=&#8221;vc_li vc_li-heart&#8221; icon_pixelicons=&#8221;vc_pixel_icon vc_pixel_icon-alert&#8221;]\n<h1 style=\"text-align: center;\">BIOGRAFIA<\/h1>\n[\/vc_message][\/vc_column][\/vc_row][vc_row bg_color_value=&#8221;#ade1ff&#8221; video_opts=&#8221;&#8221; multi_color_overlay=&#8221;&#8221;][vc_column][vc_column_text css=&#8221;.vc_custom_1431159878436{padding-top: 25px !important;padding-right: 25px !important;padding-bottom: 25px !important;padding-left: 25px !important;background-color: #ededb8 !important;}&#8221;]Antol\u00edn Iglesias P\u00e1ramo naci\u00f3 en Pedrosa de R\u00edo \u00darbel (Burgos, 1934). Es licenciado en Filolog\u00eda Rom\u00e1nica (Universidad Complutense de Madrid) y en Literatura Francesa (Universidad de Ru\u00e1n). En esta Universidad de Normand\u00eda estuvo de 1973 a 1976, primero como lector de Espa\u00f1ol, luego como ma\u00eetre-assistant associ\u00e9. Ha sido profesor de Lengua y Literatura en Institutos de E. S. de Madrid. Ahora, jubilado, reparte su tiempo entre Burgos y Silos, escribiendo versos, cuidando su jard\u00edn, o escuchando gregoriano.<br \/>\nEn 1975 obtuvo acc\u00e9sit en el Premio de Poes\u00eda Adon\u00e1is por su libro \u201cAfueras del Ed\u00e9n\u201d.[\/vc_column_text][\/vc_column][\/vc_row][vc_row full_width=&#8221;&#8221; parallax=&#8221;&#8221; parallax_image=&#8221;&#8221; bg_type=&#8221;&#8221; parallax_style=&#8221;&#8221; bg_image_new=&#8221;&#8221; layer_image=&#8221;&#8221; bg_image_repeat=&#8221;&#8221; bg_image_size=&#8221;&#8221; bg_cstm_size=&#8221;&#8221; bg_img_attach=&#8221;&#8221; parallax_sense=&#8221;&#8221; bg_image_posiiton=&#8221;&#8221; animation_direction=&#8221;&#8221; animation_repeat=&#8221;&#8221; video_url=&#8221;&#8221; video_url_2=&#8221;&#8221; u_video_url=&#8221;&#8221; video_opts=&#8221;&#8221; video_poster=&#8221;&#8221; u_start_time=&#8221;&#8221; u_stop_time=&#8221;&#8221; viewport_vdo=&#8221;&#8221; enable_controls=&#8221;&#8221; bg_override=&#8221;&#8221; disable_on_mobile_img_parallax=&#8221;&#8221; parallax_content=&#8221;&#8221; parallax_content_sense=&#8221;&#8221; fadeout_row=&#8221;&#8221; fadeout_start_effect=&#8221;&#8221; enable_overlay=&#8221;&#8221; overlay_color=&#8221;&#8221; overlay_pattern=&#8221;&#8221; overlay_pattern_opacity=&#8221;&#8221; overlay_pattern_size=&#8221;&#8221; overlay_pattern_attachment=&#8221;&#8221; multi_color_overlay=&#8221;&#8221; multi_color_overlay_opacity=&#8221;&#8221; seperator_enable=&#8221;&#8221; seperator_type=&#8221;&#8221; seperator_position=&#8221;&#8221; seperator_shape_size=&#8221;&#8221; seperator_svg_height=&#8221;&#8221; seperator_shape_background=&#8221;&#8221; seperator_shape_border=&#8221;&#8221; seperator_shape_border_color=&#8221;&#8221; seperator_shape_border_width=&#8221;&#8221; icon_type=&#8221;&#8221; icon=&#8221;&#8221; icon_size=&#8221;&#8221; icon_color=&#8221;&#8221; icon_style=&#8221;&#8221; icon_color_bg=&#8221;&#8221; icon_border_style=&#8221;&#8221; icon_color_border=&#8221;&#8221; icon_border_size=&#8221;&#8221; icon_border_radius=&#8221;&#8221; icon_border_spacing=&#8221;&#8221; icon_img=&#8221;&#8221; img_width=&#8221;&#8221; ult_hide_row=&#8221;&#8221; ult_hide_row_large_screen=&#8221;&#8221; ult_hide_row_desktop=&#8221;&#8221; ult_hide_row_tablet=&#8221;&#8221; ult_hide_row_tablet_small=&#8221;&#8221; ult_hide_row_mobile=&#8221;&#8221; ult_hide_row_mobile_large=&#8221;&#8221;][vc_column width=&#8221;1\/1&#8243;][vc_message color=&#8221;&#8221; message_box_style=&#8221;standard&#8221; style=&#8221;rounded&#8221; message_box_color=&#8221;blue&#8221; icon_type=&#8221;entypo&#8221; icon_fontawesome=&#8221;fa fa-info-circle&#8221; css_animation=&#8221;appear&#8221; icon_openiconic=&#8221;vc-oi vc-oi-pencil&#8221; icon_typicons=&#8221;typcn typcn-adjust-brightness&#8221; icon_entypo=&#8221;entypo-icon entypo-icon-book-open&#8221; icon_linecons=&#8221;vc_li vc_li-heart&#8221; icon_pixelicons=&#8221;vc_pixel_icon vc_pixel_icon-alert&#8221;]\n<h1 style=\"text-align: center;\">BIBLIOGRAFIA<\/h1>\n[\/vc_message][\/vc_column][\/vc_row][vc_row full_width=&#8221;&#8221; parallax=&#8221;&#8221; parallax_image=&#8221;&#8221; bg_type=&#8221;&#8221; parallax_style=&#8221;&#8221; bg_image_new=&#8221;&#8221; layer_image=&#8221;&#8221; bg_image_repeat=&#8221;&#8221; bg_image_size=&#8221;&#8221; bg_cstm_size=&#8221;&#8221; bg_img_attach=&#8221;&#8221; parallax_sense=&#8221;&#8221; bg_image_posiiton=&#8221;&#8221; animation_direction=&#8221;&#8221; animation_repeat=&#8221;&#8221; video_url=&#8221;&#8221; video_url_2=&#8221;&#8221; u_video_url=&#8221;&#8221; video_opts=&#8221;&#8221; video_poster=&#8221;&#8221; u_start_time=&#8221;&#8221; u_stop_time=&#8221;&#8221; viewport_vdo=&#8221;&#8221; enable_controls=&#8221;&#8221; bg_override=&#8221;&#8221; disable_on_mobile_img_parallax=&#8221;&#8221; parallax_content=&#8221;&#8221; parallax_content_sense=&#8221;&#8221; fadeout_row=&#8221;&#8221; fadeout_start_effect=&#8221;&#8221; enable_overlay=&#8221;&#8221; overlay_color=&#8221;&#8221; overlay_pattern=&#8221;&#8221; overlay_pattern_opacity=&#8221;&#8221; overlay_pattern_size=&#8221;&#8221; overlay_pattern_attachment=&#8221;&#8221; multi_color_overlay=&#8221;&#8221; multi_color_overlay_opacity=&#8221;&#8221; seperator_enable=&#8221;&#8221; seperator_type=&#8221;&#8221; seperator_position=&#8221;&#8221; seperator_shape_size=&#8221;&#8221; seperator_svg_height=&#8221;&#8221; seperator_shape_background=&#8221;&#8221; seperator_shape_border=&#8221;&#8221; seperator_shape_border_color=&#8221;&#8221; seperator_shape_border_width=&#8221;&#8221; icon_type=&#8221;&#8221; icon=&#8221;&#8221; icon_size=&#8221;&#8221; icon_color=&#8221;&#8221; icon_style=&#8221;&#8221; icon_color_bg=&#8221;&#8221; icon_border_style=&#8221;&#8221; icon_color_border=&#8221;&#8221; icon_border_size=&#8221;&#8221; icon_border_radius=&#8221;&#8221; icon_border_spacing=&#8221;&#8221; icon_img=&#8221;&#8221; img_width=&#8221;&#8221; ult_hide_row=&#8221;&#8221; ult_hide_row_large_screen=&#8221;&#8221; ult_hide_row_desktop=&#8221;&#8221; ult_hide_row_tablet=&#8221;&#8221; ult_hide_row_tablet_small=&#8221;&#8221; ult_hide_row_mobile=&#8221;&#8221; ult_hide_row_mobile_large=&#8221;&#8221;][vc_column width=&#8221;1\/2&#8243;][vc_column_text css_animation=&#8221;appear&#8221; css=&#8221;.vc_custom_1431159980022{padding-top: 25px !important;padding-right: 25px !important;padding-bottom: 25px !important;padding-left: 25px !important;background-color: #ededb8 !important;}&#8221;]-Afueras del Eden (Accesit Premio Adonais, 1975)<\/p>\n<p>-Indagaciones (Libros Dante)<\/p>\n<p>-Epitafio para una Naturaleza Muerta (Endymi\u00f3n)<\/p>\n<p>-Elisa o el Libro del Desamor (Endymi\u00f3n)<\/p>\n<p>-El Tiempo, Las Horas (Totta)<\/p>\n<p>-La Antropolog\u00eda a vista de P\u00e1jaro (Dossoles)<\/p>\n<p>-La Realidad Inveros\u00edmil (Dossoles)<\/p>\n<p>-Un Pa\u00eds Inocente (Biblioteca Atl\u00e1ntida)<\/p>\n<p>-Soy de Fuera (Libertarias)<\/p>\n<p>-Antoj\u00edas (Endymi\u00f3n)<\/p>\n<p>-Pedrosa en el recuerdo (Edici\u00f3n del autor)<\/p>\n<p>-Tarjetas de Navidad (Monte Carmelo)<\/p>\n<p>-El r\u00edo que no encontraba el mar (Ediciones Rilke)[\/vc_column_text][\/vc_column][vc_column width=&#8221;1\/2&#8243;][TS_VCSC_Lightbox_Gallery content_images=&#8221;29,30,31,32,33,34&#8243; content_images_size=&#8221;medium&#8221; lightbox_size=&#8221;full&#8221; content_images_titles=&#8221;Afueras del eden,Soy de fuera,La relidad inveros\u00edmil,Antoj\u00edas,Tarjetas de navidad,El r\u00edo que no encontraba el mar,,,&#8221; title_wrapper=&#8221;div&#8221; content_style=&#8221;Grid&#8221; content_linkstyle=&#8221;lightbox&#8221; trigger_grayscale=&#8221;false&#8221; fullwidth=&#8221;false&#8221; breakouts=&#8221;6&#8243; data_grid_breaks=&#8221;240,480,720,960&#8243; data_grid_space=&#8221;10&#8243; data_grid_order=&#8221;true&#8221; data_grid_shuffle=&#8221;false&#8221; data_grid_limit=&#8221;0&#8243; animation_in=&#8221;ts-viewport-css-flipInX&#8221; css3animations_in=&#8221;Flip In X&#8221; animation_out=&#8221;ts-viewport-css-slideOutDown&#8221; css3animations_out=&#8221;Slide Out Down&#8221; flex_animation=&#8221;slide&#8221; animation_mobile=&#8221;false&#8221; auto_height=&#8221;true&#8221; page_rtl=&#8221;false&#8221; flex_breaks_thumbs=&#8221;200,400,600,800,1000,1200,1400,1600,1800&#8243; flex_breaks_single=&#8221;240,480,720,960,1280,1600,1980&#8243; number_images=&#8221;1&#8243; flex_margin=&#8221;0&#8243; auto_play=&#8221;false&#8221; show_playpause=&#8221;true&#8221; show_bar=&#8221;true&#8221; bar_color=&#8221;#dd3333&#8243; show_speed=&#8221;5000&#8243; stop_hover=&#8221;true&#8221; show_navigation=&#8221;true&#8221; dot_navigation=&#8221;true&#8221; flex_border_width=&#8221;5&#8243; flex_border_color=&#8221;#ffffff&#8221; flex_background=&#8221;#ffffff&#8221; polaroid_maxheight=&#8221;800&#8243; polaroid_visible=&#8221;4&#8243; polaroid_margin=&#8221;20&#8243; polaroid_layout=&#8221;horizontalLeft&#8221; polaroid_alignment=&#8221;topcenter&#8221; polaroid_counter=&#8221;true&#8221; polaroid_position=&#8221;topright&#8221; polaroid_rotation=&#8221;true&#8221; filters_toggle=&#8221;Toggle Filter&#8221; filters_showall=&#8221;Show All&#8221; filters_available=&#8221;Available Groups&#8221; filters_selected=&#8221;Filtered Groups&#8221; filters_nogroups=&#8221;No Groups&#8221; lightbox_pageload=&#8221;false&#8221; thumbnail_position=&#8221;bottom&#8221; thumbnail_height=&#8221;100&#8243; lightbox_effect=&#8221;random&#8221; lightbox_autooption=&#8221;false&#8221; lightbox_autoplay=&#8221;false&#8221; lightbox_speed=&#8221;5000&#8243; lightbox_backlight=&#8221;auto&#8221; lightbox_backlight_color=&#8221;#ffffff&#8221; lightbox_social=&#8221;true&#8221; flex_tooltipthumbs=&#8221;false&#8221; slice_tooltipthumbs=&#8221;none&#8221; tooltipster_position=&#8221;ts-simptip-position-top&#8221; tooltipster_offsetx=&#8221;0&#8243; tooltipster_offsety=&#8221;0&#8243; margin_top=&#8221;0&#8243; margin_bottom=&#8221;0&#8243;][\/TS_VCSC_Lightbox_Gallery][\/vc_column][\/vc_row]\n<\/div>","protected":false},"excerpt":{"rendered":"<p>[vc_row full_width=&#8221;&#8221; parallax=&#8221;&#8221; parallax_image=&#8221;&#8221; bg_type=&#8221;&#8221; parallax_style=&#8221;&#8221; bg_image_new=&#8221;&#8221; layer_image=&#8221;&#8221; bg_image_repeat=&#8221;&#8221; bg_image_size=&#8221;&#8221; bg_cstm_size=&#8221;&#8221; bg_img_attach=&#8221;&#8221; parallax_sense=&#8221;&#8221; bg_image_posiiton=&#8221;&#8221; animation_direction=&#8221;&#8221; animation_repeat=&#8221;&#8221; video_url=&#8221;&#8221; video_url_2=&#8221;&#8221; u_video_url=&#8221;&#8221; video_opts=&#8221;&#8221; video_poster=&#8221;&#8221; u_start_time=&#8221;&#8221; u_stop_time=&#8221;&#8221; viewport_vdo=&#8221;&#8221; enable_controls=&#8221;&#8221; bg_override=&#8221;&#8221; disable_on_mobile_img_parallax=&#8221;&#8221; parallax_content=&#8221;&#8221; parallax_content_sense=&#8221;&#8221; fadeout_row=&#8221;&#8221; fadeout_start_effect=&#8221;&#8221; enable_overlay=&#8221;&#8221; overlay_color=&#8221;&#8221; overlay_pattern=&#8221;&#8221; overlay_pattern_opacity=&#8221;&#8221; overlay_pattern_size=&#8221;&#8221; overlay_pattern_attachment=&#8221;&#8221; multi_color_overlay=&#8221;&#8221; multi_color_overlay_opacity=&#8221;&#8221; seperator_enable=&#8221;&#8221; seperator_type=&#8221;&#8221; seperator_position=&#8221;&#8221; seperator_shape_size=&#8221;&#8221; seperator_svg_height=&#8221;&#8221; seperator_shape_background=&#8221;&#8221; seperator_shape_border=&#8221;&#8221; seperator_shape_border_color=&#8221;&#8221; seperator_shape_border_width=&#8221;&#8221; icon_type=&#8221;&#8221; icon=&#8221;&#8221; icon_size=&#8221;&#8221; icon_color=&#8221;&#8221; icon_style=&#8221;&#8221; icon_color_bg=&#8221;&#8221; icon_border_style=&#8221;&#8221; [&hellip;]<\/p>\n","protected":false},"author":1,"featured_media":0,"parent":0,"menu_order":3,"comment_status":"closed","ping_status":"closed","template":"","meta":{"footnotes":"","_links_to":"","_links_to_target":""},"class_list":["post-27","page","type-page","status-publish","hentry"],"_links":{"self":[{"href":"https:\/\/clubdepoesia.com\/antoliniglesias\/wp-json\/wp\/v2\/pages\/27","targetHints":{"allow":["GET"]}}],"collection":[{"href":"https:\/\/clubdepoesia.com\/antoliniglesias\/wp-json\/wp\/v2\/pages"}],"about":[{"href":"https:\/\/clubdepoesia.com\/antoliniglesias\/wp-json\/wp\/v2\/types\/page"}],"author":[{"embeddable":true,"href":"https:\/\/clubdepoesia.com\/antoliniglesias\/wp-json\/wp\/v2\/users\/1"}],"replies":[{"embeddable":true,"href":"https:\/\/clubdepoesia.com\/antoliniglesias\/wp-json\/wp\/v2\/comments?post=27"}],"version-history":[{"count":0,"href":"https:\/\/clubdepoesia.com\/antoliniglesias\/wp-json\/wp\/v2\/pages\/27\/revisions"}],"wp:attachment":[{"href":"https:\/\/clubdepoesia.com\/antoliniglesias\/wp-json\/wp\/v2\/media?parent=27"}],"curies":[{"name":"wp","href":"https:\/\/api.w.org\/{rel}","templated":true}]}}