{"id":17,"date":"2010-03-15T12:21:36","date_gmt":"2010-03-15T11:21:36","guid":{"rendered":"http:\/\/clubdepoesia.com\/anamariaolivares\/?page_id=17"},"modified":"2010-03-15T12:21:36","modified_gmt":"2010-03-15T11:21:36","slug":"entrevista","status":"publish","type":"page","link":"https:\/\/clubdepoesia.com\/anamariaolivares\/entrevista\/","title":{"rendered":"Entrevista"},"content":{"rendered":"<p><a href=\"https:\/\/clubdepoesia.com\/anamariaolivares\/files\/2010\/03\/P1010001_1408x1056.jpg\"><img fetchpriority=\"high\" decoding=\"async\" class=\"alignleft size-medium wp-image-18\" title=\"P1010001_1408x1056\" src=\"https:\/\/clubdepoesia.com\/anamariaolivares\/files\/2010\/03\/P1010001_1408x1056-300x225.jpg\" alt=\"\" width=\"300\" height=\"225\" srcset=\"https:\/\/clubdepoesia.com\/anamariaolivares\/files\/2010\/03\/P1010001_1408x1056-300x225.jpg 300w, https:\/\/clubdepoesia.com\/anamariaolivares\/files\/2010\/03\/P1010001_1408x1056-1024x768.jpg 1024w, https:\/\/clubdepoesia.com\/anamariaolivares\/files\/2010\/03\/P1010001_1408x1056.jpg 1408w\" sizes=\"(max-width: 300px) 100vw, 300px\" \/><\/a>Ana Mar\u00eda Olivares, es la autora del poemario A solas con Selene su quinto libro de poes\u00eda despu\u00e9s de sus anteriores obras Al viento voy a contarle (1994, Colecci\u00f3n Jumillea), Ausencias (1999, Concejalia de Cultura de Jumilla), Noches de S\u00e1ndalo (2004 DK Desarrollos, Estepona) y Mareas de Oto\u00f1o (Ediciones Carde\u00f1oso, Vigo, 2008).<\/p>\n<p>P.- A solas con Selene es un poemario lirico, con m\u00faltiples tem\u00e1ticas, en el que notamos una influencia de Machado en algunas de sus partes.\u00a0 \u00bfQu\u00e9 influencia ha tenido Machado y Castilla en el libro?<\/p>\n<p>R.- Conoc\u00ed la vida y obra de Antonio Machado de la mano de la que entonces era mi maestra Do\u00f1a Ana Tom\u00e1s Herrero. El primer libro de poes\u00eda que le\u00ed fue <em>Campos de Castilla<\/em>. Su lectura dej\u00f3 en m\u00ed una profunda huella quiz\u00e1s porque me sent\u00ed unida de alguna forma a un hombre marcado por la soledad, por el dolor ante la p\u00e9rdida de su gran amor, un hombre con grandes inquietudes pero tambi\u00e9n solitario, de ah\u00ed mi nexo de uni\u00f3n con \u00e9l; yo tambi\u00e9n era una ni\u00f1a solitaria cuya \u00fanica v\u00eda de escape era escribir, plasmar en un papel todo un c\u00famulo de sentimientos (rabia, impotencia, tristeza\u2026) que me abrasaban por dentro y necesitaba sacar fuera, mis escritos me ayudaban a evadirme aunque fuera por unos instantes de la dura realidad que me envolv\u00eda.<\/p>\n<p>En cuanto a la influencia del paisaje castellano en mi obra, no existe una explicaci\u00f3n l\u00f3gica a ese v\u00ednculo que me une a esa tierra puesto que f\u00edsicamente nada tengo que ver con Castilla, sin embargo, Soria en particular es una ciudad que me enamor\u00f3 mucho antes de poner mis pies en ella y no existen palabras en el diccionario que puedan definir la emoci\u00f3n que me embarg\u00f3 el d\u00eda que mi sue\u00f1o se hizo realidad y pis\u00e9 la tierra soriana. Lo cierto es que desde que tengo memoria esta fr\u00eda y \u00e1rida tierra siempre estuvo dentro de m\u00ed. No hay m\u00e1s.<\/p>\n<p><em>A solas con Selene<\/em> refleja la realizaci\u00f3n de una quimera, una enso\u00f1aci\u00f3n que nunca ve\u00eda consumada, pero por la que ha valido la pena esperar. La mejor respuesta a la influencia de Machado en mi obra la van a encontrar en el momento que lean el poemario.<\/p>\n<p>P.- En el libro encontramos poemas de amor o de ausencia del ser amado, \u00bfEs importante el amor para la poes\u00eda?<\/p>\n<p>R.-<strong> <\/strong>El amor es muy importante en la vida, es lo que mueve al mundo y lo que hace que cada d\u00eda cuando te levantes, te sientas con fuerzas para afrontar cualquier circunstancia por adversa que esta sea. Contemplar un hermoso ocaso, calmar el llanto de un ni\u00f1o con una leve caricia, esbozar una sonrisa aunque los nubarrones amenacen tormenta, un c\u00f3mplice gesto, una l\u00e1grima que se escapa sin saber por qu\u00e9\u2026todo esto \u00bfacaso no son resultados del amor?<\/p>\n<p>Para m\u00ed, el amor es el principal ingrediente en la poes\u00eda pero defini\u00e9ndolo en su sentido m\u00e1s amplio, m\u00e1s generalizado, el que nunca envejece y del mismo modo, por qu\u00e9 no el desamor. Son dos conceptos que van tan unidos como la vida y la muerte, lo que tal vez nos falte sea capacidad para amar, a\u00fan as\u00ed son dos componentes esenciales en mi poes\u00eda. Lo que algunos llaman \u201ccursiler\u00eda\u201d yo lo llamo \u201csensibilidad\u201d y puedo asegurar que cada verso que brota de mi pluma encubre un tipo de sentimiento, en realidad lo que yo hago es una materializaci\u00f3n del mismo.<\/p>\n<p>P.- Muchas veces la poes\u00eda es un medio para expresar las emociones, en el libro reflejas muy bien el paso del tiempo con poemas que evocan a la infancia con cierta nostalgia. \u00bfC\u00f3mo fue esa infancia de Ana Mar\u00eda Olivares y como repercute en su poes\u00eda?<\/p>\n<p>R.- Mi infancia estuvo marcada por el funesto fallecimiento de mis padres en el breve espacio de cinco meses. Apenas ten\u00eda ocho a\u00f1os pero puedo recordar con extraordinaria exactitud hasta el m\u00e1s \u00ednfimo detalle de aquellos lejanos d\u00edas de la ni\u00f1ez en mi ciudad natal, Novelda.<\/p>\n<p>Fui una ni\u00f1a feliz hasta que la muerte trunc\u00f3 sin compasi\u00f3n todos mis sue\u00f1os, mis ilusiones y me dej\u00f3 sumida en una sensaci\u00f3n de abandono que siempre ha ido conmigo, un poco de m\u00ed se march\u00f3 con ellos aquel fat\u00eddico a\u00f1o. Por un momento piensas que no vas a poder continuar pero por extra\u00f1o que parezca, vives y te das cuenta de que la vida te puede ofrecer cosas maravillosas. Unos t\u00edos me acogieron en su casa de Jumilla (mi tierra de adopci\u00f3n) y en ella crec\u00ed junto a mi hermana y dos primas. Todo lo que ha sido mi vida a partir de entonces ha ido quedando reflejado en cada uno de mis escritos. El segundo poemario<em> <\/em>\u00a0describe con una sola palabra los a\u00f1os de mi infancia, adolescencia, juventud y madurez \u2026 <em>AUSENCIAS<\/em>. Un vac\u00edo que habita dentro de mi y que nada ni nadie consigue llenar\u2026yo lo intento con la poes\u00eda.<\/p>\n<p>P.- En anteriores trabajos tuyos has combinado dos artes muy diferentes m\u00fasica y poes\u00eda. Dos artes que muchos opinan est\u00e1n muy relacionadas. \u00bfSon la m\u00fasica y la poes\u00eda artes hermanas e indivisibles?<\/p>\n<p>R.- Por supuesto que est\u00e1n relacionadas, sin embargo, hay que saber distinguir entre lo que es musicalizar un poema o como dec\u00eda el profesor Juan Pablo Neyret , poes\u00eda cantada y poner m\u00fasica de fondo a un poema. Del primer t\u00e9rmino tenemos varios ejemplos conocidos por todos, ah\u00ed est\u00e1 Joan Manuel Serrat cantando a Machado y a Miguel Hern\u00e1ndez y otros cantautores que han musicalizado a poetas tan insignes como Pablo Neruda, Charles Baudelaire, Cernuda, etc, pero no es este mi caso. Cuando grab\u00e9 el cd <em>Acordes de melancol\u00eda<\/em> en los estudios Blue Proyect M\u00fasica (Molina de Segura) lo que hicimos con la inestimable colaboraci\u00f3n del gran guitarrista Antonio Pi\u00f1ana Calder\u00f3n fue poner m\u00fasica a unos poemas m\u00edos escogidos previamente. La novedad de este trabajo es que no se tiene constancia de que sea la autora la que recite su propia obra. Fue un trabajo donde la m\u00fasica y la palabra se acoplaron perfectamente. De todos es sabido que los or\u00edgenes de la poes\u00eda fueron orales, y\u00e9ndonos atr\u00e1s en el tiempo, ah\u00ed tenemos a los rapsodas griegos y aqu\u00ed en Espa\u00f1a los juglares que acompa\u00f1aban sus poes\u00edas con m\u00fasica, lo que perdur\u00f3 hasta la aparici\u00f3n de la imprenta.<\/p>\n<p>M\u00fasica y poes\u00eda, dos artes unidas, dos formas de expresi\u00f3n hermanadas por la cultura.<\/p>\n<p>P.- Perteneces a un grupo literario en Jumilla \u00bfQu\u00e9 nos puedes contar de las actividades de este grupo?<\/p>\n<p>R.- Pertenezco a la asociaci\u00f3n cultural \u201cGrupo Junquillo\u201d de Jumilla. Soy una de las rapsodas de dicho grupo y me siento muy orgullosa y feliz de pertenecer a \u00e9l. Ya llevamos diez a\u00f1os de andadura literaria y en todo este tiempo hemos hecho diversas actividades como el <em>Romancero Gitano<\/em> de Lorca, recital que hicimos con la colaboraci\u00f3n\u00a0 de los conocidos hermanos Pi\u00f1ana, varias presentaciones de libros de autores-as jumillanos-as , diversos homenajes a escritores de la tierra, una adaptaci\u00f3n de <em>Don Juan Tenorio<\/em> del gran Zorrilla en teatro le\u00eddo, recitales en la vecina ciudad de Yecla,etc , todo ello bajo una cuidada y esmerada puesta en escena, muchas horas de ensayo y sobre todo poniendo todo nuestro empe\u00f1o en superarnos en cada actuaci\u00f3n que hemos tenido. Actualmente y puesto que este a\u00f1o se celebra\u00a0 el centenario del nacimiento de Miguel Hern\u00e1ndez estamos preparando un recital sobre dicho representante de la generaci\u00f3n del 27 a celebrar en fecha no determinada en el entorno rehabilitado del Castillo de Jumilla. Lo que resulta un poco triste y penoso es que existan tan pocas ayudas para este tipo de eventos, es deprimente ver como por unos motivos o por otros las subvenciones nunca llegan, deber\u00edan dedicarse m\u00e1s fondos para el tema cultural, es algo que nos beneficia a todos y contribuye a despertar el inter\u00e9s por conocer, por aprender y sobre todo porque el h\u00e1bito de la lectura se convierta en algo cotidiano. Nosotros desde nuestra modesta asociaci\u00f3n luchamos por ello, sabemos que es dif\u00edcil, que es una ardua tarea la que nos espera, pero si conseguimos que cada vez m\u00e1s personas asistan a este tipo de actos, nos sentiremos profundamente satisfechos y con fuer y \u00e1nimo para seguir adelante.\u00a0<\/p>\n<p>P.- Siempre preguntamos a los autores cuales han sido las influencias que han tenido de otros autores a trav\u00e9s de la lectura de obras. \u00bfCu\u00e1les son tus autores favoritos?<\/p>\n<p>R.- Es dif\u00edcil para m\u00ed se\u00f1alar a mis autores preferidos pues como asidua lectora desde ni\u00f1a podr\u00eda escribir una lista eterna de todos ellos, sin embargo, hay varios escritores cuya vida y obra me han calado profundamente. Mi poeta por excelencia es Antonio Machado como ya habr\u00e1n adivinado, pero he le\u00eddo con gran inter\u00e9s a Garcilaso de la Vega, gran sonetista, Amado Nervo, Ram\u00f3n de Campoamor, Emily Dickinson, Gertrudis G\u00f3mez de Avellaneda, Rosal\u00eda de Castro, Charles Baudelaire, Paul Verlaine, Pablo Neruda, Jos\u00e9 \u00c1ngel Buesa, poeta cubano, gran desconocido en la literatura cuyos poemas son verdaderas joyas y \u00faltimamente he tenido la grata sorpresa de conocer a dos poetas canarios Rafael Romero m\u00e1s conocido como Alonso Quesada y Tom\u00e1s Morales cuya obra po\u00e9tica <em>El lino de los sue\u00f1os y las rosas de H\u00e9rcules<\/em> respectivamente estoy leyendo en la actualidad\u00a0 y me est\u00e1 sorprendiendo bastante\u2026gratamente, por supuesto. Mas no todo lo que leo es poes\u00eda, soy una amante del teatro de Lorca, Miguel Mihura y Buero Vallejo, entre otros y en cuanto al g\u00e9nero de la novela destacar\u00eda a Garc\u00eda M\u00e1rquez, Isabel Allende, Carmen Laforet\u2026y por supuesto los cl\u00e1sicos como Gald\u00f3s, Unamuno, Clar\u00edn\u2026 por citar algunos.<\/p>\n","protected":false},"excerpt":{"rendered":"<p>Ana Mar\u00eda Olivares, es la autora del poemario A solas con Selene su quinto libro de poes\u00eda despu\u00e9s de sus anteriores obras Al viento voy a contarle (1994, Colecci\u00f3n Jumillea), Ausencias (1999, Concejalia de Cultura de Jumilla), Noches de S\u00e1ndalo (2004 DK Desarrollos, Estepona) y Mareas de Oto\u00f1o (Ediciones Carde\u00f1oso, Vigo, 2008). P.- A solas [&hellip;]<\/p>\n","protected":false},"author":1,"featured_media":0,"parent":0,"menu_order":0,"comment_status":"closed","ping_status":"open","template":"","meta":{"footnotes":"","_links_to":"","_links_to_target":""},"class_list":["post-17","page","type-page","status-publish","hentry"],"_links":{"self":[{"href":"https:\/\/clubdepoesia.com\/anamariaolivares\/wp-json\/wp\/v2\/pages\/17","targetHints":{"allow":["GET"]}}],"collection":[{"href":"https:\/\/clubdepoesia.com\/anamariaolivares\/wp-json\/wp\/v2\/pages"}],"about":[{"href":"https:\/\/clubdepoesia.com\/anamariaolivares\/wp-json\/wp\/v2\/types\/page"}],"author":[{"embeddable":true,"href":"https:\/\/clubdepoesia.com\/anamariaolivares\/wp-json\/wp\/v2\/users\/1"}],"replies":[{"embeddable":true,"href":"https:\/\/clubdepoesia.com\/anamariaolivares\/wp-json\/wp\/v2\/comments?post=17"}],"version-history":[{"count":0,"href":"https:\/\/clubdepoesia.com\/anamariaolivares\/wp-json\/wp\/v2\/pages\/17\/revisions"}],"wp:attachment":[{"href":"https:\/\/clubdepoesia.com\/anamariaolivares\/wp-json\/wp\/v2\/media?parent=17"}],"curies":[{"name":"wp","href":"https:\/\/api.w.org\/{rel}","templated":true}]}}

<p><a href="https://clubdepoesia.com/anamariaolivares/files/2010/03/P1010001_1408x1056.jpg"><img fetchpriority="high" decoding="async" class="alignleft size-medium wp-image-18" title="P1010001_1408x1056" src="https://clubdepoesia.com/anamariaolivares/files/2010/03/P1010001_1408x1056-300x225.jpg" alt="" width="300" height="225" srcset="https://clubdepoesia.com/anamariaolivares/files/2010/03/P1010001_1408x1056-300x225.jpg 300w, https://clubdepoesia.com/anamariaolivares/files/2010/03/P1010001_1408x1056-1024x768.jpg 1024w, https://clubdepoesia.com/anamariaolivares/files/2010/03/P1010001_1408x1056.jpg 1408w" sizes="(max-width: 300px) 100vw, 300px" /></a>Ana María Olivares, es la autora del poemario A solas con Selene su quinto libro de poesía después de sus anteriores obras Al viento voy a contarle (1994, Colección Jumillea), Ausencias (1999, Concejalia de Cultura de Jumilla), Noches de Sándalo (2004 DK Desarrollos, Estepona) y Mareas de Otoño (Ediciones Cardeñoso, Vigo, 2008).</p>
<p>P.- A solas con Selene es un poemario lirico, con múltiples temáticas, en el que notamos una influencia de Machado en algunas de sus partes.  ¿Qué influencia ha tenido Machado y Castilla en el libro?</p>
<p>R.- Conocí la vida y obra de Antonio Machado de la mano de la que entonces era mi maestra Doña Ana Tomás Herrero. El primer libro de poesía que leí fue <em>Campos de Castilla</em>. Su lectura dejó en mí una profunda huella quizás porque me sentí unida de alguna forma a un hombre marcado por la soledad, por el dolor ante la pérdida de su gran amor, un hombre con grandes inquietudes pero también solitario, de ahí mi nexo de unión con él; yo también era una niña solitaria cuya única vía de escape era escribir, plasmar en un papel todo un cúmulo de sentimientos (rabia, impotencia, tristeza…) que me abrasaban por dentro y necesitaba sacar fuera, mis escritos me ayudaban a evadirme aunque fuera por unos instantes de la dura realidad que me envolvía.</p>
<p>En cuanto a la influencia del paisaje castellano en mi obra, no existe una explicación lógica a ese vínculo que me une a esa tierra puesto que físicamente nada tengo que ver con Castilla, sin embargo, Soria en particular es una ciudad que me enamoró mucho antes de poner mis pies en ella y no existen palabras en el diccionario que puedan definir la emoción que me embargó el día que mi sueño se hizo realidad y pisé la tierra soriana. Lo cierto es que desde que tengo memoria esta fría y árida tierra siempre estuvo dentro de mí. No hay más.</p>
<p><em>A solas con Selene</em> refleja la realización de una quimera, una ensoñación que nunca veía consumada, pero por la que ha valido la pena esperar. La mejor respuesta a la influencia de Machado en mi obra la van a encontrar en el momento que lean el poemario.</p>
<p>P.- En el libro encontramos poemas de amor o de ausencia del ser amado, ¿Es importante el amor para la poesía?</p>
<p>R.-<strong> </strong>El amor es muy importante en la vida, es lo que mueve al mundo y lo que hace que cada día cuando te levantes, te sientas con fuerzas para afrontar cualquier circunstancia por adversa que esta sea. Contemplar un hermoso ocaso, calmar el llanto de un niño con una leve caricia, esbozar una sonrisa aunque los nubarrones amenacen tormenta, un cómplice gesto, una lágrima que se escapa sin saber por qué…todo esto ¿acaso no son resultados del amor?</p>
<p>Para mí, el amor es el principal ingrediente en la poesía pero definiéndolo en su sentido más amplio, más generalizado, el que nunca envejece y del mismo modo, por qué no el desamor. Son dos conceptos que van tan unidos como la vida y la muerte, lo que tal vez nos falte sea capacidad para amar, aún así son dos componentes esenciales en mi poesía. Lo que algunos llaman “cursilería” yo lo llamo “sensibilidad” y puedo asegurar que cada verso que brota de mi pluma encubre un tipo de sentimiento, en realidad lo que yo hago es una materialización del mismo.</p>
<p>P.- Muchas veces la poesía es un medio para expresar las emociones, en el libro reflejas muy bien el paso del tiempo con poemas que evocan a la infancia con cierta nostalgia. ¿Cómo fue esa infancia de Ana María Olivares y como repercute en su poesía?</p>
<p>R.- Mi infancia estuvo marcada por el funesto fallecimiento de mis padres en el breve espacio de cinco meses. Apenas tenía ocho años pero puedo recordar con extraordinaria exactitud hasta el más ínfimo detalle de aquellos lejanos días de la niñez en mi ciudad natal, Novelda.</p>
<p>Fui una niña feliz hasta que la muerte truncó sin compasión todos mis sueños, mis ilusiones y me dejó sumida en una sensación de abandono que siempre ha ido conmigo, un poco de mí se marchó con ellos aquel fatídico año. Por un momento piensas que no vas a poder continuar pero por extraño que parezca, vives y te das cuenta de que la vida te puede ofrecer cosas maravillosas. Unos tíos me acogieron en su casa de Jumilla (mi tierra de adopción) y en ella crecí junto a mi hermana y dos primas. Todo lo que ha sido mi vida a partir de entonces ha ido quedando reflejado en cada uno de mis escritos. El segundo poemario<em> </em> describe con una sola palabra los años de mi infancia, adolescencia, juventud y madurez … <em>AUSENCIAS</em>. Un vacío que habita dentro de mi y que nada ni nadie consigue llenar…yo lo intento con la poesía.</p>
<p>P.- En anteriores trabajos tuyos has combinado dos artes muy diferentes música y poesía. Dos artes que muchos opinan están muy relacionadas. ¿Son la música y la poesía artes hermanas e indivisibles?</p>
<p>R.- Por supuesto que están relacionadas, sin embargo, hay que saber distinguir entre lo que es musicalizar un poema o como decía el profesor Juan Pablo Neyret , poesía cantada y poner música de fondo a un poema. Del primer término tenemos varios ejemplos conocidos por todos, ahí está Joan Manuel Serrat cantando a Machado y a Miguel Hernández y otros cantautores que han musicalizado a poetas tan insignes como Pablo Neruda, Charles Baudelaire, Cernuda, etc, pero no es este mi caso. Cuando grabé el cd <em>Acordes de melancolía</em> en los estudios Blue Proyect Música (Molina de Segura) lo que hicimos con la inestimable colaboración del gran guitarrista Antonio Piñana Calderón fue poner música a unos poemas míos escogidos previamente. La novedad de este trabajo es que no se tiene constancia de que sea la autora la que recite su propia obra. Fue un trabajo donde la música y la palabra se acoplaron perfectamente. De todos es sabido que los orígenes de la poesía fueron orales, yéndonos atrás en el tiempo, ahí tenemos a los rapsodas griegos y aquí en España los juglares que acompañaban sus poesías con música, lo que perduró hasta la aparición de la imprenta.</p>
<p>Música y poesía, dos artes unidas, dos formas de expresión hermanadas por la cultura.</p>
<p>P.- Perteneces a un grupo literario en Jumilla ¿Qué nos puedes contar de las actividades de este grupo?</p>
<p>R.- Pertenezco a la asociación cultural “Grupo Junquillo” de Jumilla. Soy una de las rapsodas de dicho grupo y me siento muy orgullosa y feliz de pertenecer a él. Ya llevamos diez años de andadura literaria y en todo este tiempo hemos hecho diversas actividades como el <em>Romancero Gitano</em> de Lorca, recital que hicimos con la colaboración  de los conocidos hermanos Piñana, varias presentaciones de libros de autores-as jumillanos-as , diversos homenajes a escritores de la tierra, una adaptación de <em>Don Juan Tenorio</em> del gran Zorrilla en teatro leído, recitales en la vecina ciudad de Yecla,etc , todo ello bajo una cuidada y esmerada puesta en escena, muchas horas de ensayo y sobre todo poniendo todo nuestro empeño en superarnos en cada actuación que hemos tenido. Actualmente y puesto que este año se celebra  el centenario del nacimiento de Miguel Hernández estamos preparando un recital sobre dicho representante de la generación del 27 a celebrar en fecha no determinada en el entorno rehabilitado del Castillo de Jumilla. Lo que resulta un poco triste y penoso es que existan tan pocas ayudas para este tipo de eventos, es deprimente ver como por unos motivos o por otros las subvenciones nunca llegan, deberían dedicarse más fondos para el tema cultural, es algo que nos beneficia a todos y contribuye a despertar el interés por conocer, por aprender y sobre todo porque el hábito de la lectura se convierta en algo cotidiano. Nosotros desde nuestra modesta asociación luchamos por ello, sabemos que es difícil, que es una ardua tarea la que nos espera, pero si conseguimos que cada vez más personas asistan a este tipo de actos, nos sentiremos profundamente satisfechos y con fuer y ánimo para seguir adelante. </p>
<p>P.- Siempre preguntamos a los autores cuales han sido las influencias que han tenido de otros autores a través de la lectura de obras. ¿Cuáles son tus autores favoritos?</p>
<p>R.- Es difícil para mí señalar a mis autores preferidos pues como asidua lectora desde niña podría escribir una lista eterna de todos ellos, sin embargo, hay varios escritores cuya vida y obra me han calado profundamente. Mi poeta por excelencia es Antonio Machado como ya habrán adivinado, pero he leído con gran interés a Garcilaso de la Vega, gran sonetista, Amado Nervo, Ramón de Campoamor, Emily Dickinson, Gertrudis Gómez de Avellaneda, Rosalía de Castro, Charles Baudelaire, Paul Verlaine, Pablo Neruda, José Ángel Buesa, poeta cubano, gran desconocido en la literatura cuyos poemas son verdaderas joyas y últimamente he tenido la grata sorpresa de conocer a dos poetas canarios Rafael Romero más conocido como Alonso Quesada y Tomás Morales cuya obra poética <em>El lino de los sueños y las rosas de Hércules</em> respectivamente estoy leyendo en la actualidad  y me está sorprendiendo bastante…gratamente, por supuesto. Mas no todo lo que leo es poesía, soy una amante del teatro de Lorca, Miguel Mihura y Buero Vallejo, entre otros y en cuanto al género de la novela destacaría a García Márquez, Isabel Allende, Carmen Laforet…y por supuesto los clásicos como Galdós, Unamuno, Clarín… por citar algunos.</p>

<p>Ana María Olivares, es la autora del poemario A solas con Selene su quinto libro de poesía después de sus anteriores obras Al viento voy a contarle (1994, Colección Jumillea), Ausencias (1999, Concejalia de Cultura de Jumilla), Noches de Sándalo (2004 DK Desarrollos, Estepona) y Mareas de Otoño (Ediciones Cardeñoso, Vigo, 2008). P.- A solas [&hellip;]</p>
