{"id":149,"date":"2017-12-23T12:30:43","date_gmt":"2017-12-23T12:30:43","guid":{"rendered":"https:\/\/clubdepoesia.com\/alejandroojedaperez\/?page_id=149"},"modified":"2017-12-23T12:32:35","modified_gmt":"2017-12-23T12:32:35","slug":"poesia-de-alejandro-ojeda-perez","status":"publish","type":"page","link":"https:\/\/clubdepoesia.com\/alejandroojedaperez\/poesia-de-alejandro-ojeda-perez\/","title":{"rendered":"Poes\u00eda de Alejandro Ojeda P\u00e9rez"},"content":{"rendered":"<div class=\"wpb-content-wrapper\">[vc_row][vc_column extend=&#8221;false&#8221;][vc_column_text css=&#8221;.vc_custom_1514031194837{margin-top: -30000px !important;}&#8221;]<span style=\"text-decoration: underline;\"><em><strong>Poes\u00eda del libro <a href=\"https:\/\/clubdepoesia.com\/alejandroojedaperez\/de-uno-a-tres-pasando-ti\/\">DE UNO A TRES PASANDO POR TI<\/a>. Lo que escrib\u00ed mientras llegabas de ALEJANDRO OJEDA P\u00c9REZ. El autor nos da una muestra tras <a href=\"http:\/\/poesiaerestu.com\">publicar un libro<\/a>.<\/strong><\/em><\/span><\/p>\n<h1><span style=\"text-decoration: underline;\"><em><strong><img fetchpriority=\"high\" decoding=\"async\" class=\"alignleft size-medium wp-image-85\" src=\"https:\/\/clubdepoesia.com\/alejandroojedaperez\/files\/2017\/12\/0_Portadadeunoatrespsandoporti-211x300.jpg\" alt=\"ALEJANDRO OJEDA P\u00c9REZ\u00a0es el escritor de DE UNO A TRES PASANDO POR TI. Lo que escrib\u00ed mientras llegabas. El poeta acaba de publicar un libro de poes\u00eda con la Editorial de Murcia Ediciones Azor\u00edn\" width=\"211\" height=\"300\" srcset=\"https:\/\/clubdepoesia.com\/alejandroojedaperez\/files\/2017\/12\/0_Portadadeunoatrespsandoporti-211x300.jpg 211w, https:\/\/clubdepoesia.com\/alejandroojedaperez\/files\/2017\/12\/0_Portadadeunoatrespsandoporti.jpg 559w\" sizes=\"(max-width: 211px) 100vw, 211px\" \/>DE UNO A TRES PASANDO POR TI. Lo que escrib\u00ed mientras llegabas de ALEJANDRO OJEDA P\u00c9REZ. El autor nos da una muestra tras <a href=\"https:\/\/agenciadellibro.com\">publicar un libro<\/a>.<\/strong><\/em><\/span><\/h1>\n<h2><span style=\"text-decoration: underline;\"><em><strong>DE UNO A TRES PASANDO POR TI. Lo que escrib\u00ed mientras llegabas de ALEJANDRO OJEDA P\u00c9REZ. El autor nos da una muestra tras <a href=\"http:\/\/edicionesmaniel.com\">publicar un libro<\/a>.<\/strong><\/em><\/span><\/h2>\n<h3><span style=\"text-decoration: underline;\"><em><strong>Poes\u00eda del libro DE UNO A TRES PASANDO POR TI. Lo que escrib\u00ed mientras llegabas de ALEJANDRO OJEDA P\u00c9REZ. El autor nos da una muestra tras <a href=\"http:\/\/edicionesrilke.com\">publicar un libro<\/a>.<\/strong><\/em><\/span><\/h3>\n<h4><span style=\"text-decoration: underline;\"><em><strong>Poes\u00eda del libro DE UNO A TRES PASANDO POR TI. Lo que escrib\u00ed mientras llegabas. El autor nos da una muestra tras <a href=\"http:\/\/edicionesazorin.com\">publicar un libro<\/a>.<\/strong><\/em><\/span><\/h4>\n[\/vc_column_text][\/vc_column][\/vc_row][vc_row][vc_column extend=&#8221;false&#8221;]<div class='gambit_parallax_row' data-bg-align='' data-direction='fixed' data-opacity='100' data-velocity='-0.3' data-mobile-enabled='' data-bg-height='1080' data-bg-width='1494' data-bg-image='https:\/\/clubdepoesia.com\/alejandroojedaperez\/files\/2017\/12\/jeff-sheldon-3228.jpg' data-bg-repeat='false' data-id='' style='display: none'><\/div><div class=\"gambit_fullheight_row\" data-content-location=\"center\" style=\"display: none\"><\/div>[\/vc_column][\/vc_row][vc_row][vc_column extend=&#8221;false&#8221;][vc_column_text]\n<h1><strong>El comienzo<\/strong><\/h1>\n<p>&nbsp;<\/p>\n<p>Hola, \u00bfqu\u00e9 tal? \u2014Yo me acerqu\u00e9, dije \u2014\u00bfBailamos?<\/p>\n<p>\u00bfQuieres bailar? Si no sabes ni c\u00f3mo me llamo\u2026<\/p>\n<p>En fin\u2026 yo me present\u00e9, y a fin de cuentas bail\u00e9<\/p>\n<p>Y comenc\u00e9 a conocerte.<\/p>\n<p>\u00bfC\u00f3mo yo iba a saber<\/p>\n<p>que poco tiempo despu\u00e9s<\/p>\n<p>t\u00fa ser\u00edas mi suerte?<\/p>\n<p>Y juro que intent\u00e9 huir\u2026<\/p>\n<p>yo escapaba de todo lo que fuera un poco profundo.<\/p>\n<p>No me pude resistir,<\/p>\n<p>pues supiste entregarme febreros a cada segundo.<\/p>\n<p>&nbsp;<\/p>\n<p>Despu\u00e9s de cerrarse mi puerta no se abri\u00f3 una nueva;<\/p>\n<p>simplemente derribaste mis muros, haciendo que mi coraz\u00f3n se saliera.<\/p>\n<p>Despu\u00e9s de tenerte conmigo todo me sabr\u00eda a poco,<\/p>\n<p>porque haces que me sienta importante y en paz en un mundo de locos.<\/p>\n<p>&nbsp;<\/p>\n<p>&nbsp;<\/p>\n<span class='bctt-click-to-tweet'><span class='bctt-ctt-text'><a href='https:\/\/x.com\/intent\/tweet?url=https%3A%2F%2Fclubdepoesia.com%2Falejandroojedaperez%2Fpoesia-de-alejandro-ojeda-perez%2F&#038;text=El%20comienzo%20del%20libro%20DE%20UNO%20A%20TRES%20PASANDO%20POR%20TI%20de%20ALEJANDRO%20OJEDA%20P%C3%89REZ&#038;via=poesiaerestu&#038;related=poesiaerestu' target='_blank'rel=\"noopener noreferrer\">El comienzo del libro DE UNO A TRES PASANDO POR TI de ALEJANDRO OJEDA P\u00c9REZ <\/a><\/span><a href='https:\/\/x.com\/intent\/tweet?url=https%3A%2F%2Fclubdepoesia.com%2Falejandroojedaperez%2Fpoesia-de-alejandro-ojeda-perez%2F&#038;text=El%20comienzo%20del%20libro%20DE%20UNO%20A%20TRES%20PASANDO%20POR%20TI%20de%20ALEJANDRO%20OJEDA%20P%C3%89REZ&#038;via=poesiaerestu&#038;related=poesiaerestu' target='_blank' class='bctt-ctt-btn'rel=\"noopener noreferrer\">Compartir en X<\/a><\/span>[\/vc_column_text][\/vc_column][\/vc_row][vc_row][vc_column extend=&#8221;false&#8221;]<div class='gambit_parallax_row' data-bg-align='' data-direction='fixed' data-opacity='100' data-velocity='-0.3' data-mobile-enabled='' data-bg-height='1080' data-bg-width='1439' data-bg-image='https:\/\/clubdepoesia.com\/alejandroojedaperez\/files\/2017\/12\/aaron-burden-64849-Medium.jpg' data-bg-repeat='false' data-id='' style='display: none'><\/div><div class=\"gambit_fullheight_row\" data-content-location=\"center\" style=\"display: none\"><\/div>[\/vc_column][\/vc_row][vc_row][vc_column extend=&#8221;false&#8221;][vc_column_text]<strong>El poema que te mereces<\/strong><\/p>\n<p>&nbsp;<\/p>\n<p>Como tantas veces,<\/p>\n<p>comenc\u00e9 a esculpir sentimientos<\/p>\n<p>con el cincel de las palabras;<\/p>\n<p>\u201cLo que venga contigo&#8230;\u201d<\/p>\n<p>No.<\/p>\n<p>Par\u00e9 en seco.<\/p>\n<p>Supe que el poema<\/p>\n<p>empezaba mal.<\/p>\n<p>Sonaba bien,<\/p>\n<p>pero no expresaba lo que sent\u00eda.<\/p>\n<p>Y entonces alguna musa<\/p>\n<p>me regal\u00f3 una coma,<\/p>\n<p>que me record\u00f3 a ti<\/p>\n<p>porque lleg\u00f3 sin esperarlo<\/p>\n<p>y en silencio lo cambi\u00f3 todo.<\/p>\n<p>Le dio sentido al poema como t\u00fa a mi vida,<\/p>\n<p>haci\u00e9ndolo todo m\u00e1s f\u00e1cil.<\/p>\n<p>Comprend\u00ed que a tu lado,<\/p>\n<p>no importaba el c\u00f3mo, cu\u00e1ndo, d\u00f3nde o por qu\u00e9.<\/p>\n<p>Lo importante eras t\u00fa.<\/p>\n<p>Y compuse el poema que te merec\u00edas:<\/p>\n<p>&nbsp;<\/p>\n<p>\u201cLo que venga, contigo\u201d.<\/p>\n<p>&nbsp;<\/p>\n<p>&nbsp;<\/p>\n<span class='bctt-click-to-tweet'><span class='bctt-ctt-text'><a href='https:\/\/x.com\/intent\/tweet?url=https%3A%2F%2Fclubdepoesia.com%2Falejandroojedaperez%2Fpoesia-de-alejandro-ojeda-perez%2F&#038;text=El%20poema%20que%20te%20mereces%20del%20libro%20De%20uno%20a%20tres%20pasando%20por%20ti%20de%20Alejandro%20Ojeda%20P%C3%A9rez&#038;via=poesiaerestu&#038;related=poesiaerestu' target='_blank'rel=\"noopener noreferrer\">El poema que te mereces del libro De uno a tres pasando por ti de Alejandro Ojeda P\u00e9rez <\/a><\/span><a href='https:\/\/x.com\/intent\/tweet?url=https%3A%2F%2Fclubdepoesia.com%2Falejandroojedaperez%2Fpoesia-de-alejandro-ojeda-perez%2F&#038;text=El%20poema%20que%20te%20mereces%20del%20libro%20De%20uno%20a%20tres%20pasando%20por%20ti%20de%20Alejandro%20Ojeda%20P%C3%A9rez&#038;via=poesiaerestu&#038;related=poesiaerestu' target='_blank' class='bctt-ctt-btn'rel=\"noopener noreferrer\">Compartir en X<\/a><\/span>[\/vc_column_text][\/vc_column][\/vc_row][vc_row][vc_column extend=&#8221;false&#8221;]<div class='gambit_parallax_row' data-bg-align='' data-direction='fixed' data-opacity='100' data-velocity='-0.3' data-mobile-enabled='' data-bg-height='1080' data-bg-width='1920' data-bg-image='https:\/\/clubdepoesia.com\/alejandroojedaperez\/files\/2017\/12\/258.jpg' data-bg-repeat='false' data-id='' style='display: none'><\/div><div class=\"gambit_fullheight_row\" data-content-location=\"center\" style=\"display: none\"><\/div>[\/vc_column][\/vc_row][vc_row][vc_column extend=&#8221;false&#8221;][vc_column_text]\n<h1>Peque\u00f1o gorri\u00f3n<\/h1>\n<p>&nbsp;<\/p>\n<p>Peque\u00f1o gorri\u00f3n, apareciste un d\u00eda entre mis sue\u00f1os.<br \/>\nCreces como un cicl\u00f3n,<br \/>\narrasas viejo, traes nuevo.<br \/>\nYo me dejo llevar por estas ganas de volar contigo,<br \/>\nya me conocer\u00e1s, no soy mejor que nadie\u2026 pero te quiero como a nadie he querido.<\/p>\n<p>Me traes todo lo que yo ped\u00ed,<br \/>\neres una locura.<br \/>\nTe mueves y bailas en su interior<br \/>\nal tambor de un coraz\u00f3n que late.<br \/>\nY todo lo que quiero<br \/>\nes disfrutar este momento,<br \/>\nno te veo pero s\u00e9<br \/>\nque eres lo m\u00e1s grande que pude tener.<\/p>\n<p>Cierro los ojos e intento imaginarte hasta que entiendo<br \/>\nqu\u00e9 eres especial, un ser nacido del<br \/>\namor sincero.<br \/>\nYo siempre intentar\u00e9 que creas en ti misma y tu destino<br \/>\nel que construir\u00e1s como t\u00fa quieras,<\/p>\n<p>yo te acompa\u00f1o por si te hago falta en el camino.<\/p>\n<span class='bctt-click-to-tweet'><span class='bctt-ctt-text'><a href='https:\/\/x.com\/intent\/tweet?url=https%3A%2F%2Fclubdepoesia.com%2Falejandroojedaperez%2Fpoesia-de-alejandro-ojeda-perez%2F&#038;text=PEQUE%C3%91O%20GORRI%C3%93N%20del%20libro%20De%20uno%20a%20tres%20pasando%20por%20ti%20de%20Alejandro%20Ojeda%20P%C3%A9rez&#038;via=poesiaerestu&#038;related=poesiaerestu' target='_blank'rel=\"noopener noreferrer\">PEQUE\u00d1O GORRI\u00d3N del libro De uno a tres pasando por ti de Alejandro Ojeda P\u00e9rez <\/a><\/span><a href='https:\/\/x.com\/intent\/tweet?url=https%3A%2F%2Fclubdepoesia.com%2Falejandroojedaperez%2Fpoesia-de-alejandro-ojeda-perez%2F&#038;text=PEQUE%C3%91O%20GORRI%C3%93N%20del%20libro%20De%20uno%20a%20tres%20pasando%20por%20ti%20de%20Alejandro%20Ojeda%20P%C3%A9rez&#038;via=poesiaerestu&#038;related=poesiaerestu' target='_blank' class='bctt-ctt-btn'rel=\"noopener noreferrer\">Compartir en X<\/a><\/span>[\/vc_column_text][\/vc_column][\/vc_row][vc_row][vc_column extend=&#8221;false&#8221;]<div class='gambit_parallax_row' data-bg-align='' data-direction='fixed' data-opacity='100' data-velocity='-0.3' data-mobile-enabled='' data-bg-height='1080' data-bg-width='1657' data-bg-image='https:\/\/clubdepoesia.com\/alejandroojedaperez\/files\/2017\/12\/196.jpg' data-bg-repeat='false' data-id='' style='display: none'><\/div><div class=\"gambit_fullheight_row\" data-content-location=\"center\" style=\"display: none\"><\/div>[\/vc_column][\/vc_row][vc_row][vc_column extend=&#8221;false&#8221;][vc_column_text]\n<h1>T\u00fa, su y mi coraz\u00f3n<\/h1>\n<p>&nbsp;<\/p>\n<p>D\u00e9jame perderme contigo en un mundo<br \/>\ndonde no exista m\u00e1s luz que t\u00fa mirar.<br \/>\nD\u00e9jame adorarte como nunca he hecho<br \/>\ny como no creo que lo haga jam\u00e1s.<br \/>\nD\u00e9jame ser rico en ganas de quererte,<br \/>\ny si quieres, pobre en todo lo dem\u00e1s.<br \/>\nYo no cambio ni un minuto en tu sonrisa<br \/>\npor estar lejos de ti una eternidad.<br \/>\nD\u00e9jame que me haga c\u00f3mplice contigo<br \/>\ndel misterio de la vida en su esplendor,<br \/>\nporque llegas dando espuela a mis latidos<br \/>\ny te haces parte de este amor de dos.<\/p>\n<p>Ni\u00f1a, cuando puedo arrullarte en mi regazo,<br \/>\nte juro que no hay calor, ni sol mejor<br \/>\nque el hilo musical de t\u00fa, su y mi coraz\u00f3n,<br \/>\nlatiendo al comp\u00e1s del amor.<\/p>\n<p>&nbsp;<\/p>\n<p>&nbsp;<\/p>\n<p>&nbsp;<\/p>\n<span class='bctt-click-to-tweet'><span class='bctt-ctt-text'><a href='https:\/\/x.com\/intent\/tweet?url=https%3A%2F%2Fclubdepoesia.com%2Falejandroojedaperez%2Fpoesia-de-alejandro-ojeda-perez%2F&#038;text=Tu%2C%20su%20y%20mi%20coraz%C3%B3n%20del%20libro%20De%20uno%20a%20tres%20pasando%20por%20ti%20de%20Alejandro%20Ojeda%20P%C3%A9rez&#038;via=poesiaerestu&#038;related=poesiaerestu' target='_blank'rel=\"noopener noreferrer\">Tu, su y mi coraz\u00f3n del libro De uno a tres pasando por ti de Alejandro Ojeda P\u00e9rez <\/a><\/span><a href='https:\/\/x.com\/intent\/tweet?url=https%3A%2F%2Fclubdepoesia.com%2Falejandroojedaperez%2Fpoesia-de-alejandro-ojeda-perez%2F&#038;text=Tu%2C%20su%20y%20mi%20coraz%C3%B3n%20del%20libro%20De%20uno%20a%20tres%20pasando%20por%20ti%20de%20Alejandro%20Ojeda%20P%C3%A9rez&#038;via=poesiaerestu&#038;related=poesiaerestu' target='_blank' class='bctt-ctt-btn'rel=\"noopener noreferrer\">Compartir en X<\/a><\/span>[\/vc_column_text][\/vc_column][\/vc_row][vc_row][vc_column extend=&#8221;false&#8221;]<div class='gambit_parallax_row' data-bg-align='' data-direction='fixed' data-opacity='100' data-velocity='-0.3' data-mobile-enabled='' data-bg-height='1080' data-bg-width='1620' data-bg-image='https:\/\/clubdepoesia.com\/alejandroojedaperez\/files\/2017\/12\/lysander-yuen-288916.jpg' data-bg-repeat='false' data-id='' style='display: none'><\/div><div class=\"gambit_fullheight_row\" data-content-location=\"center\" style=\"display: none\"><\/div>[\/vc_column][\/vc_row][vc_row][vc_column extend=&#8221;false&#8221;][vc_column_text]\n<h1>Reflexiones: sobre la verdad absoluta<\/h1>\n<p>&nbsp;<\/p>\n<p>Respondemos con una absoluta seguridad sobre<\/p>\n<p>cualquier tema,<\/p>\n<p>tenemos siempre una verdad.<\/p>\n<p>Nos posicionamos en un bando,<\/p>\n<p>y no nos sacar\u00e1n,<\/p>\n<p>pues cambiar ser\u00eda signo de debilidad.<\/p>\n<p>\u00bfQui\u00e9n cuadricul\u00f3 nuestras expectativas?<\/p>\n<p>\u00bfQui\u00e9n nos ha otorgado la verdad absoluta?<\/p>\n<p>\u00bfQui\u00e9n nos dio el poder de juzgar otros puntos de vista<\/p>\n<p>amurallando nuestra mente?<\/p>\n<p>\u00bfImpermeabiliz\u00e1ndola de lo dem\u00e1s?<\/p>\n<p>Tenemos que aprender a relativizar&#8230;<\/p>\n<p>tenemos que aprender que no hay verdad.<\/p>\n<p>&nbsp;<\/p>\n<span class='bctt-click-to-tweet'><span class='bctt-ctt-text'><a href='https:\/\/x.com\/intent\/tweet?url=https%3A%2F%2Fclubdepoesia.com%2Falejandroojedaperez%2Fpoesia-de-alejandro-ojeda-perez%2F&#038;text=Reflexiones%20sobre%20la%20verdad%20absoluta%20del%20libro%20De%20uno%20a%20tres%20pasando%20por%20ti%20de%20Alejandro%20Ojeda%20P%C3%A9rez&#038;via=poesiaerestu&#038;related=poesiaerestu' target='_blank'rel=\"noopener noreferrer\">Reflexiones sobre la verdad absoluta del libro De uno a tres pasando por ti de Alejandro Ojeda P\u00e9rez <\/a><\/span><a href='https:\/\/x.com\/intent\/tweet?url=https%3A%2F%2Fclubdepoesia.com%2Falejandroojedaperez%2Fpoesia-de-alejandro-ojeda-perez%2F&#038;text=Reflexiones%20sobre%20la%20verdad%20absoluta%20del%20libro%20De%20uno%20a%20tres%20pasando%20por%20ti%20de%20Alejandro%20Ojeda%20P%C3%A9rez&#038;via=poesiaerestu&#038;related=poesiaerestu' target='_blank' class='bctt-ctt-btn'rel=\"noopener noreferrer\">Compartir en X<\/a><\/span>[\/vc_column_text][\/vc_column][\/vc_row][vc_row][vc_column extend=&#8221;false&#8221;]<div class='gambit_parallax_row' data-bg-align='' data-direction='fixed' data-opacity='100' data-velocity='-0.3' data-mobile-enabled='' data-bg-height='5466' data-bg-width='3644' data-bg-image='https:\/\/clubdepoesia.com\/alejandroojedaperez\/files\/2017\/12\/98.jpg' data-bg-repeat='false' data-id='' style='display: none'><\/div><div class=\"gambit_fullheight_row\" data-content-location=\"center\" style=\"display: none\"><\/div>[\/vc_column][\/vc_row][vc_row][vc_column extend=&#8221;false&#8221;][vc_column_text css=&#8221;.vc_custom_1514031194837{margin-top: -30000px !important;}&#8221;]<span style=\"text-decoration: underline;\"><em><strong>Poes\u00eda del libro <a href=\"https:\/\/clubdepoesia.com\/alejandroojedaperez\/de-uno-a-tres-pasando-ti\/\">DE UNO A TRES PASANDO POR TI<\/a>. Lo que escrib\u00ed mientras llegabas de ALEJANDRO OJEDA P\u00c9REZ. El autor nos da una muestra tras <a href=\"http:\/\/poesiaerestu.com\">publicar un libro<\/a>.<\/strong><\/em><\/span><\/p>\n<h1><span style=\"text-decoration: underline;\"><em><strong><img fetchpriority=\"high\" decoding=\"async\" class=\"alignleft size-medium wp-image-85\" src=\"https:\/\/clubdepoesia.com\/alejandroojedaperez\/files\/2017\/12\/0_Portadadeunoatrespsandoporti-211x300.jpg\" alt=\"ALEJANDRO OJEDA P\u00c9REZ\u00a0es el escritor de DE UNO A TRES PASANDO POR TI. Lo que escrib\u00ed mientras llegabas. El poeta acaba de publicar un libro de poes\u00eda con la Editorial de Murcia Ediciones Azor\u00edn\" width=\"211\" height=\"300\" srcset=\"https:\/\/clubdepoesia.com\/alejandroojedaperez\/files\/2017\/12\/0_Portadadeunoatrespsandoporti-211x300.jpg 211w, https:\/\/clubdepoesia.com\/alejandroojedaperez\/files\/2017\/12\/0_Portadadeunoatrespsandoporti.jpg 559w\" sizes=\"(max-width: 211px) 100vw, 211px\" \/>DE UNO A TRES PASANDO POR TI. Lo que escrib\u00ed mientras llegabas de ALEJANDRO OJEDA P\u00c9REZ. El autor nos da una muestra tras <a href=\"https:\/\/agenciadellibro.com\">publicar un libro<\/a>.<\/strong><\/em><\/span><\/h1>\n<h2><span style=\"text-decoration: underline;\"><em><strong>DE UNO A TRES PASANDO POR TI. Lo que escrib\u00ed mientras llegabas de ALEJANDRO OJEDA P\u00c9REZ. El autor nos da una muestra tras <a href=\"http:\/\/edicionesmaniel.com\">publicar un libro<\/a>.<\/strong><\/em><\/span><\/h2>\n<h3><span style=\"text-decoration: underline;\"><em><strong>Poes\u00eda del libro DE UNO A TRES PASANDO POR TI. Lo que escrib\u00ed mientras llegabas de ALEJANDRO OJEDA P\u00c9REZ. El autor nos da una muestra tras <a href=\"http:\/\/edicionesrilke.com\">publicar un libro<\/a>.<\/strong><\/em><\/span><\/h3>\n<h4><span style=\"text-decoration: underline;\"><em><strong>Poes\u00eda del libro DE UNO A TRES PASANDO POR TI. Lo que escrib\u00ed mientras llegabas. El autor nos da una muestra tras <a href=\"http:\/\/edicionesazorin.com\">publicar un libro<\/a>.<\/strong><\/em><\/span><\/h4>\n[\/vc_column_text][\/vc_column][\/vc_row]\n<\/div>","protected":false},"excerpt":{"rendered":"<p>[vc_row][vc_column extend=&#8221;false&#8221;][vc_column_text css=&#8221;.vc_custom_1514031194837{margin-top: -30000px !important;}&#8221;]Poes\u00eda del libro DE UNO A TRES PASANDO POR TI. Lo que escrib\u00ed mientras llegabas de ALEJANDRO OJEDA P\u00c9REZ. El autor nos da una muestra tras publicar un libro. DE UNO A TRES PASANDO POR TI. Lo que escrib\u00ed mientras llegabas de ALEJANDRO OJEDA P\u00c9REZ. El autor nos da una muestra [&hellip;]<\/p>\n","protected":false},"author":24,"featured_media":0,"parent":0,"menu_order":3,"comment_status":"closed","ping_status":"closed","template":"","meta":{"footnotes":"","_links_to":"","_links_to_target":""},"class_list":["post-149","page","type-page","status-publish","hentry"],"_links":{"self":[{"href":"https:\/\/clubdepoesia.com\/alejandroojedaperez\/wp-json\/wp\/v2\/pages\/149","targetHints":{"allow":["GET"]}}],"collection":[{"href":"https:\/\/clubdepoesia.com\/alejandroojedaperez\/wp-json\/wp\/v2\/pages"}],"about":[{"href":"https:\/\/clubdepoesia.com\/alejandroojedaperez\/wp-json\/wp\/v2\/types\/page"}],"author":[{"embeddable":true,"href":"https:\/\/clubdepoesia.com\/alejandroojedaperez\/wp-json\/wp\/v2\/users\/24"}],"replies":[{"embeddable":true,"href":"https:\/\/clubdepoesia.com\/alejandroojedaperez\/wp-json\/wp\/v2\/comments?post=149"}],"version-history":[{"count":0,"href":"https:\/\/clubdepoesia.com\/alejandroojedaperez\/wp-json\/wp\/v2\/pages\/149\/revisions"}],"wp:attachment":[{"href":"https:\/\/clubdepoesia.com\/alejandroojedaperez\/wp-json\/wp\/v2\/media?parent=149"}],"curies":[{"name":"wp","href":"https:\/\/api.w.org\/{rel}","templated":true}]}}