{"id":3,"date":"2018-09-01T10:59:08","date_gmt":"2018-09-01T10:59:08","guid":{"rendered":"https:\/\/clubdepoesia.com\/alainyebra\/?page_id=3"},"modified":"2021-07-26T10:17:00","modified_gmt":"2021-07-26T10:17:00","slug":"alain-yebra-escritor","status":"publish","type":"page","link":"https:\/\/clubdepoesia.com\/alainyebra\/","title":{"rendered":"Escritor. Alain Yebra"},"content":{"rendered":"<div class=\"wpb-content-wrapper\">[vc_row][vc_column extend=&#8221;false&#8221;][layerslider_vc id=&#8221;1&#8243;][\/vc_column][\/vc_row][vc_row extend=&#8221;false&#8221; css_animation=&#8221;&#8221; bg_type=&#8221;&#8221; bg_grad=&#8221;&#8221; bg_color_value=&#8221;&#8221; parallax_style=&#8221;&#8221; bg_image_new=&#8221;&#8221; layer_image=&#8221;&#8221; bg_image_repeat=&#8221;&#8221; bg_image_size=&#8221;&#8221; bg_cstm_size=&#8221;&#8221; bg_img_attach=&#8221;&#8221; parallax_sense=&#8221;&#8221; bg_image_posiiton=&#8221;&#8221; animation_direction=&#8221;&#8221; animation_repeat=&#8221;&#8221; video_url=&#8221;&#8221; video_url_2=&#8221;&#8221; u_video_url=&#8221;&#8221; video_opts=&#8221;&#8221; video_poster=&#8221;&#8221; u_start_time=&#8221;&#8221; u_stop_time=&#8221;&#8221; viewport_vdo=&#8221;&#8221; enable_controls=&#8221;&#8221; controls_color=&#8221;&#8221; bg_override=&#8221;&#8221; disable_on_mobile_img_parallax=&#8221;&#8221; parallax_content=&#8221;&#8221; parallax_content_sense=&#8221;&#8221; fadeout_row=&#8221;&#8221; fadeout_start_effect=&#8221;&#8221; enable_overlay=&#8221;&#8221; overlay_color=&#8221;&#8221; overlay_pattern=&#8221;&#8221; overlay_pattern_opacity=&#8221;&#8221; overlay_pattern_size=&#8221;&#8221; overlay_pattern_attachment=&#8221;&#8221; multi_color_overlay=&#8221;uvc-multi-color-bg&#8221; multi_color_overlay_opacity=&#8221;&#8221; seperator_enable=&#8221;&#8221; seperator_type=&#8221;&#8221; seperator_position=&#8221;&#8221; seperator_shape_size=&#8221;&#8221; seperator_svg_height=&#8221;&#8221; seperator_shape_background=&#8221;&#8221; seperator_shape_border=&#8221;&#8221; seperator_shape_border_color=&#8221;&#8221; seperator_shape_border_width=&#8221;&#8221; icon_type=&#8221;&#8221; icon=&#8221;&#8221; icon_size=&#8221;&#8221; icon_color=&#8221;&#8221; icon_style=&#8221;&#8221; icon_color_bg=&#8221;&#8221; icon_border_style=&#8221;&#8221; icon_color_border=&#8221;&#8221; icon_border_size=&#8221;&#8221; icon_border_radius=&#8221;&#8221; icon_border_spacing=&#8221;&#8221; icon_img=&#8221;&#8221; img_width=&#8221;&#8221; ult_hide_row=&#8221;&#8221; ult_hide_row_large_screen=&#8221;&#8221; ult_hide_row_desktop=&#8221;&#8221; ult_hide_row_tablet=&#8221;&#8221; ult_hide_row_tablet_small=&#8221;&#8221; ult_hide_row_mobile=&#8221;&#8221; ult_hide_row_mobile_large=&#8221;&#8221; notification=&#8221;&#8221; full_width=&#8221;&#8221; equal_height=&#8221;&#8221; content_placement=&#8221;&#8221; design__empty_1=&#8221;&#8221; full_height=&#8221;&#8221; columns_placement=&#8221;top&#8221; background=&#8221;&#8221; background_image_type=&#8221;static&#8221; background_image__effect=&#8221;&#8221; bg_size=&#8221;initial&#8221; bg_position=&#8221;center-center&#8221; row_bg_image=&#8221;&#8221; bg_repeat=&#8221;no-repeat&#8221; background_image_type__bg_color=&#8221;rgba(255, 255, 255, 1)&#8221; row_bg_parallax_images=&#8221;&#8221; row_bg_slideshow_images=&#8221;&#8221; background_video_type=&#8221;youtube&#8221; background_video__youtube__url=&#8221;&#8221; background_video__youtube__parallax=&#8221;&#8221; background_video__youtube__options=&#8221;&#8221; background_video__youtube__fallback_image=&#8221;&#8221; background_video__hosted__mp4=&#8221;&#8221; background_video__hosted__webm=&#8221;&#8221; background_video__hosted__ogv=&#8221;&#8221; background_video__hosted__parallax=&#8221;&#8221; background_video__hosted__options=&#8221;&#8221; background_video__hosted__fallback_image=&#8221;&#8221; background_color_type=&#8221;color&#8221; bg__empty_1=&#8221;&#8221; background_color_type__gradient_color1=&#8221;rgba(44, 74, 228, 1)&#8221; background_color_type__gradient_color2=&#8221;rgba(44, 74, 228, 1)&#8221; background_color_type__color_color1=&#8221;rgba(44, 74, 228, 1)&#8221; bg__empty_2=&#8221;&#8221; background_color__effect=&#8221;&#8221; background_color__direction=&#8221;left-to-right&#8221; parallax=&#8221;&#8221; parallax_speed_bg=&#8221;1.5&#8243; parallax_image=&#8221;&#8221; video_bg=&#8221;&#8221; video_bg_url=&#8221;https:\/\/www.youtube.com\/watch?v=lMJXxhRFO1k&#8221; video_bg_parallax=&#8221;&#8221; el_id=&#8221;&#8221; gap=&#8221;0&#8243; disable_element=&#8221;&#8221; settings__tag_1=&#8221;&#8221; viewport_lg=&#8221;&#8221; viewport_md=&#8221;&#8221; viewport_sm=&#8221;&#8221; viewport_xs=&#8221;&#8221; settings__empty_1=&#8221;&#8221; el_class=&#8221;&#8221; version=&#8221;1&#8243; css=&#8221;&#8221;][vc_column extend=&#8221;false&#8221; width=&#8221;1\/2&#8243;]<div class=\"ult-content-box-container \" >\t\t<div class=\"ult-content-box\" style=\"background-color:rgba(255,255,255,0.49);box-shadow: px px 8px px #f2f2f2 none;border-style:none;-webkit-transition: all 700ms ease;-moz-transition: all 700ms ease;-ms-transition: all 700ms ease;-o-transition: all 700ms ease;transition: all 700ms ease;\"  data-hover_box_shadow=\"none\"     data-bg=\"rgba(255,255,255,0.49)\"  data-border_color=\"\" >[vc_column_text css=&#8221;.vc_custom_1535798856311{padding-top: 15% !important;padding-right: 15% !important;padding-bottom: 15% !important;padding-left: 15% !important;}&#8221;]Alain Yebra naci\u00f3 en Par\u00eds el 6 de agosto de 1975. Su tatarabuelo paterno, un marinero greco-hebraico, lleg\u00f3 a unas colonias de Le\u00f3n, Espa\u00f1a, donde se qued\u00f3 su descendencia, de or\u00edgenes tambi\u00e9n polacos y bercianos, hasta la guerra civil espa\u00f1ola: punto de partida de sus antepasados, refugiados pol\u00edticamente en Francia.<\/p>\n<p>En poes\u00eda, su debut se hizo a la adolescencia, sensibiliz\u00e1ndose escribiendo desde sus primeras emociones amorosas, y, con el paso del tiempo utilizando, por influencia de m\u00fasica rapera y de revelaciones como los libros de Aim\u00e9 C\u00e9saire, un estilo m\u00e1s c\u00e1lido y comprometido socialmente.<\/p>\n<p>Hasta el descubrimiento del concepto revelado aqu\u00ed: \u201cla rima hiperrealista\u201d que ha permitido al autor utilizar este fil\u00f3n hasta ahora desconocido. El concepto incre\u00edble le hizo creer en sus capacidades, su futuro, como garante en despertar por lo menos la curiosidad literaria de todo apasionado de poes\u00eda.<\/p>\n<p>&nbsp;<\/p>\n<p>&nbsp;<\/p>\n<span class='bctt-click-to-tweet'><span class='bctt-ctt-text'><a href='https:\/\/x.com\/intent\/tweet?url=https%3A%2F%2Fclubdepoesia.com%2Falainyebra%2F&#038;text=Alain%20Yebra.%20Escritor%20y%20poeta%20de%20Francia.&#038;related' target='_blank'rel=\"noopener noreferrer\">Alain Yebra. Escritor y poeta de Francia. <\/a><\/span><a href='https:\/\/x.com\/intent\/tweet?url=https%3A%2F%2Fclubdepoesia.com%2Falainyebra%2F&#038;text=Alain%20Yebra.%20Escritor%20y%20poeta%20de%20Francia.&#038;related' target='_blank' class='bctt-ctt-btn'rel=\"noopener noreferrer\">Compartir en X<\/a><\/span>[\/vc_column_text]\t\t<\/div><\/div>[\/vc_column][vc_column extend=&#8221;false&#8221; width=&#8221;1\/2&#8243;]<div class=\"gambit_fullheight_row\" data-content-location=\"center\" style=\"display: none\"><\/div><div id=\"rowvcpt-row-settings\" class=\"rowvcpt-row-set RowVcPt-row-setting69de214f4f3f7 \" data-no=\"RowVcPt-row-setting69de214f4f3f7\"><div  id=\"bgGallaryslide69de214f4f3fb\" class=\"rowvcpt-slideshow \"><\/div><script type=\"text\/javascript\">\n(function($) {\n$(\"#bgGallaryslide69de214f4f3fb\").vegas({\n        overlay: \"https:\/\/clubdepoesia.com\/alainyebra\/wp-content\/plugins\/ultimate-row-background\/css\/overlays\/0'.esc_attr(1.png).'\",\n        transitionDuration: 4e3,\n        delay: 7000,\n        slides: [{src: \"https:\/\/clubdepoesia.com\/alainyebra\/files\/2018\/09\/221.jpg\",transition: \"fade2\",transitionDuration: 5000},{src: \"https:\/\/clubdepoesia.com\/alainyebra\/files\/2018\/09\/231.jpg\",transition: \"fade2\",transitionDuration: 5000},{src: \"https:\/\/clubdepoesia.com\/alainyebra\/files\/2018\/09\/236.jpg\",transition: \"fade2\",transitionDuration: 5000},{src: \"https:\/\/clubdepoesia.com\/alainyebra\/files\/2018\/09\/233.jpg\",transition: \"fade2\",transitionDuration: 5000},{src: \"https:\/\/clubdepoesia.com\/alainyebra\/files\/2018\/09\/234.jpg\",transition: \"fade2\",transitionDuration: 5000},]\n    });\t\t\n})(jQuery);\n<\/script><div class=\"rowvcpt-overlay\" style=\"background:rgba(255,255,255,0.69)\"><\/div><\/div>[vc_single_image alignment=&#8221;center&#8221; image=&#8221;11&#8243; img_size=&#8221;full&#8221;][\/vc_column][\/vc_row][vc_row][vc_column extend=&#8221;false&#8221;]<div class=\"gambit_fullheight_row\" data-content-location=\"center\" style=\"display: none\"><\/div><div class='gambit_parallax_row' data-bg-align='' data-direction='fixed' data-opacity='100' data-velocity='-0.3' data-mobile-enabled='parallax-enable-mobile' data-bg-height='720' data-bg-width='480' data-bg-image='https:\/\/clubdepoesia.com\/alainyebra\/files\/2018\/09\/CAMPANERA2018Proporcion-Peque\u00f1o.jpg' data-bg-repeat='false' data-id='' style='display: none'><\/div>[\/vc_column][\/vc_row][vc_row][vc_column extend=&#8221;false&#8221;]<div class=\"gambit_fullheight_row\" data-content-location=\"center\" style=\"display: none\"><\/div><div id=\"rowvcpt-row-settings\" class=\"rowvcpt-row-set RowVcPt-row-setting69de214f50306 \" data-no=\"RowVcPt-row-setting69de214f50306\"><div  id=\"bgGallaryslide69de214f50309\" class=\"rowvcpt-slideshow \"><\/div><script type=\"text\/javascript\">\n(function($) {\n$(\"#bgGallaryslide69de214f50309\").vegas({\n        overlay: \"https:\/\/clubdepoesia.com\/alainyebra\/wp-content\/plugins\/ultimate-row-background\/css\/overlays\/0'.esc_attr(1.png).'\",\n        transitionDuration: 4e3,\n        delay: 7000,\n        slides: [{src: \"https:\/\/clubdepoesia.com\/alainyebra\/files\/2018\/09\/206.jpg\",transition: \"fade2\",transitionDuration: 5000},{src: \"https:\/\/clubdepoesia.com\/alainyebra\/files\/2018\/09\/219.jpg\",transition: \"fade2\",transitionDuration: 5000},{src: \"https:\/\/clubdepoesia.com\/alainyebra\/files\/2018\/09\/220.jpg\",transition: \"fade2\",transitionDuration: 5000},{src: \"https:\/\/clubdepoesia.com\/alainyebra\/files\/2018\/09\/232.jpg\",transition: \"fade2\",transitionDuration: 5000},{src: \"https:\/\/clubdepoesia.com\/alainyebra\/files\/2018\/09\/234.jpg\",transition: \"fade2\",transitionDuration: 5000},]\n    });\t\t\n})(jQuery);\n<\/script><div class=\"rowvcpt-overlay\" style=\"background:rgba(255,255,255,0.69)\"><\/div><\/div><div id=\"uvc-type-wrap-2963\"  data-ultimate-target='#uvc-type-wrap-2963'  data-responsive-json-new='{\"font-size\":\"\",\"line-height\":\"\"}'  class=\"uvc-type-wrap vc_custom_1535798889374 ult-adjust-bottom-margin ult-responsive  uvc-type-align-center uvc-type-no-prefix uvc-wrap-59832496369de214f50c41\" style=\"text-align:center;\"><span id=\"typed-59832496369de214f50c41\" class=\"ultimate-typed-main \" style=\" font-weight:bold; text-transform: unset;\"><\/span><script type=\"text\/javascript\">\n\t\t\t\t\t\tjQuery(function($){ \n\t\t\t\t\t\t\t$(document).ready(function(){\n\t\t\t\t\t\t\t\tif( typeof jQuery(\"#typed-59832496369de214f50c41\").typed == \"function\"){\n\t\t\t\t\t\t\t\t\t$(\"#typed-59832496369de214f50c41\").typed({\n\t\t\t\t\t\t\t\t\t\tstrings: [\"Desde la G\u00e9nesis de Ad\u00e1n y Eva, la era de Jes\u00fas y Mar\u00eda Magdalena, hasta nuestras \u00e9pocas, del amor a la moral vimos la bondad de muchos entrelazando a toda la humanidad, traicionada por la codicia de pocos.\",\"En contra partida: la zaborda del planeta, su pobreza, las enfermedades y dolores sin consuelos, la falta o escasez de alimentos y viviendas, por gran parte debidos a una falta de generosidad social en un mundo capitalista que se olvid\u00f3 del \u201cplus ultra\u201d despu\u00e9s de vilipendiarlo por sus ciudades de oro, sin reparaciones, dej\u00e1ndolo sin apoyo medicinal, nutricional, higi\u00e9nico, educacional, laboral, y falta de estructuras sociales, empresariales, nacionales \u2026 Sin contar las cat\u00e1strofes naturales y criminales, las guerras.\",\"La falta de recursos no debe ser la culpa, sino la actitud expectante, pasiva de los estados gobernativos que no paran de apretar las cadenas de los trabajadores con el empe\u00f1o y labor de sus sudores, sus esfuerzos, que mantienen la brasa de las cajas de estados, arrinconados a una vida de sobrevivencia o dureza laboral, aunque la recompensa salarial sea m\u00e1s o menos importante para ciertos y se vea un buen af\u00e1n, muchos eslabones del ayer que forjaron con rudeza el presente, se ven fuera de la cadena, de esa posibilidad de crecimiento.\",\"Hoy en d\u00eda, desde el estrecho de Gibraltar al Rio Bravo, los emigrantes ilegales buscan posibilidades laborales, refugios democr\u00e1ticos, a sabiendas que a cuenta de un s\u00f3lo sueldo de obrero en cualquier pa\u00eds desarrollado econ\u00f3micamente puede verse respaldada toda una familia y estar as\u00ed fuera de necesidad.\",\"Cabos sueltos de gran val\u00eda para los suyos. Actualmente con triterapia, la esperanza de vida de un seropositivo pas\u00f3 a decenas de a\u00f1os para los residentes en pa\u00edses desarrollados, con seguridad social. \u00bfPero cuanta gente morir\u00e1 en \u00c1frica, Asia o Am\u00e9rica del Sur por enfermedades sin medicaci\u00f3n para los a\u00f1os que vienen? Son m\u00e1s de 30 millones de contaminados sin triterapia.\",\"\u00bfQu\u00e9 hacer del juramento hipocr\u00e1tico, de los derechos humanos?\",\"\u00bfPor qu\u00e9 no investir aqu\u00ed como all\u00e1, dando la oportunidad de liberaci\u00f3n social y econ\u00f3mica a cada cual que la requiera?\",\"Con una recaudaci\u00f3n de todos los bienes estatales o internacionales en materia de ingresos, avalados para las necesidades mundiales, a beneficio de los indigentes, los necesitados, con retribuci\u00f3n a los trabajadores por el esfuerzo de actividad laboral, necesaria a la sociedad, ver\u00edamos el alivio de \u00e9sta consecuentemente.\",\"\u00c9ste es en parte el leitmotiv de esta obra, propugnando por un cierto comunismo capitalizado como pleito a la codicia de los estados gobernativos internacionales frente a la miseria social y los conflictos humanitarios. Adem\u00e1s de abordar temas que tratan de la juventud, la moralidad, la criminalidad, el bandidaje, y en gran parte del romanticismo amoroso, el matrimonio\u2026,\"],\n\t\t\t\t\t\t\t\t\t\ttypeSpeed: 35,\n\t\t\t\t\t\t\t\t\t\tbackSpeed: 0,\n\t\t\t\t\t\t\t\t\t\tstartDelay: \"200\",\n\t\t\t\t\t\t\t\t\t\tbackDelay: \"1500\",\n\t\t\t\t\t\t\t\t\t\tloop: true,\n\t\t\t\t\t\t\t\t\t\tloopCount: false,\n\t\t\t\t\t\t\t\t\t\tshowCursor: true,\n\t\t\t\t\t\t\t\t\t\tcursorChar: \"|\",\n\t\t\t\t\t\t\t\t\t\tattr: null\n\t\t\t\t\t\t\t\t\t});\n\t\t\t\t\t\t\t\t}\n\t\t\t\t\t\t\t});\n\t\t\t\t\t\t});\n\t\t\t\t\t<\/script><\/div>[\/vc_column][\/vc_row][vc_row][vc_column extend=&#8221;false&#8221;]<div class=\"gambit_fullheight_row\" data-content-location=\"center\" style=\"display: none\"><\/div><div class='gambit_parallax_row' data-bg-align='' data-direction='fixed' data-opacity='50' data-velocity='-0.3' data-mobile-enabled='parallax-enable-mobile' data-bg-height='720' data-bg-width='480' data-bg-image='https:\/\/clubdepoesia.com\/alainyebra\/files\/2018\/09\/CAMPANERA2018Proporcion-Peque\u00f1o.jpg' data-bg-repeat='false' data-id='' style='display: none'><\/div>[vc_column_text]\n<p style=\"text-align: center;\"><a class=\"fasc-button fasc-size-xlarge fasc-type-glossy fasc-rounded-medium fasc-style-bold\" style=\"background-color: #339e5a; color: #ffffff;\" target=\"_blank\" rel=\"noopener\" href=\"https:\/\/librodepoesia.com\/autor\/alain-yebra\/\">COMPRA SUS LIBROS<\/a><\/p>\n[\/vc_column_text][\/vc_column][\/vc_row][vc_row][vc_column extend=&#8221;false&#8221; width=&#8221;1\/1&#8243;][vc_column_text]<span style=\"font-size: 8pt;\">Esta p\u00e1gina web est\u00e1 realizada por el GRUPO EDITORIAL P\u00c9REZ-AYALA para el escritor Alain Yebra por haber publicado un libro en una de las siguientes <a href=\"https:\/\/editorialesdepoesia.com\">editoriales de poes\u00eda<\/a>: <a href=\"https:\/\/poesiaerestu.com\">Editorial Poes\u00eda eres t\u00fa<\/a>, <a href=\"https:\/\/edicionesrilke.com\">Ediciones Rilke<\/a>, <a href=\"https:\/\/edicionesazorin.com\">Ediciones Azor\u00edn<\/a>. Contamos tambi\u00e9n con editoriales de narrativa como <a href=\"https:\/\/edicionesamaniel.com\">Ediciones Amaniel<\/a> y una editorial de autoedici\u00f3n como la <a href=\"https:\/\/agenciadellibro.com\">Editorial Agencia del libro<\/a>.<\/span><\/p>\n<p>&nbsp;<\/p>\n<p><span style=\"font-size: 8pt;\">Informaci\u00f3n tras publicar un libro: La Revuelta de Alain Yebra con la editorial de poes\u00eda Editorial Poes\u00eda eres t\u00fa.<\/span><\/p>\n<p><span style=\"font-size: 8pt;\">Alain Yebra logra publicar un libro de poes\u00eda, La Revuelta, tras un proceso de selecci\u00f3n de obras con la Editorial Poes\u00eda eres t\u00fa.<\/span><\/p>\n<p>&nbsp;<\/p>\n<p><span style=\"font-size: 8pt;\">Todos los derechos del libro La Revuelta pertenecen a Alain Yebra tras publicar un libro con la Editorial Poes\u00eda eres t\u00fa.<\/span><\/p>\n<p>&nbsp;<\/p>\n<p><span style=\"font-size: 8pt;\">Publicar un libro de poes\u00eda como La Revuelta de Alain Yebra es posible gracias al trabajo de todo el equipo de la Editorial Poes\u00eda eres t\u00fa.<\/span><\/p>\n<p>&nbsp;<\/p>\n<p><span style=\"font-size: 8pt;\">Toda la promoci\u00f3n del libro La Revuelta la puedes ver en la p\u00e1gina de la Editorial Poes\u00eda eres t\u00fa y en la web que la editorial la hace a Alain Yebra tras publicar un libro.<\/span><\/p>\n<p>&nbsp;<\/p>\n<p><span style=\"font-size: 8pt;\">Alain Yebra agradece a la Editorial Poes\u00eda eres t\u00fa y la Agencia del libro por facilitar el trabajo de <a href=\"https:\/\/agenciadellibro.com\">publicar un libro<\/a>: La Revuelta.<\/span><\/p>\n<p>&nbsp;<\/p>\n<p><span style=\"font-size: 8pt;\">La Editorial Poes\u00eda eres t\u00fa y Alain Yebra agradecen la colaboraci\u00f3n de los poetas, que han conseguido publicar un libro, y lectores del libro La Revuelta por su colaboraci\u00f3n en la promoci\u00f3n y difusi\u00f3n de la obra.<\/span>[\/vc_column_text][\/vc_column][\/vc_row]\n<\/div>","protected":false},"excerpt":{"rendered":"<p>[vc_row][vc_column extend=&#8221;false&#8221;][layerslider_vc id=&#8221;1&#8243;][\/vc_column][\/vc_row][vc_row extend=&#8221;false&#8221; css_animation=&#8221;&#8221; bg_type=&#8221;&#8221; bg_grad=&#8221;&#8221; bg_color_value=&#8221;&#8221; parallax_style=&#8221;&#8221; bg_image_new=&#8221;&#8221; layer_image=&#8221;&#8221; bg_image_repeat=&#8221;&#8221; bg_image_size=&#8221;&#8221; bg_cstm_size=&#8221;&#8221; bg_img_attach=&#8221;&#8221; parallax_sense=&#8221;&#8221; bg_image_posiiton=&#8221;&#8221; animation_direction=&#8221;&#8221; animation_repeat=&#8221;&#8221; video_url=&#8221;&#8221; video_url_2=&#8221;&#8221; u_video_url=&#8221;&#8221; video_opts=&#8221;&#8221; video_poster=&#8221;&#8221; u_start_time=&#8221;&#8221; u_stop_time=&#8221;&#8221; viewport_vdo=&#8221;&#8221; enable_controls=&#8221;&#8221; controls_color=&#8221;&#8221; bg_override=&#8221;&#8221; disable_on_mobile_img_parallax=&#8221;&#8221; parallax_content=&#8221;&#8221; parallax_content_sense=&#8221;&#8221; fadeout_row=&#8221;&#8221; fadeout_start_effect=&#8221;&#8221; enable_overlay=&#8221;&#8221; overlay_color=&#8221;&#8221; overlay_pattern=&#8221;&#8221; overlay_pattern_opacity=&#8221;&#8221; overlay_pattern_size=&#8221;&#8221; overlay_pattern_attachment=&#8221;&#8221; multi_color_overlay=&#8221;uvc-multi-color-bg&#8221; multi_color_overlay_opacity=&#8221;&#8221; seperator_enable=&#8221;&#8221; seperator_type=&#8221;&#8221; seperator_position=&#8221;&#8221; seperator_shape_size=&#8221;&#8221; seperator_svg_height=&#8221;&#8221; seperator_shape_background=&#8221;&#8221; seperator_shape_border=&#8221;&#8221; seperator_shape_border_color=&#8221;&#8221; seperator_shape_border_width=&#8221;&#8221; icon_type=&#8221;&#8221; icon=&#8221;&#8221; icon_size=&#8221;&#8221; [&hellip;]<\/p>\n","protected":false},"author":24,"featured_media":0,"parent":0,"menu_order":0,"comment_status":"closed","ping_status":"closed","template":"","meta":{"footnotes":"","_links_to":"","_links_to_target":""},"class_list":["post-3","page","type-page","status-publish","hentry"],"_links":{"self":[{"href":"https:\/\/clubdepoesia.com\/alainyebra\/wp-json\/wp\/v2\/pages\/3","targetHints":{"allow":["GET"]}}],"collection":[{"href":"https:\/\/clubdepoesia.com\/alainyebra\/wp-json\/wp\/v2\/pages"}],"about":[{"href":"https:\/\/clubdepoesia.com\/alainyebra\/wp-json\/wp\/v2\/types\/page"}],"author":[{"embeddable":true,"href":"https:\/\/clubdepoesia.com\/alainyebra\/wp-json\/wp\/v2\/users\/24"}],"replies":[{"embeddable":true,"href":"https:\/\/clubdepoesia.com\/alainyebra\/wp-json\/wp\/v2\/comments?post=3"}],"version-history":[{"count":0,"href":"https:\/\/clubdepoesia.com\/alainyebra\/wp-json\/wp\/v2\/pages\/3\/revisions"}],"wp:attachment":[{"href":"https:\/\/clubdepoesia.com\/alainyebra\/wp-json\/wp\/v2\/media?parent=3"}],"curies":[{"name":"wp","href":"https:\/\/api.w.org\/{rel}","templated":true}]}}